000
CDUS43 KGLD 160052
CLIGLD

CLIMATE REPORT
NATIONAL WEATHER SERVICE GOODLAND
650 PM MDT WED JUL 15 2015

...................................

...THE GOODLAND KS CLIMATE SUMMARY FOR JULY 15 2015...
VALID TODAY AS OF 0600 PM LOCAL TIME.

CLIMATE NORMAL PERIOD 1981 TO 2010
CLIMATE RECORD PERIOD 1895 TO 2015

WEATHER ITEM   OBSERVED TIME   RECORD YEAR NORMAL DEPARTURE LAST
                VALUE   (LST)  VALUE       VALUE  FROM      YEAR
                                                  NORMAL
..................................................................
TEMPERATURE (F)
 TODAY
  MAXIMUM         87    345 PM 106    1925  91     -4       69
  MINIMUM         64    315 AM  52    1990  62      2       54
                                      1912
  AVERAGE         76                        76      0       62

PRECIPITATION (IN)
  TODAY            0.00          1.80 1992   0.12  -0.12     0.01
  MONTH TO DATE    0.43                      1.67  -1.24     1.41
  SINCE JUN 1      2.74                      4.92  -2.18     6.94
  SINCE JAN 1     14.53                     11.40   3.13    10.48

SNOWFALL (IN)
  TODAY            0.0                       0.0    0.0      0.0
  MONTH TO DATE    0.0                       0.0    0.0      0.0
  SINCE JUN 1      0.0                       0.0    0.0      0.0
  SINCE JUL 1      0.0                       0.0    0.0      0.0
  SNOW DEPTH       0

DEGREE DAYS
 HEATING
  TODAY            0                         0      0        3
  MONTH TO DATE    1                         0      1        3
  SINCE JUN 1      6                        37    -31       41
  SINCE JUL 1      1                         0      1        3

 COOLING
  TODAY           11                        11      0        0
  MONTH TO DATE  154                       158     -4      140
  SINCE JUN 1    396                       337     59      289
  SINCE JAN 1    402                       378     24      335
..................................................................

WIND (MPH)
  HIGHEST WIND SPEED    15   HIGHEST WIND DIRECTION     W (280)
  HIGHEST GUST SPEED    20   HIGHEST GUST DIRECTION     N (360)
  AVERAGE WIND SPEED     4.6


SKY COVER
  AVERAGE SKY COVER 0.5


WEATHER CONDITIONS
 THE FOLLOWING WEATHER WAS RECORDED TODAY.
  FOG


RELATIVE HUMIDITY (PERCENT)
 HIGHEST   100           200 AM
 LOWEST     40           400 PM
 AVERAGE    70

..........................................................


THE GOODLAND KS CLIMATE NORMALS FOR TOMORROW
                         NORMAL    RECORD    YEAR
 MAXIMUM TEMPERATURE (F)   90       107      1934
 MINIMUM TEMPERATURE (F)   62        50      1917
                                             1895


SUNRISE AND SUNSET
JULY 15 2015..........SUNRISE   532 AM MDT   SUNSET   813 PM MDT
JULY 16 2015..........SUNRISE   533 AM MDT   SUNSET   812 PM MDT


-  INDICATES NEGATIVE NUMBERS.
R  INDICATES RECORD WAS SET OR TIED.
MM INDICATES DATA IS MISSING.
T  INDICATES TRACE AMOUNT.

&&

THE AVERAGE SOIL TEMPERATURE AT THE FOUR INCH DEPTH... 81

$$
