000
CDUS43 KGLD 040754
CLIGLD

CLIMATE REPORT
NATIONAL WEATHER SERVICE GOODLAND
152 AM MDT FRI AUG 4 2017

...................................

...THE GOODLAND KS CLIMATE SUMMARY FOR AUGUST 3 2017...

CLIMATE NORMAL PERIOD 1981 TO 2010
CLIMATE RECORD PERIOD 1895 TO 2017

WEATHER ITEM   OBSERVED TIME   RECORD YEAR NORMAL DEPARTURE LAST
                VALUE   (LST)  VALUE       VALUE  FROM      YEAR
                                                  NORMAL
..................................................................
TEMPERATURE (F)
 YESTERDAY
  MAXIMUM         75    403 PM 106    1916  89    -14       96
  MINIMUM         56    539 AM  44    1974  62     -6       64
  AVERAGE         66                        75     -9       80

PRECIPITATION (IN)
  YESTERDAY        T             1.29 1992   0.10  -0.10     0.00
  MONTH TO DATE    T                         0.32  -0.32     0.00
  SINCE JUN 1      7.82                      7.04   0.78     4.37
  SINCE JAN 1     20.21                     13.52   6.69    11.73

SNOWFALL (IN)
  YESTERDAY        0.0                       0.0    0.0      0.0
  MONTH TO DATE    0.0                       0.0    0.0      0.0
  SINCE JUN 1      T                         0.0    0.0      0.0
  SINCE JUL 1      0.0                       0.0    0.0      0.0
  SNOW DEPTH       0

DEGREE DAYS
 HEATING
  YESTERDAY        0                         0      0        0
  MONTH TO DATE    0                         0      0        0
  SINCE JUN 1     13                        41    -28        2
  SINCE JUL 1      0                         4     -4        0

 COOLING
  YESTERDAY        1                        10     -9       15
  MONTH TO DATE   16                        32    -16       43
  SINCE JUN 1    607                       545     62      734
  SINCE JAN 1    645                       586     59      758
..................................................................

WIND (MPH)
  HIGHEST WIND SPEED    20   HIGHEST WIND DIRECTION     N (350)
  HIGHEST GUST SPEED    23   HIGHEST GUST DIRECTION     N (360)
  AVERAGE WIND SPEED     9.5


SKY COVER
  AVERAGE SKY COVER 0.4


WEATHER CONDITIONS
 THE FOLLOWING WEATHER WAS RECORDED YESTERDAY.
  NO SIGNIFICANT WEATHER WAS OBSERVED.


RELATIVE HUMIDITY (PERCENT)
 HIGHEST   100
 LOWEST     46
 AVERAGE    73

..........................................................


THE GOODLAND KS CLIMATE NORMALS FOR TODAY
                         NORMAL    RECORD    YEAR
 MAXIMUM TEMPERATURE (F)   89       104      1934
 MINIMUM TEMPERATURE (F)   62        47      1974


SUNRISE AND SUNSET
AUGUST  4 2017........SUNRISE   550 AM MDT   SUNSET   755 PM MDT
AUGUST  5 2017........SUNRISE   551 AM MDT   SUNSET   754 PM MDT


-  INDICATES NEGATIVE NUMBERS.
R  INDICATES RECORD WAS SET OR TIED.
MM INDICATES DATA IS MISSING.
T  INDICATES TRACE AMOUNT.

&&

THE AVERAGE SOIL TEMPERATURE AT THE FOUR INCH DEPTH... 73

$$
