000
CDUS43 KGLD 110738
CLIGLD

CLIMATE REPORT
NATIONAL WEATHER SERVICE GOODLAND
136 AM MDT MON JUL 11 2016

...................................

...THE GOODLAND KS CLIMATE SUMMARY FOR JULY 10 2016...

CLIMATE NORMAL PERIOD 1981 TO 2010
CLIMATE RECORD PERIOD 1895 TO 2016

WEATHER ITEM   OBSERVED TIME   RECORD YEAR NORMAL DEPARTURE LAST
                VALUE   (LST)  VALUE       VALUE  FROM      YEAR
                                                  NORMAL
..................................................................
TEMPERATURE (F)
 YESTERDAY
  MAXIMUM        101    334 PM 107    1954  90     11       91
  MINIMUM         67    430 AM  47    1895  61      6       60
  AVERAGE         84                        76      8       76

PRECIPITATION (IN)
  YESTERDAY        0.00          2.17 1918   0.12  -0.12     0.00
  MONTH TO DATE    0.69                      1.10  -0.41     0.30
  SINCE JUN 1      2.31                      4.35  -2.04     2.61
  SINCE JAN 1      9.67                     10.83  -1.16    14.40

SNOWFALL (IN)
  YESTERDAY        0.0                       0.0    0.0      0.0
  MONTH TO DATE    0.0                       0.0    0.0      0.0
  SINCE JUN 1      0.0                       0.0    0.0      0.0
  SINCE JUL 1      0.0                       0.0    0.0      0.0
  SNOW DEPTH       0

DEGREE DAYS
 HEATING
  YESTERDAY        0                         0      0        0
  MONTH TO DATE    0                         0      0        1
  SINCE JUN 1      2                        37    -35        6
  SINCE JUL 1      0                         0      0        1

 COOLING
  YESTERDAY       19                        11      8       11
  MONTH TO DATE  125                       103     22       82
  SINCE JUN 1    414                       282    132      324
  SINCE JAN 1    438                       323    115      330
..................................................................

WIND (MPH)
  HIGHEST WIND SPEED    28   HIGHEST WIND DIRECTION     S (170)
  HIGHEST GUST SPEED    36   HIGHEST GUST DIRECTION     S (170)
  AVERAGE WIND SPEED    17.3


SKY COVER
  AVERAGE SKY COVER 0.0


WEATHER CONDITIONS
 THE FOLLOWING WEATHER WAS RECORDED YESTERDAY.
  NO SIGNIFICANT WEATHER WAS OBSERVED.


RELATIVE HUMIDITY (PERCENT)
 HIGHEST    87
 LOWEST     21
 AVERAGE    54

..........................................................


THE GOODLAND KS CLIMATE NORMALS FOR TODAY
                         NORMAL    RECORD    YEAR
 MAXIMUM TEMPERATURE (F)   90       108      1954
 MINIMUM TEMPERATURE (F)   61        40      1895


SUNRISE AND SUNSET
JULY 11 2016..........SUNRISE   530 AM MDT   SUNSET   814 PM MDT
JULY 12 2016..........SUNRISE   531 AM MDT   SUNSET   814 PM MDT


-  INDICATES NEGATIVE NUMBERS.
R  INDICATES RECORD WAS SET OR TIED.
MM INDICATES DATA IS MISSING.
T  INDICATES TRACE AMOUNT.

&&

THE AVERAGE SOIL TEMPERATURE AT THE FOUR INCH DEPTH... 79

$$
