000
CDUS43 KGLD 080737
CLIGLD

CLIMATE REPORT
NATIONAL WEATHER SERVICE GOODLAND
136 AM MDT WED OCT 8 2014

...................................

...THE GOODLAND KS CLIMATE SUMMARY FOR OCTOBER 7 2014...

CLIMATE NORMAL PERIOD 1981 TO 2010
CLIMATE RECORD PERIOD 1895 TO 2014

WEATHER ITEM   OBSERVED TIME   RECORD YEAR NORMAL DEPARTURE LAST
                VALUE   (LST)  VALUE       VALUE  FROM      YEAR
                                                  NORMAL
..................................................................
TEMPERATURE (F)
 YESTERDAY
  MAXIMUM         80    315 PM  95    1934  70     10       79
  MINIMUM         48    603 AM  13    1952  41      7       39
  AVERAGE         64                        55      9       59

PRECIPITATION (IN)
  YESTERDAY        0.00          0.71 1946   0.04  -0.04     0.00
  MONTH TO DATE    0.01                      0.33  -0.32      T
  SINCE SEP 1      2.05                      1.55   0.50     6.49
  SINCE JAN 1     15.95                     17.45  -1.50    15.28

SNOWFALL (IN)
  YESTERDAY        0.0                       0.0    0.0      0.0
  MONTH TO DATE    0.0                       0.2   -0.2      0.0
  SINCE SEP 1      T                         0.6   -0.6      0.0
  SINCE JUL 1      T                         0.6   -0.6      0.0
  SNOW DEPTH       0

DEGREE DAYS
 HEATING
  YESTERDAY        1                        10     -9        6
  MONTH TO DATE   54                        64    -10       70
  SINCE SEP 1    154                       176    -22      117
  SINCE JUL 1    167                       188    -21      124

 COOLING
  YESTERDAY        0                         0      0        0
  MONTH TO DATE    0                         5     -5        0
  SINCE SEP 1    117                       105     12      183
  SINCE JAN 1    919                       938    -19     1181
..................................................................

WIND (MPH)
  HIGHEST WIND SPEED    15   HIGHEST WIND DIRECTION    NW (330)
  HIGHEST GUST SPEED    20   HIGHEST GUST DIRECTION     N (350)
  AVERAGE WIND SPEED     7.9


SKY COVER
  AVERAGE SKY COVER 0.0


WEATHER CONDITIONS
THE FOLLOWING WEATHER WAS RECORDED YESTERDAY.
  HAZE


RELATIVE HUMIDITY (PERCENT)
 HIGHEST    80
 LOWEST     27
 AVERAGE    54

..........................................................


THE GOODLAND KS CLIMATE NORMALS FOR TODAY
                         NORMAL    RECORD    YEAR
 MAXIMUM TEMPERATURE (F)   69        91      1910
 MINIMUM TEMPERATURE (F)   40        20      2000


SUNRISE AND SUNSET
OCTOBER  8 2014.......SUNRISE   650 AM MDT   SUNSET   618 PM MDT
OCTOBER  9 2014.......SUNRISE   651 AM MDT   SUNSET   617 PM MDT


-  INDICATES NEGATIVE NUMBERS.
R  INDICATES RECORD WAS SET OR TIED.
MM INDICATES DATA IS MISSING.
T  INDICATES TRACE AMOUNT.

&&

THE AVERAGE SOIL TEMPERATURE AT THE FOUR INCH DEPTH... 59

$$
