000
CDUS43 KGLD 020739
CLIGLD

CLIMATE REPORT
NATIONAL WEATHER SERVICE GOODLAND
136 AM MDT FRI JUN 2 2017

...................................

...THE GOODLAND KS CLIMATE SUMMARY FOR JUNE 1 2017...

CLIMATE NORMAL PERIOD 1981 TO 2010
CLIMATE RECORD PERIOD 1895 TO 2017

WEATHER ITEM   OBSERVED TIME   RECORD YEAR NORMAL DEPARTURE LAST
                VALUE   (LST)  VALUE       VALUE  FROM      YEAR
                                                  NORMAL
..................................................................
TEMPERATURE (F)
 YESTERDAY
  MAXIMUM         84    358 PM 106    2002  78      6       75
  MINIMUM         48    414 AM  34    1917  51     -3       50
  AVERAGE         66                        65      1       63

PRECIPITATION (IN)
  YESTERDAY        0.00          1.48 2003   0.11  -0.11     0.00
  MONTH TO DATE    0.00                      0.11  -0.11     0.00
  SINCE JUN 1      0.00                      0.11  -0.11     0.00
  SINCE JAN 1     12.39                      6.59   5.80     7.36

SNOWFALL (IN)
  YESTERDAY        0.0                       0.0    0.0      0.0
  MONTH TO DATE    0.0                       0.0    0.0      0.0
  SINCE JUN 1      0.0                       0.0    0.0      0.0
  SINCE JUL 1     14.2                      35.5  -21.3     30.1
  SNOW DEPTH       0

DEGREE DAYS
 HEATING
  YESTERDAY        0                         3     -3        2
  MONTH TO DATE    0                         3     -3        2
  SINCE JUN 1      0                         3     -3        2
  SINCE JUL 1   5118                      5869   -751     5131

 COOLING
  YESTERDAY        1                         3     -2        0
  MONTH TO DATE    1                         3     -2        0
  SINCE JUN 1      1                         3     -2        0
  SINCE JAN 1     39                        44     -5       24
..................................................................

WIND (MPH)
  HIGHEST WIND SPEED    26   HIGHEST WIND DIRECTION     W (250)
  HIGHEST GUST SPEED    29   HIGHEST GUST DIRECTION    NW (330)
  AVERAGE WIND SPEED    12.7


SKY COVER
  AVERAGE SKY COVER 0.2


WEATHER CONDITIONS
 THE FOLLOWING WEATHER WAS RECORDED YESTERDAY.
  FOG


RELATIVE HUMIDITY (PERCENT)
 HIGHEST   100
 LOWEST     34
 AVERAGE    67

..........................................................


THE GOODLAND KS CLIMATE NORMALS FOR TODAY
                         NORMAL    RECORD    YEAR
 MAXIMUM TEMPERATURE (F)   79       106      2002
 MINIMUM TEMPERATURE (F)   52        31      1951


SUNRISE AND SUNSET
JUNE  2 2017..........SUNRISE   521 AM MDT   SUNSET   809 PM MDT
JUNE  3 2017..........SUNRISE   521 AM MDT   SUNSET   809 PM MDT


-  INDICATES NEGATIVE NUMBERS.
R  INDICATES RECORD WAS SET OR TIED.
MM INDICATES DATA IS MISSING.
T  INDICATES TRACE AMOUNT.

&&

THE AVERAGE SOIL TEMPERATURE AT THE FOUR INCH DEPTH... 64

$$
