000
CDUS43 KGLD 220744
CLIGLD

CLIMATE REPORT
NATIONAL WEATHER SERVICE GOODLAND
142 AM MDT TUE APR 22 2014

...................................

...THE GOODLAND KS CLIMATE SUMMARY FOR APRIL 21 2014...

CLIMATE NORMAL PERIOD 1981 TO 2010
CLIMATE RECORD PERIOD 1895 TO 2014

WEATHER ITEM   OBSERVED TIME   RECORD YEAR NORMAL DEPARTURE LAST
                VALUE   (LST)  VALUE       VALUE  FROM      YEAR
                                                  NORMAL
..................................................................
TEMPERATURE (F)
 YESTERDAY
  MAXIMUM         71    326 PM  93    1989  65      6       68
  MINIMUM         42   1159 PM  20    1931  36      6       34
                                      1907
  AVERAGE         57                        51      6       51

PRECIPITATION (IN)
  YESTERDAY        0.00          0.75 1933   0.06  -0.06      T
  MONTH TO DATE    0.20                      1.02  -0.82     0.29
  SINCE MAR 1      0.62                      2.09  -1.47     1.74
  SINCE JAN 1      1.56                      2.96  -1.40     2.59

SNOWFALL (IN)
  YESTERDAY        0.0                       0.1   -0.1      0.0
  MONTH TO DATE    0.4                       3.5   -3.1      3.5
  SINCE MAR 1      3.9                      10.3   -6.4     23.3
  SINCE JUL 1     29.1                      34.3   -5.2     46.5
  SNOW DEPTH       0

DEGREE DAYS
 HEATING
  YESTERDAY        8                        14     -6       14
  MONTH TO DATE  341                       365    -24      491
  SINCE MAR 1   1109                      1123    -14     1334
  SINCE JUL 1   5653                      5540    113     5621

 COOLING
  YESTERDAY        0                         0      0        0
  MONTH TO DATE    1                         0      1        0
  SINCE MAR 1      1                         0      1        0
  SINCE JAN 1      1                         0      1        0
..................................................................

WIND (MPH)
  HIGHEST WIND SPEED    23   HIGHEST WIND DIRECTION     N (20)
  HIGHEST GUST SPEED    30   HIGHEST GUST DIRECTION    NE (30)
  AVERAGE WIND SPEED    12.2


SKY COVER
  AVERAGE SKY COVER 0.0


WEATHER CONDITIONS
 THE FOLLOWING WEATHER WAS RECORDED YESTERDAY.
  NO SIGNIFICANT WEATHER WAS OBSERVED.


RELATIVE HUMIDITY (PERCENT)
 HIGHEST    93
 LOWEST     20
 AVERAGE    57

..........................................................


THE GOODLAND KS CLIMATE NORMALS FOR TODAY
                         NORMAL    RECORD    YEAR
 MAXIMUM TEMPERATURE (F)   66        96      1989
 MINIMUM TEMPERATURE (F)   37        22      1982


SUNRISE AND SUNSET
APRIL 22 2014.........SUNRISE   600 AM MDT   SUNSET   731 PM MDT
APRIL 23 2014.........SUNRISE   558 AM MDT   SUNSET   732 PM MDT


-  INDICATES NEGATIVE NUMBERS.
R  INDICATES RECORD WAS SET OR TIED.
MM INDICATES DATA IS MISSING.
T  INDICATES TRACE AMOUNT.

&&

THE AVERAGE SOIL TEMPERATURE AT THE FOUR INCH DEPTH... 54

$$
