000
CDUS43 KGLD 270745
CLIGLD

CLIMATE REPORT
NATIONAL WEATHER SERVICE GOODLAND
1241 AM MST FRI FEB 27 2015

...................................

...THE GOODLAND KS CLIMATE SUMMARY FOR FEBRUARY 26 2015...

CLIMATE NORMAL PERIOD 1981 TO 2010
CLIMATE RECORD PERIOD 1895 TO 2015

WEATHER ITEM   OBSERVED TIME   RECORD YEAR NORMAL DEPARTURE LAST
                VALUE   (LST)  VALUE       VALUE  FROM      YEAR
                                                  NORMAL
..................................................................
TEMPERATURE (F)
 YESTERDAY
  MAXIMUM         21    131 PM  71    1896  49    -28       44
  MINIMUM         13   1156 PM  -6    1960  22     -9       -3
  AVERAGE         17                        35    -18       21

PRECIPITATION (IN)
  YESTERDAY        T             0.41 1915   0.02  -0.02     0.00
  MONTH TO DATE    0.74                      0.45   0.29     0.37
  SINCE DEC 1      2.48                      1.29   1.19     0.99
  SINCE JAN 1      1.02                      0.83   0.19     0.94

SNOWFALL (IN)
  YESTERDAY        T                         0.2   -0.2      0.0
  MONTH TO DATE    8.7                       5.1    3.6      8.8
  SINCE DEC 1     20.8                      16.5    4.3     20.9
  SINCE JUL 1     21.0                      23.7   -2.7     25.2
  SNOW DEPTH       T

DEGREE DAYS
 HEATING
  YESTERDAY       48                        30     18       44
  MONTH TO DATE  783                       857    -74     1046
  SINCE DEC 1   2858                      3041   -183     3216
  SINCE JUL 1   4113                      4360   -247     4489

 COOLING
  YESTERDAY        0                         0      0        0
  MONTH TO DATE    0                         0      0        0
  SINCE DEC 1      0                         0      0        0
  SINCE JAN 1      0                         0      0        0
..................................................................

WIND (MPH)
  HIGHEST WIND SPEED    21   HIGHEST WIND DIRECTION     N (10)
  HIGHEST GUST SPEED    25   HIGHEST GUST DIRECTION     N (10)
  AVERAGE WIND SPEED     9.9

SKY COVER
  AVERAGE SKY COVER 1.0

WEATHER CONDITIONS
 THE FOLLOWING WEATHER WAS RECORDED YESTERDAY.
  LIGHT SNOW
  HAZE

RELATIVE HUMIDITY (PERCENT)
 HIGHEST    80
 LOWEST     54
 AVERAGE    67

..........................................................

THE GOODLAND KS CLIMATE NORMALS FOR TODAY
                         NORMAL    RECORD    YEAR
 MAXIMUM TEMPERATURE (F)   49        74      2006
 MINIMUM TEMPERATURE (F)   22        -9      1962

SUNRISE AND SUNSET
FEBRUARY 27 2015......SUNRISE   623 AM MST   SUNSET   537 PM MST
FEBRUARY 28 2015......SUNRISE   621 AM MST   SUNSET   538 PM MST

-  INDICATES NEGATIVE NUMBERS.
R  INDICATES RECORD WAS SET OR TIED.
MM INDICATES DATA IS MISSING.
T  INDICATES TRACE AMOUNT.

&&

THE AVERAGE SOIL TEMPERATURE AT THE FOUR INCH DEPTH... 33
THE CURRENT DEPTH OF FROST... 3 INCHES

$$
