000
CDUS43 KGLD 060037
CLIGLD

CLIMATE REPORT
NATIONAL WEATHER SERVICE GOODLAND
636 PM MDT TUE APR 5 2016

...................................

...THE GOODLAND KS CLIMATE SUMMARY FOR APRIL 5 2016...
VALID TODAY AS OF 0600 PM LOCAL TIME.

CLIMATE NORMAL PERIOD 1981 TO 2010
CLIMATE RECORD PERIOD 1895 TO 2016

WEATHER ITEM   OBSERVED TIME   RECORD YEAR NORMAL DEPARTURE LAST
                VALUE   (LST)  VALUE       VALUE  FROM      YEAR
                                                  NORMAL
..................................................................
TEMPERATURE (F)
 TODAY
  MAXIMUM         77   1149 AM  86    1932  60     17       76
  MINIMUM         43    450 PM  18    1945  31     12       32
  AVERAGE         60                        46     14       54

PRECIPITATION (IN)
  TODAY            0.07          0.64 1951   0.05   0.02     0.00
  MONTH TO DATE    0.07                      0.21  -0.14     0.57
  SINCE MAR 1      0.62                      1.28  -0.66     0.68
  SINCE JAN 1      1.48                      2.15  -0.67     1.76

SNOWFALL (IN)
  TODAY            0.0                       0.2   -0.2      0.0
  MONTH TO DATE    0.0                       1.1   -1.1      2.0
  SINCE MAR 1      4.4                       7.9   -3.5      2.6
  SINCE JUL 1     27.8                      31.9   -4.1     24.7
  SNOW DEPTH       0

DEGREE DAYS
 HEATING
  TODAY            5                        19    -14       11
  MONTH TO DATE   67                        98    -31       69
  SINCE MAR 1    672                       856   -184      634
  SINCE JUL 1   4518                      5273   -755     4849

 COOLING
  TODAY            0                         0      0        0
  MONTH TO DATE    0                         0      0        0
  SINCE MAR 1      0                         0      0        0
  SINCE JAN 1      0                         0      0        0
..................................................................

WIND (MPH)
  HIGHEST WIND SPEED    43   HIGHEST WIND DIRECTION    NW (330)
  HIGHEST GUST SPEED    49   HIGHEST GUST DIRECTION    NW (330)
  AVERAGE WIND SPEED    17.5


SKY COVER
  AVERAGE SKY COVER 0.2


WEATHER CONDITIONS
 THE FOLLOWING WEATHER WAS RECORDED TODAY.
  RAIN
  LIGHT RAIN
  FOG


RELATIVE HUMIDITY (PERCENT)
 HIGHEST    56           300 AM
 LOWEST     18          1200 PM
 AVERAGE    37

..........................................................


THE GOODLAND KS CLIMATE NORMALS FOR TOMORROW
                         NORMAL    RECORD    YEAR
 MAXIMUM TEMPERATURE (F)   61        88      1991
 MINIMUM TEMPERATURE (F)   32         8      1936


SUNRISE AND SUNSET
APRIL  5 2016.........SUNRISE   624 AM MDT   SUNSET   715 PM MDT
APRIL  6 2016.........SUNRISE   623 AM MDT   SUNSET   716 PM MDT


-  INDICATES NEGATIVE NUMBERS.
R  INDICATES RECORD WAS SET OR TIED.
MM INDICATES DATA IS MISSING.
T  INDICATES TRACE AMOUNT.

&&

THE AVERAGE SOIL TEMPERATURE AT THE FOUR INCH DEPTH... 55

$$
