000
CDUS43 KGLD 070724
CLIGLD

CLIMATE REPORT
NATIONAL WEATHER SERVICE GOODLAND
124 AM MDT THU AUG 7 2014

...................................

...THE GOODLAND KS CLIMATE SUMMARY FOR AUGUST 6 2014...

CLIMATE NORMAL PERIOD 1981 TO 2010
CLIMATE RECORD PERIOD 1895 TO 2014

WEATHER ITEM   OBSERVED TIME   RECORD YEAR NORMAL DEPARTURE LAST
                VALUE   (LST)  VALUE       VALUE  FROM      YEAR
                                                  NORMAL
..................................................................
TEMPERATURE (F)
 YESTERDAY
  MAXIMUM         93    228 PM 108    1970  89      4       86
  MINIMUM         63    435 AM  42    1974  62      1       62
  AVERAGE         78                        75      3       74

PRECIPITATION (IN)
  YESTERDAY        0.00          1.71 1997   0.11  -0.11     0.00
  MONTH TO DATE    0.05                      0.64  -0.59     0.05
  SINCE JUN 1      7.65                      7.36   0.29     3.54
  SINCE JAN 1     11.19                     13.84  -2.65     7.90

SNOWFALL (IN)
  YESTERDAY        0.0                       0.0    0.0      0.0
  MONTH TO DATE    0.0                       0.0    0.0      0.0
  SINCE JUN 1      0.0                       0.0    0.0      0.0
  SINCE JUL 1      0.0                       0.0    0.0      0.0
  SNOW DEPTH       0

DEGREE DAYS
 HEATING
  YESTERDAY        0                         0      0        0
  MONTH TO DATE    0                         0      0        0
  SINCE JUN 1     51                        41     10       38
  SINCE JUL 1     13                         4      9        7

 COOLING
  YESTERDAY       13                        10      3        9
  MONTH TO DATE   67                        62      5       70
  SINCE JUN 1    519                       575    -56      651
  SINCE JAN 1    565                       616    -51      740
..................................................................

WIND (MPH)
  HIGHEST WIND SPEED    18   HIGHEST WIND DIRECTION    NE (40)
  HIGHEST GUST SPEED    25   HIGHEST GUST DIRECTION    NE (30)
  AVERAGE WIND SPEED     8.0


SKY COVER
  AVERAGE SKY COVER 0.0


WEATHER CONDITIONS
 THE FOLLOWING WEATHER WAS RECORDED YESTERDAY.
  NO SIGNIFICANT WEATHER WAS OBSERVED.


RELATIVE HUMIDITY (PERCENT)
 HIGHEST    87
 LOWEST     24
 AVERAGE    56

..........................................................


THE GOODLAND KS CLIMATE NORMALS FOR TODAY
                         NORMAL    RECORD    YEAR
 MAXIMUM TEMPERATURE (F)   89       105      1938
                                             1935
                                             1934
 MINIMUM TEMPERATURE (F)   62        48      1990


SUNRISE AND SUNSET
AUGUST  7 2014........SUNRISE   552 AM MDT   SUNSET   752 PM MDT
AUGUST  8 2014........SUNRISE   553 AM MDT   SUNSET   751 PM MDT


-  INDICATES NEGATIVE NUMBERS.
R  INDICATES RECORD WAS SET OR TIED.
MM INDICATES DATA IS MISSING.
T  INDICATES TRACE AMOUNT.

&&

THE AVERAGE SOIL TEMPERATURE AT THE FOUR INCH DEPTH... 74

$$
