000
CDUS43 KGLD 080042
CLIGLD

CLIMATE REPORT
NATIONAL WEATHER SERVICE GOODLAND
640 PM MDT SAT MAY 7 2016
...................................

...THE GOODLAND KS CLIMATE SUMMARY FOR MAY 7 2016...
VALID TODAY AS OF 0600 PM LOCAL TIME.

CLIMATE NORMAL PERIOD 1981 TO 2010
CLIMATE RECORD PERIOD 1895 TO 2016

WEATHER ITEM   OBSERVED TIME   RECORD YEAR NORMAL DEPARTURE LAST
                VALUE   (LST)  VALUE       VALUE  FROM      YEAR
                                                  NORMAL
..................................................................
TEMPERATURE (F)
 TODAY
  MAXIMUM         80    354 PM  95    1966  70     10       69
                                      1962
                                      1934
  MINIMUM         54    524 AM  27    1917  43     11       49
  AVERAGE         67                        56     11       59

PRECIPITATION (IN)
  TODAY            0.01          0.99 1952   0.08  -0.07     0.06
  MONTH TO DATE    0.03                      0.53  -0.50     0.85
  SINCE MAR 1      4.57                      3.19   1.38     5.80
  SINCE JAN 1      5.43                      4.06   1.37     6.88

SNOWFALL (IN)
  TODAY            0.0                       0.1   -0.1      0.0
  MONTH TO DATE    T                         0.3   -0.3      0.0
  SINCE MAR 1      6.7                      11.3   -4.6      2.6
  SINCE JUL 1     30.1                      35.3   -5.2     24.7
  SNOW DEPTH       0

DEGREE DAYS
 HEATING
  TODAY            0                         9     -9        6
  MONTH TO DATE   60                        71    -11       31
  SINCE MAR 1   1100                      1309   -209      992
  SINCE JUL 1   4946                      5726   -780     5207

 COOLING
  TODAY            2                         1      1        0
  MONTH TO DATE    8                         5      3        2
  SINCE MAR 1      8                         9     -1        2
  SINCE JAN 1      8                         9     -1        2
..................................................................

WIND (MPH)
  HIGHEST WIND SPEED    30   HIGHEST WIND DIRECTION     S (160)
  HIGHEST GUST SPEED    37   HIGHEST GUST DIRECTION     S (160)
  AVERAGE WIND SPEED    13.9


SKY COVER
  AVERAGE SKY COVER 0.0


WEATHER CONDITIONS
 THE FOLLOWING WEATHER WAS RECORDED TODAY.
  THUNDERSTORM
  LIGHT RAIN


RELATIVE HUMIDITY (PERCENT)
 HIGHEST    83           500 AM
 LOWEST     28           400 PM
 AVERAGE    56

..........................................................


THE GOODLAND KS CLIMATE NORMALS FOR TOMORROW
                         NORMAL    RECORD    YEAR
 MAXIMUM TEMPERATURE (F)   71        96      1934
 MINIMUM TEMPERATURE (F)   43        25      1917


SUNRISE AND SUNSET
MAY  7 2016...........SUNRISE   541 AM MDT   SUNSET   747 PM MDT
MAY  8 2016...........SUNRISE   539 AM MDT   SUNSET   748 PM MDT


-  INDICATES NEGATIVE NUMBERS.
R  INDICATES RECORD WAS SET OR TIED.
MM INDICATES DATA IS MISSING.
T  INDICATES TRACE AMOUNT.

&&

THE AVERAGE SOIL TEMPERATURE AT THE FOUR INCH DEPTH... 64

$$
