000
CDUS43 KGLD 160751
CLIGLD

CLIMATE REPORT
NATIONAL WEATHER SERVICE GOODLAND
1242 AM MST FRI JAN 16 2015

...................................

...THE GOODLAND KS CLIMATE SUMMARY FOR JANUARY 15 2015...

CLIMATE NORMAL PERIOD 1981 TO 2010
CLIMATE RECORD PERIOD 1895 TO 2015

WEATHER ITEM   OBSERVED TIME   RECORD YEAR NORMAL DEPARTURE LAST
                VALUE   (LST)  VALUE       VALUE  FROM      YEAR
                                                  NORMAL
..................................................................
TEMPERATURE (F)
 YESTERDAY
  MAXIMUM         51    249 PM  68    1943  43      8       59
  MINIMUM         23    602 AM  -6    2007  17      6       24
                                      1930
  AVERAGE         37                        30      7       42

PRECIPITATION (IN)
  YESTERDAY        0.00          0.27 1978   0.01  -0.01     0.00
  MONTH TO DATE    0.07                      0.17  -0.10     0.12
  SINCE DEC 1      1.53                      0.63   0.90     0.17
  SINCE JAN 1      0.07                      0.17  -0.10     0.12

SNOWFALL (IN)
  YESTERDAY        0.0                       0.2   -0.2      0.0
  MONTH TO DATE    1.0                       2.7   -1.7      3.1
  SINCE DEC 1     10.7                       8.2    2.5      5.6
  SINCE JUL 1     10.9                      15.4   -4.5      9.9
  SNOW DEPTH       0

DEGREE DAYS
 HEATING
  YESTERDAY       28                        35     -7       23
  MONTH TO DATE  630                       527    103      524
  SINCE DEC 1   1689                      1615     74     1617
  SINCE JUL 1   2944                      2934     10     2890

 COOLING
  YESTERDAY        0                         0      0        0
  MONTH TO DATE    0                         0      0        0
  SINCE DEC 1      0                         0      0        0
  SINCE JAN 1      0                         0      0        0
..................................................................

WIND (MPH)
  HIGHEST WIND SPEED    17   HIGHEST WIND DIRECTION    NW (300)
  HIGHEST GUST SPEED    21   HIGHEST GUST DIRECTION    SW (240)
  AVERAGE WIND SPEED    11.2


SKY COVER
  AVERAGE SKY COVER 0.0


WEATHER CONDITIONS
 THE FOLLOWING WEATHER WAS RECORDED YESTERDAY.
  NO SIGNIFICANT WEATHER WAS OBSERVED.


RELATIVE HUMIDITY (PERCENT)
 HIGHEST    88
 LOWEST     32
 AVERAGE    60

..........................................................


THE GOODLAND KS CLIMATE NORMALS FOR TODAY
                         NORMAL    RECORD    YEAR
 MAXIMUM TEMPERATURE (F)   42        65      1951
 MINIMUM TEMPERATURE (F)   17       -11      1930


SUNRISE AND SUNSET
JANUARY 16 2015.......SUNRISE   705 AM MST   SUNSET   449 PM MST
JANUARY 17 2015.......SUNRISE   704 AM MST   SUNSET   450 PM MST


-  INDICATES NEGATIVE NUMBERS.
R  INDICATES RECORD WAS SET OR TIED.
MM INDICATES DATA IS MISSING.
T  INDICATES TRACE AMOUNT.

&&

THE AVERAGE SOIL TEMPERATURE AT THE FOUR INCH DEPTH... 30
THE CURRENT DEPTH OF FROST... 18 INCHES

$$
