571
CDUS43 KGLD 080737
CLIGLD

CLIMATE REPORT
NATIONAL WEATHER SERVICE GOODLAND
136 AM MDT SUN OCT 8 2017

...................................

...THE GOODLAND KS CLIMATE SUMMARY FOR OCTOBER 7 2017...

CLIMATE NORMAL PERIOD 1981 TO 2010
CLIMATE RECORD PERIOD 1895 TO 2017

WEATHER ITEM   OBSERVED TIME   RECORD YEAR NORMAL DEPARTURE LAST
                VALUE   (LST)  VALUE       VALUE  FROM      YEAR
                                                  NORMAL
..................................................................
TEMPERATURE (F)
 YESTERDAY
  MAXIMUM         78    231 PM  95    1934  70      8       67
  MINIMUM         43    508 AM  13    1952  41      2       30
  AVERAGE         61                        55      6       49

PRECIPITATION (IN)
  YESTERDAY        0.00          0.71 1946   0.04  -0.04     0.00
  MONTH TO DATE    0.39                      0.33   0.06      T
  SINCE SEP 1      4.24                      1.55   2.69     2.49
  SINCE JAN 1     26.20                     17.45   8.75    16.53

SNOWFALL (IN)
  YESTERDAY        0.0                       0.0    0.0      0.0
  MONTH TO DATE    0.0                       0.2   -0.2      0.0
  SINCE SEP 1      0.0                       0.6   -0.6       T
  SINCE JUL 1      T                         0.6   -0.6       T
  SNOW DEPTH       0

DEGREE DAYS
 HEATING
  YESTERDAY        4                        10     -6       16
  MONTH TO DATE   44                        64    -20       67
  SINCE SEP 1    152                       176    -24      125
  SINCE JUL 1    152                       188    -36      132

 COOLING
  YESTERDAY        0                         0      0        0
  MONTH TO DATE    0                         5     -5        6
  SINCE SEP 1    139                       105     34      128
  SINCE JAN 1    958                       938     20     1077
..................................................................

WIND (MPH)
  HIGHEST WIND SPEED    20   HIGHEST WIND DIRECTION    NW (300)
  HIGHEST GUST SPEED    25   HIGHEST GUST DIRECTION     W (290)
  AVERAGE WIND SPEED    13.1


SKY COVER
  AVERAGE SKY COVER 0.0


WEATHER CONDITIONS
 THE FOLLOWING WEATHER WAS RECORDED YESTERDAY.
  NO SIGNIFICANT WEATHER WAS OBSERVED.


RELATIVE HUMIDITY (PERCENT)
 HIGHEST    76
 LOWEST     20
 AVERAGE    48

..........................................................


THE GOODLAND KS CLIMATE NORMALS FOR TODAY
                         NORMAL    RECORD    YEAR
 MAXIMUM TEMPERATURE (F)   69        91      1910
 MINIMUM TEMPERATURE (F)   40        20      2000


SUNRISE AND SUNSET
OCTOBER  8 2017.......SUNRISE   650 AM MDT   SUNSET   618 PM MDT
OCTOBER  9 2017.......SUNRISE   651 AM MDT   SUNSET   616 PM MDT


-  INDICATES NEGATIVE NUMBERS.
R  INDICATES RECORD WAS SET OR TIED.
MM INDICATES DATA IS MISSING.
T  INDICATES TRACE AMOUNT.

&&

THE AVERAGE SOIL TEMPERATURE AT THE FOUR INCH DEPTH... 59

$$
