000
CDUS43 KGLD 260744
CLIGLD

CLIMATE REPORT
NATIONAL WEATHER SERVICE GOODLAND
1239 AM MST WED NOV 26 2014

...................................

...THE GOODLAND KS CLIMATE SUMMARY FOR NOVEMBER 25 2014...

CLIMATE NORMAL PERIOD 1981 TO 2010
CLIMATE RECORD PERIOD 1895 TO 2014

WEATHER ITEM   OBSERVED TIME   RECORD YEAR NORMAL DEPARTURE LAST
                VALUE   (LST)  VALUE       VALUE  FROM      YEAR
                                                  NORMAL
..................................................................
TEMPERATURE (F)
 YESTERDAY
  MAXIMUM         51    234 PM  77    1960  48      3       45
  MINIMUM         20    643 AM  -1    1993  22     -2       14
                                      1975
  AVERAGE         36                        35      1       30

PRECIPITATION (IN)
  YESTERDAY        0.02          0.44 1978   0.02   0.00     0.00
  MONTH TO DATE    0.02                      0.62  -0.60     0.17
  SINCE SEP 1      2.51                      3.21  -0.70     7.90
  SINCE JAN 1     16.41                     19.11  -2.70    16.69

SNOWFALL (IN)
  YESTERDAY        T                         0.2   -0.2      0.0
  MONTH TO DATE    0.2                       3.7   -3.5      0.3
  SINCE SEP 1      0.2                       6.3   -6.1      4.3
  SINCE JUL 1      0.2                       6.3   -6.1      4.3
  SNOW DEPTH       0

DEGREE DAYS
 HEATING
  YESTERDAY       29                        30     -1       35
  MONTH TO DATE  712                       620     92      621
  SINCE SEP 1   1127                      1148    -21     1125
  SINCE JUL 1   1140                      1160    -20     1132

 COOLING
  YESTERDAY        0                         0      0        0
  MONTH TO DATE    0                         0      0        0
  SINCE SEP 1    118                       108     10      183
  SINCE JAN 1    920                       941    -21     1181
..................................................................

WIND (MPH)
  HIGHEST WIND SPEED    26   HIGHEST WIND DIRECTION    SW (220)
  HIGHEST GUST SPEED    38   HIGHEST GUST DIRECTION    SW (210)
  AVERAGE WIND SPEED    13.9


SKY COVER
  AVERAGE SKY COVER 0.5


WEATHER CONDITIONS
 THE FOLLOWING WEATHER WAS RECORDED YESTERDAY.
  LIGHT RAIN
  LIGHT SNOW


RELATIVE HUMIDITY (PERCENT)
 HIGHEST   100
 LOWEST     19
 AVERAGE    60

..........................................................


THE GOODLAND KS CLIMATE NORMALS FOR TODAY
                         NORMAL    RECORD    YEAR
 MAXIMUM TEMPERATURE (F)   47        72      1998
                                             1995
                                             1960
 MINIMUM TEMPERATURE (F)   21        -7      1952


SUNRISE AND SUNSET
NOVEMBER 26 2014......SUNRISE   643 AM MST   SUNSET   425 PM MST
NOVEMBER 27 2014......SUNRISE   644 AM MST   SUNSET   425 PM MST


-  INDICATES NEGATIVE NUMBERS.
R  INDICATES RECORD WAS SET OR TIED.
MM INDICATES DATA IS MISSING.
T  INDICATES TRACE AMOUNT.

&&

THE AVERAGE SOIL TEMPERATURE AT THE FOUR INCH DEPTH... 38
THE CURRENT DEPTH OF FROST... 0 INCHES

$$
