000
CDUS43 KGLD 240737
CLIGLD

CLIMATE REPORT
NATIONAL WEATHER SERVICE GOODLAND
135 AM MDT WED MAY 24 2017

...................................

...THE GOODLAND KS CLIMATE SUMMARY FOR MAY 23 2017...

CLIMATE NORMAL PERIOD 1981 TO 2010
CLIMATE RECORD PERIOD 1895 TO 2017

WEATHER ITEM   OBSERVED TIME   RECORD YEAR NORMAL DEPARTURE LAST
                VALUE   (LST)  VALUE       VALUE  FROM      YEAR
                                                  NORMAL
..................................................................
TEMPERATURE (F)
 YESTERDAY
  MAXIMUM         62   1233 PM  96    2000  75    -13       77
  MINIMUM         38   1159 PM  36    1930  48    -10       51
  AVERAGE         50                        62    -12       64

PRECIPITATION (IN)
  YESTERDAY        T             3.00 1909   0.11  -0.11     0.00
  MONTH TO DATE    5.46                      2.04   3.42     1.07
  SINCE MAR 1      9.26                      4.70   4.56     5.61
  SINCE JAN 1     10.19                      5.57   4.62     6.47

SNOWFALL (IN)
  YESTERDAY        0.0                       0.0    0.0      0.0
  MONTH TO DATE    T                         0.5   -0.5       T
  SINCE MAR 1      4.8                      11.5   -6.7      6.7
  SINCE JUL 1     14.2                      35.5  -21.3     30.1
  SNOW DEPTH       0

DEGREE DAYS
 HEATING
  YESTERDAY       15                         5     10        1
  MONTH TO DATE  192                       180     12      221
  SINCE MAR 1   1203                      1418   -215     1261
  SINCE JUL 1   5088                      5835   -747     5107

 COOLING
  YESTERDAY        0                         2     -2        0
  MONTH TO DATE   25                        23      2       20
  SINCE MAR 1     32                        27      5       20
  SINCE JAN 1     32                        27      5       20
..................................................................

WIND (MPH)
  HIGHEST WIND SPEED    29   HIGHEST WIND DIRECTION     N (340)
  HIGHEST GUST SPEED    37   HIGHEST GUST DIRECTION     N (340)
  AVERAGE WIND SPEED    14.7


SKY COVER
  AVERAGE SKY COVER 0.4


WEATHER CONDITIONS
 THE FOLLOWING WEATHER WAS RECORDED YESTERDAY.
  NO SIGNIFICANT WEATHER WAS OBSERVED.


RELATIVE HUMIDITY (PERCENT)
 HIGHEST    93
 LOWEST     40
 AVERAGE    67

..........................................................


THE GOODLAND KS CLIMATE NORMALS FOR TODAY
                         NORMAL    RECORD    YEAR
 MAXIMUM TEMPERATURE (F)   75        96      1911
 MINIMUM TEMPERATURE (F)   49        34      2002


SUNRISE AND SUNSET
MAY 24 2017...........SUNRISE   526 AM MDT   SUNSET   802 PM MDT
MAY 25 2017...........SUNRISE   525 AM MDT   SUNSET   803 PM MDT


-  INDICATES NEGATIVE NUMBERS.
R  INDICATES RECORD WAS SET OR TIED.
MM INDICATES DATA IS MISSING.
T  INDICATES TRACE AMOUNT.

&&

THE AVERAGE SOIL TEMPERATURE AT THE FOUR INCH DEPTH... 57

$$
