000
CDUS43 KGLD 260812
CLIGLD

CLIMATE REPORT
NATIONAL WEATHER SERVICE GOODLAND
107 AM MST THU FEB 26 2015

...................................

...THE GOODLAND KS CLIMATE SUMMARY FOR FEBRUARY 25 2015...

CLIMATE NORMAL PERIOD 1981 TO 2010
CLIMATE RECORD PERIOD 1895 TO 2015

WEATHER ITEM   OBSERVED TIME   RECORD YEAR NORMAL DEPARTURE LAST
                VALUE   (LST)  VALUE       VALUE  FROM      YEAR
                                                  NORMAL
..................................................................
TEMPERATURE (F)
 YESTERDAY
  MAXIMUM         45   1133 AM  75    1989  48     -3       18
                                      1986
  MINIMUM         18   1159 PM -19    1960  22     -4       -1
  AVERAGE         32                        35     -3        9

PRECIPITATION (IN)
  YESTERDAY        0.01          0.50 1912   0.02  -0.01     0.07
  MONTH TO DATE    0.74                      0.43   0.31     0.37
  SINCE DEC 1      2.48                      1.27   1.21     0.99
  SINCE JAN 1      1.02                      0.81   0.21     0.94

SNOWFALL (IN)
  YESTERDAY        0.0                       0.2   -0.2      1.5
  MONTH TO DATE    8.7                       4.9    3.8      8.8
  SINCE DEC 1     20.8                      16.3    4.5     20.9
  SINCE JUL 1     21.0                      23.5   -2.5     25.2
  SNOW DEPTH       3

DEGREE DAYS
 HEATING
  YESTERDAY       33                        30      3       56
  MONTH TO DATE  735                       827    -92     1002
  SINCE DEC 1   2810                      3011   -201     3172
  SINCE JUL 1   4065                      4330   -265     4445

 COOLING
  YESTERDAY        0                         0      0        0
  MONTH TO DATE    0                         0      0        0
  SINCE DEC 1      0                         0      0        0
  SINCE JAN 1      0                         0      0        0
..................................................................

WIND (MPH)
  HIGHEST WIND SPEED    29   HIGHEST WIND DIRECTION     N (20)
  HIGHEST GUST SPEED    34   HIGHEST GUST DIRECTION     N (350)
  AVERAGE WIND SPEED    16.7

SKY COVER
  AVERAGE SKY COVER 0.6

WEATHER CONDITIONS
 THE FOLLOWING WEATHER WAS RECORDED YESTERDAY.
  LIGHT RAIN

RELATIVE HUMIDITY (PERCENT)
 HIGHEST    84
 LOWEST     62
 AVERAGE    73

..........................................................

THE GOODLAND KS CLIMATE NORMALS FOR TODAY
                         NORMAL    RECORD    YEAR
 MAXIMUM TEMPERATURE (F)   49        71      1896
 MINIMUM TEMPERATURE (F)   22        -6      1960

SUNRISE AND SUNSET
FEBRUARY 26 2015......SUNRISE   624 AM MST   SUNSET   536 PM MST
FEBRUARY 27 2015......SUNRISE   623 AM MST   SUNSET   537 PM MST

-  INDICATES NEGATIVE NUMBERS.
R  INDICATES RECORD WAS SET OR TIED.
MM INDICATES DATA IS MISSING.
T  INDICATES TRACE AMOUNT.

&&

THE AVERAGE SOIL TEMPERATURE AT THE FOUR INCH DEPTH... 33
THE CURRENT DEPTH OF FROST... 3 INCHES

$$
