000
CDUS43 KGLD 060743
CLIGLD

CLIMATE REPORT
NATIONAL WEATHER SERVICE GOODLAND
140 AM MDT MON JUL 6 2015

...................................

...THE GOODLAND KS CLIMATE SUMMARY FOR JULY 5 2015...

CLIMATE NORMAL PERIOD 1981 TO 2010
CLIMATE RECORD PERIOD 1895 TO 2015

WEATHER ITEM   OBSERVED TIME   RECORD YEAR NORMAL DEPARTURE LAST
                VALUE   (LST)  VALUE       VALUE  FROM      YEAR
                                                  NORMAL
..................................................................
TEMPERATURE (F)
 YESTERDAY
  MAXIMUM        100    246 PM 106    1964  90     10       94
  MINIMUM         67   1140 PM  44    1931  60      7       60
  AVERAGE         84                        75      9       77

PRECIPITATION (IN)
  YESTERDAY        0.10          1.66 1933   0.11  -0.01     0.00
  MONTH TO DATE    0.26                      0.53  -0.27     0.33
  SINCE JUN 1      2.57                      3.78  -1.21     5.86
  SINCE JAN 1     14.36                     10.26   4.10     9.40

SNOWFALL (IN)
  YESTERDAY        0.0                       0.0    0.0      0.0
  MONTH TO DATE    0.0                       0.0    0.0      0.0
  SINCE JUN 1      0.0                       0.0    0.0      0.0
  SINCE JUL 1      0.0                       0.0    0.0      0.0
  SNOW DEPTH       0

DEGREE DAYS
 HEATING
  YESTERDAY        0                         0      0        0
  MONTH TO DATE    0                         0      0        0
  SINCE JUN 1      5                        37    -32       38
  SINCE JUL 1      0                         0      0        0

 COOLING
  YESTERDAY       19                        10      9       12
  MONTH TO DATE   64                        50     14       38
  SINCE JUN 1    306                       229     77      187
  SINCE JAN 1    312                       270     42      233
..................................................................

WIND (MPH)
  HIGHEST WIND SPEED    29   HIGHEST WIND DIRECTION    SW (240)
  HIGHEST GUST SPEED    36   HIGHEST GUST DIRECTION    SW (240)
  AVERAGE WIND SPEED    14.7

SKY COVER
  AVERAGE SKY COVER 0.1

WEATHER CONDITIONS
 THE FOLLOWING WEATHER WAS RECORDED YESTERDAY.
  THUNDERSTORM
  HEAVY RAIN
  LIGHT RAIN

RELATIVE HUMIDITY (PERCENT)
 HIGHEST    93
 LOWEST     20
 AVERAGE    57

..........................................................

THE GOODLAND KS CLIMATE NORMALS FOR TODAY
                         NORMAL    RECORD    YEAR
 MAXIMUM TEMPERATURE (F)   90       106      1973
 MINIMUM TEMPERATURE (F)   61        48      1924

SUNRISE AND SUNSET
JULY  6 2015..........SUNRISE   526 AM MDT   SUNSET   817 PM MDT
JULY  7 2015..........SUNRISE   527 AM MDT   SUNSET   816 PM MDT

-  INDICATES NEGATIVE NUMBERS.
R  INDICATES RECORD WAS SET OR TIED.
MM INDICATES DATA IS MISSING.
T  INDICATES TRACE AMOUNT.

&&

THE AVERAGE SOIL TEMPERATURE AT THE FOUR INCH DEPTH... 79

$$
