000
CDUS43 KGLD 210743
CLIGLD

CLIMATE REPORT
NATIONAL WEATHER SERVICE GOODLAND
139 AM MDT MON APR 21 2014

...................................

...THE GOODLAND KS CLIMATE SUMMARY FOR APRIL 20 2014...

CLIMATE NORMAL PERIOD 1981 TO 2010
CLIMATE RECORD PERIOD 1895 TO 2014

WEATHER ITEM   OBSERVED TIME   RECORD YEAR NORMAL DEPARTURE LAST
                VALUE   (LST)  VALUE       VALUE  FROM      YEAR
                                                  NORMAL
..................................................................
TEMPERATURE (F)
 YESTERDAY
  MAXIMUM         75    401 PM  89    1962  65     10       60
  MINIMUM         42    220 AM  20    1953  36      6       30
  AVERAGE         59                        50      9       45

PRECIPITATION (IN)
  YESTERDAY        0.00          1.40 1929   0.06  -0.06     0.00
  MONTH TO DATE    0.20                      0.96  -0.76     0.29
  SINCE MAR 1      0.62                      2.03  -1.41     1.74
  SINCE JAN 1      1.56                      2.90  -1.34     2.59

SNOWFALL (IN)
  YESTERDAY        0.0                       0.1   -0.1      0.0
  MONTH TO DATE    0.4                       3.4   -3.0      3.5
  SINCE MAR 1      3.9                      10.2   -6.3     23.3
  SINCE JUL 1     29.1                      34.2   -5.1     46.5
  SNOW DEPTH       0

DEGREE DAYS
 HEATING
  YESTERDAY        6                        15     -9       20
  MONTH TO DATE  333                       351    -18      477
  SINCE MAR 1   1101                      1109     -8     1320
  SINCE JUL 1   5645                      5526    119     5607

 COOLING
  YESTERDAY        0                         0      0        0
  MONTH TO DATE    1                         0      1        0
  SINCE MAR 1      1                         0      1        0
  SINCE JAN 1      1                         0      1        0
..................................................................

WIND (MPH)
  HIGHEST WIND SPEED    15   HIGHEST WIND DIRECTION     N (340)
  HIGHEST GUST SPEED    18   HIGHEST GUST DIRECTION     N (340)
  AVERAGE WIND SPEED     4.2


SKY COVER
  AVERAGE SKY COVER 0.1


WEATHER CONDITIONS
 THE FOLLOWING WEATHER WAS RECORDED YESTERDAY.
  FOG
  FOG W/VISIBILITY <= 1/4 MILE


RELATIVE HUMIDITY (PERCENT)
 HIGHEST   100
 LOWEST     33
 AVERAGE    67

..........................................................


THE GOODLAND KS CLIMATE NORMALS FOR TODAY
                         NORMAL    RECORD    YEAR
 MAXIMUM TEMPERATURE (F)   65        93      1989
 MINIMUM TEMPERATURE (F)   36        20      1931
                                             1907


SUNRISE AND SUNSET
APRIL 21 2014.........SUNRISE   601 AM MDT   SUNSET   730 PM MDT
APRIL 22 2014.........SUNRISE   600 AM MDT   SUNSET   731 PM MDT


-  INDICATES NEGATIVE NUMBERS.
R  INDICATES RECORD WAS SET OR TIED.
MM INDICATES DATA IS MISSING.
T  INDICATES TRACE AMOUNT.

&&

THE AVERAGE SOIL TEMPERATURE AT THE FOUR INCH DEPTH... 52

$$
