930
CDUS43 KGLD 290737
CLIGLD

CLIMATE REPORT
NATIONAL WEATHER SERVICE GOODLAND
136 AM MDT SUN MAY 29 2016

...................................

...THE GOODLAND KS CLIMATE SUMMARY FOR MAY 28 2016...

CLIMATE NORMAL PERIOD 1981 TO 2010
CLIMATE RECORD PERIOD 1895 TO 2016

WEATHER ITEM   OBSERVED TIME   RECORD YEAR NORMAL DEPARTURE LAST
                VALUE   (LST)  VALUE       VALUE  FROM      YEAR
                                                  NORMAL
..................................................................
TEMPERATURE (F)
 YESTERDAY
  MAXIMUM         76    413 PM  98    1998  77     -1       76
                                      1934
  MINIMUM         46    507 AM  33    1947  50     -4       52
  AVERAGE         61                        63     -2       64

PRECIPITATION (IN)
  YESTERDAY        0.00          2.36 1975   0.11  -0.11     0.09
  MONTH TO DATE    1.75                      2.59  -0.84     5.76
  SINCE MAR 1      6.29                      5.25   1.04    10.71
  SINCE JAN 1      7.15                      6.12   1.03    11.79

SNOWFALL (IN)
  YESTERDAY        0.0                       0.0    0.0      0.0
  MONTH TO DATE    T                         0.5   -0.5       T
  SINCE MAR 1      6.7                      11.5   -4.8      2.6
  SINCE JUL 1     30.1                      35.5   -5.4     24.7
  SNOW DEPTH       0

DEGREE DAYS
 HEATING
  YESTERDAY        4                         4      0        1
  MONTH TO DATE  238                       201     37      236
  SINCE MAR 1   1278                      1439   -161     1197
  SINCE JUL 1   5124                      5856   -732     5412

 COOLING
  YESTERDAY        0                         2     -2        0
  MONTH TO DATE   20                        33    -13        6
  SINCE MAR 1     20                        37    -17        6
  SINCE JAN 1     20                        37    -17        6
..................................................................

WIND (MPH)
  HIGHEST WIND SPEED    15   HIGHEST WIND DIRECTION     W (280)
  HIGHEST GUST SPEED    22   HIGHEST GUST DIRECTION     W (270)
  AVERAGE WIND SPEED     8.0


SKY COVER
  AVERAGE SKY COVER 0.0


WEATHER CONDITIONS
 THE FOLLOWING WEATHER WAS RECORDED YESTERDAY.
  NO SIGNIFICANT WEATHER WAS OBSERVED.


RELATIVE HUMIDITY (PERCENT)
 HIGHEST    93
 LOWEST     31
 AVERAGE    62

..........................................................


THE GOODLAND KS CLIMATE NORMALS FOR TODAY
                         NORMAL    RECORD    YEAR
 MAXIMUM TEMPERATURE (F)   77       104      2003
 MINIMUM TEMPERATURE (F)   50        30      1947


SUNRISE AND SUNSET
MAY 29 2016...........SUNRISE   523 AM MDT   SUNSET   806 PM MDT
MAY 30 2016...........SUNRISE   523 AM MDT   SUNSET   807 PM MDT


-  INDICATES NEGATIVE NUMBERS.
R  INDICATES RECORD WAS SET OR TIED.
MM INDICATES DATA IS MISSING.
T  INDICATES TRACE AMOUNT.

&&

THE AVERAGE SOIL TEMPERATURE AT THE FOUR INCH DEPTH... 58

$$
