000
CDUS43 KGLD 140744
CLIGLD

CLIMATE REPORT
NATIONAL WEATHER SERVICE GOODLAND
141 AM MDT MON APR 14 2014

...................................

...THE GOODLAND KS CLIMATE SUMMARY FOR APRIL 13 2014...

CLIMATE NORMAL PERIOD 1981 TO 2010
CLIMATE RECORD PERIOD 1895 TO 2014

WEATHER ITEM   OBSERVED TIME   RECORD YEAR NORMAL DEPARTURE LAST
                VALUE   (LST)  VALUE       VALUE  FROM      YEAR
                                                  NORMAL
..................................................................
TEMPERATURE (F)
 YESTERDAY
  MAXIMUM         54   1221 AM  90    2006  63     -9       75
  MINIMUM         25    742 PM  12    1997  34     -9       27
  AVERAGE         40                        48     -8       51

PRECIPITATION (IN)
  YESTERDAY        0.04          1.01 2010   0.05  -0.01     0.00
  MONTH TO DATE    0.20                      0.59  -0.39     0.18
  SINCE MAR 1      0.62                      1.66  -1.04     1.63
  SINCE JAN 1      1.56                      2.53  -0.97     2.48

SNOWFALL (IN)
  YESTERDAY        0.4                       0.2    0.2      0.0
  MONTH TO DATE    0.4                       2.5   -2.1      0.8
  SINCE MAR 1      3.9                       9.3   -5.4     20.6
  SINCE JUL 1     29.1                      33.3   -4.2     43.8
  SNOW DEPTH       0

DEGREE DAYS
 HEATING
  YESTERDAY       25                        17      8       14
  MONTH TO DATE  222                       241    -19      286
  SINCE MAR 1    990                       999     -9     1129
  SINCE JUL 1   5534                      5416    118     5416

 COOLING
  YESTERDAY        0                         0      0        0
  MONTH TO DATE    1                         0      1        0
  SINCE MAR 1      1                         0      1        0
  SINCE JAN 1      1                         0      1        0
..................................................................

WIND (MPH)
  HIGHEST WIND SPEED    36   HIGHEST WIND DIRECTION     N (360)
  HIGHEST GUST SPEED    41   HIGHEST GUST DIRECTION     N (350)
  AVERAGE WIND SPEED    26.4


SKY COVER
  AVERAGE SKY COVER 0.9


WEATHER CONDITIONS
 THE FOLLOWING WEATHER WAS RECORDED YESTERDAY.
  LIGHT SNOW
  FOG


RELATIVE HUMIDITY (PERCENT)
 HIGHEST   100
 LOWEST     43
 AVERAGE    72

..........................................................


THE GOODLAND KS CLIMATE NORMALS FOR TODAY
                         NORMAL    RECORD    YEAR
 MAXIMUM TEMPERATURE (F)   63        88      2003
 MINIMUM TEMPERATURE (F)   34        15      1928


SUNRISE AND SUNSET
APRIL 14 2014.........SUNRISE   611 AM MDT   SUNSET   724 PM MDT
APRIL 15 2014.........SUNRISE   610 AM MDT   SUNSET   725 PM MDT


-  INDICATES NEGATIVE NUMBERS.
R  INDICATES RECORD WAS SET OR TIED.
MM INDICATES DATA IS MISSING.
T  INDICATES TRACE AMOUNT.

&&

THE AVERAGE SOIL TEMPERATURE AT THE FOUR INCH DEPTH... 54

$$
