000
CDUS43 KGLD 200746
CLIGLD

CLIMATE REPORT
NATIONAL WEATHER SERVICE GOODLAND
1244 AM MST SAT DEC 20 2014

...................................

...THE GOODLAND KS CLIMATE SUMMARY FOR DECEMBER 19 2014...

CLIMATE NORMAL PERIOD 1981 TO 2010
CLIMATE RECORD PERIOD 1895 TO 2014

WEATHER ITEM   OBSERVED TIME   RECORD YEAR NORMAL DEPARTURE LAST
                VALUE   (LST)  VALUE       VALUE  FROM      YEAR
                                                  NORMAL
..................................................................
TEMPERATURE (F)
 YESTERDAY
  MAXIMUM         49    245 PM  66    1917  42      7       45
  MINIMUM         23    149 AM -14    1924  17      6       15
  AVERAGE         36                        29      7       30

PRECIPITATION (IN)
  YESTERDAY        0.00          0.60 1911   0.01  -0.01      T
  MONTH TO DATE    0.94                      0.29   0.65     0.05
  SINCE DEC 1      0.94                      0.29   0.65     0.05
  SINCE JAN 1     17.35                     19.49  -2.14    16.74

SNOWFALL (IN)
  YESTERDAY        0.0                       0.2   -0.2       T
  MONTH TO DATE    1.2                       3.3   -2.1      2.5
  SINCE DEC 1      1.2                       3.3   -2.1      2.5
  SINCE JUL 1      1.4                      10.5   -9.1      6.8
  SNOW DEPTH       0

DEGREE DAYS
 HEATING
  YESTERDAY       29                        36     -7       35
  MONTH TO DATE  560                       660   -100      702
  SINCE DEC 1    560                       660   -100      702
  SINCE JUL 1   1815                      1979   -164     1975

 COOLING
  YESTERDAY        0                         0      0        0
  MONTH TO DATE    0                         0      0        0
  SINCE DEC 1      0                         0      0        0
  SINCE JAN 1    920                       941    -21     1181
..................................................................

WIND (MPH)
  HIGHEST WIND SPEED    14   HIGHEST WIND DIRECTION    SW (230)
  HIGHEST GUST SPEED    18   HIGHEST GUST DIRECTION    SW (230)
  AVERAGE WIND SPEED     9.1

SKY COVER
  AVERAGE SKY COVER 0.1

WEATHER CONDITIONS
 THE FOLLOWING WEATHER WAS RECORDED YESTERDAY.
  NO SIGNIFICANT WEATHER WAS OBSERVED.

RELATIVE HUMIDITY (PERCENT)
 HIGHEST    88
 LOWEST     36
 AVERAGE    62

..........................................................

THE GOODLAND KS CLIMATE NORMALS FOR TODAY
                         NORMAL    RECORD    YEAR
 MAXIMUM TEMPERATURE (F)   42        73      1981
 MINIMUM TEMPERATURE (F)   17       -12      1924

SUNRISE AND SUNSET
DECEMBER 20 2014......SUNRISE   703 AM MST   SUNSET   426 PM MST
DECEMBER 21 2014......SUNRISE   703 AM MST   SUNSET   427 PM MST

-  INDICATES NEGATIVE NUMBERS.
R  INDICATES RECORD WAS SET OR TIED.
MM INDICATES DATA IS MISSING.
T  INDICATES TRACE AMOUNT.

&&

THE AVERAGE SOIL TEMPERATURE AT THE FOUR INCH DEPTH... 34
THE CURRENT DEPTH OF FROST... 3 INCHES

$$
