000
CDUS43 KGLD 230739
CLIGLD

CLIMATE REPORT
NATIONAL WEATHER SERVICE GOODLAND
137 AM MDT TUE MAY 23 2017

...................................

...THE GOODLAND KS CLIMATE SUMMARY FOR MAY 22 2017...

CLIMATE NORMAL PERIOD 1981 TO 2010
CLIMATE RECORD PERIOD 1895 TO 2017

WEATHER ITEM   OBSERVED TIME   RECORD YEAR NORMAL DEPARTURE LAST
                VALUE   (LST)  VALUE       VALUE  FROM      YEAR
                                                  NORMAL
..................................................................
TEMPERATURE (F)
 YESTERDAY
  MAXIMUM         72    218 PM  97    1939  75     -3       88
  MINIMUM         43   1159 PM  30    1945  48     -5       64
                                      1931
  AVERAGE         58                        61     -3       76

PRECIPITATION (IN)
  YESTERDAY        0.08          1.90 1923   0.10  -0.02     0.00
  MONTH TO DATE    5.46                      1.93   3.53     1.07
  SINCE MAR 1      9.26                      4.59   4.67     5.61
  SINCE JAN 1     10.19                      5.46   4.73     6.47

SNOWFALL (IN)
  YESTERDAY        0.0                       0.0    0.0      0.0
  MONTH TO DATE    0.0                       0.5   -0.5       T
  SINCE MAR 1      4.8                      11.5   -6.7      6.7
  SINCE JUL 1     14.2                      35.5  -21.3     30.1
  SNOW DEPTH       0

DEGREE DAYS
 HEATING
  YESTERDAY        7                         5      2        0
  MONTH TO DATE  177                       175      2      220
  SINCE MAR 1   1188                      1413   -225     1260
  SINCE JUL 1   5073                      5830   -757     5106

 COOLING
  YESTERDAY        0                         2     -2       11
  MONTH TO DATE   25                        21      4       20
  SINCE MAR 1     32                        25      7       20
  SINCE JAN 1     32                        25      7       20
..................................................................

WIND (MPH)
  HIGHEST WIND SPEED    52   HIGHEST WIND DIRECTION    NW (330)
  HIGHEST GUST SPEED    62   HIGHEST GUST DIRECTION     N (350)
  AVERAGE WIND SPEED    12.5


SKY COVER
  AVERAGE SKY COVER 0.6


WEATHER CONDITIONS
 THE FOLLOWING WEATHER WAS RECORDED YESTERDAY.
  LIGHT RAIN
  FOG


RELATIVE HUMIDITY (PERCENT)
 HIGHEST    96
 LOWEST     28
 AVERAGE    62

..........................................................


THE GOODLAND KS CLIMATE NORMALS FOR TODAY
                         NORMAL    RECORD    YEAR
 MAXIMUM TEMPERATURE (F)   75        96      2000
 MINIMUM TEMPERATURE (F)   48        36      1930


SUNRISE AND SUNSET
MAY 23 2017...........SUNRISE   527 AM MDT   SUNSET   801 PM MDT
MAY 24 2017...........SUNRISE   526 AM MDT   SUNSET   802 PM MDT


-  INDICATES NEGATIVE NUMBERS.
R  INDICATES RECORD WAS SET OR TIED.
MM INDICATES DATA IS MISSING.
T  INDICATES TRACE AMOUNT.

&&

THE AVERAGE SOIL TEMPERATURE AT THE FOUR INCH DEPTH... 54

$$
