000
CXUS54 KFWD 010730
CF6GLE
PRELIMINARY LOCAL CLIMATOLOGICAL DATA (WS FORM: F-6)
STATION: GAINESVILLE
MONTH: MARCH
YEAR: 2023
LATITUDE: 33 39 N
LONGITUDE: 97 12 W
TEMPERATURE IN F: :PCPN: SNOW: WIND :SUNSHINE: SKY :PK WND
================================================================================
1 2 3 4 5 6A 6B 7 8 9 10 11 12 13 14 15 16 17 18
12Z AVG MX 2MIN
DY MAX MIN AVG DEP HDD CDD WTR SNW DPTH SPD SPD DIR MIN PSBL S-S WX SPD DR
================================================================================
1 64 51 58 9 7 0 0.00 M M 4.2 14 10 M M 2 1 M M
2 76 50 63 13 2 0 0.72 M M 7.5 24 340 M M 8 35 340
3 64 41 53 3 12 0 0.11 M M 9.4 18 300 M M 3 29 300
4 75 37 56 6 9 0 0.00 M M 5.1 15 190 M M 0 23 190
5 78 45 62 12 3 0 0.00 M M 10.2 22 170 M M 0 28 200
6 83 52 68 17 0 3 0.00 M M 6.2 13 190 M M 0 17 200
7 78 50 64 13 1 0 0.00 M M 8.7 16 160 M M 6 8 21 140
8 53 45 49 -2 16 0 2.50 M M 8.2 21 310 M M 10 1 29 90
9 56 46 51 -1 14 0 0.16 M M 5.3 14 10 M M 9 12 22 10
10 64 38 51 -1 14 0 0.00 M M 5.8 12 40 M M 1 17 40
11 88 50 69 17 0 4 0.00 M M 12.0 22 360 M M 4 1 28 360
12 64 41 53 1 12 0 M M M 12.8 24 50 M M 2 29 40
13 57 40 49 -4 16 0 0.00 M M 9.3 15 40 M M 5 20 40
14 64 35 50 -3 15 0 M M M 6.8 10 110 M M 3 M M
15 66 39 53 0 12 0 0.00 M M 12.6 24 150 M M 3 32 150
16 73 39 56 2 9 0 0.25 M M 20.0 28 350 M M 10 36 350
17 54 33 44 -10 21 0 0.00 M M 12.4 28 360 M M 0 31 360
18 52 32 42 -12 23 0 0.00 M M 9.0 18 360 M M 0 29 360
19 56 24 40 -14 25 0 0.00 M M 4.3 8 20 M M 0 M M
20 55 32 44 -11 21 0 0.00 M M 14.0 24 190 M M 6 31 190
21 73 48 61 6 4 0 0.00 M M 14.0 22 180 M M 8 18 29 170
22 84 64 74 19 0 9 0.00 M M 15.0 21 200 M M 6 29 200
23 83 63 73 17 0 8 0.00 M M 12.0 21 200 M M 8 28 190
24 72 49 61 5 4 0 1.67 M M 6.9 15 260 M M 6 32 260
25 73 40 57 1 8 0 0.01 M M 4.9 14 290 M M 2 12 22 270
26 76 42 59 2 6 0 0.00 M M 8.2 16 30 M M 0 22 30
27 68 38 53 -4 12 0 0.00 M M 7.7 13 100 M M 2 18 10
28 62 41 52 -5 13 0 0.00 M M 11.2 21 360 M M 0 28 360
29 65 38 52 -6 13 0 0.00 M M 5.5 10 180 M M 8 18 170
30 71 55 63 5 2 0 0.00 M M 13.6 21 190 M M 10 28 190
31 81 53 67 9 0 2 0.00 M M 16.5 29 280 M M 6 41 260
================================================================================
SM 2128 1351 294 26 5.42 M 299.2 M 128
================================================================================
AV 68.6 43.6 9.7 FASTST M M 4 MAX(MPH)
MISC ----> 29 280 41 260
================================================================================
NOTES:
# LAST OF SEVERAL OCCURRENCES
COLUMN 17 PEAK WIND IN M.P.H.
PRELIMINARY LOCAL CLIMATOLOGICAL DATA (WS FORM: F-6) , PAGE 2
STATION: GAINESVILLE
MONTH: MARCH
YEAR: 2023
LATITUDE: 33 39 N
LONGITUDE: 97 12 W
[TEMPERATURE DATA] [PRECIPITATION DATA] SYMBOLS USED IN COLUMN 16
AVERAGE MONTHLY: 56.1 TOTAL FOR MONTH: 5.42 1 = FOG OR MIST
DPTR FM NORMAL: 2.5 DPTR FM NORMAL: 1.79 2 = FOG REDUCING VISIBILITY
HIGHEST: 88 ON 11 GRTST 24HR 2.50 ON 8- 8 TO 1/4 MILE OR LESS
LOWEST: 24 ON 19 3 = THUNDER
SNOW, ICE PELLETS, HAIL 4 = ICE PELLETS
TOTAL MONTH: M 5 = HAIL
GRTST 24HR M ON M 6 = FREEZING RAIN OR DRIZZLE
GRTST DEPTH: M ON M 7 = DUSTSTORM OR SANDSTORM:
VSBY 1/2 MILE OR LESS
8 = SMOKE OR HAZE
[NO. OF DAYS WITH] [WEATHER - DAYS WITH] 9 = BLOWING SNOW
X = TORNADO
MAX 32 OR BELOW: 0 0.01 INCH OR MORE: 7
MAX 90 OR ABOVE: 0 0.10 INCH OR MORE: 6
MIN 32 OR BELOW: 3 0.50 INCH OR MORE: 3
MIN 0 OR BELOW: 0 1.00 INCH OR MORE: 2
[HDD (BASE 65) ]
TOTAL THIS MO. 294 CLEAR (SCALE 0-3) 14
DPTR FM NORMAL -71 PTCLDY (SCALE 4-7) 9
TOTAL FM JUL 1 2391 CLOUDY (SCALE 8-10) 8
DPTR FM NORMAL -347
[CDD (BASE 65) ]
TOTAL THIS MO. 26
DPTR FM NORMAL 14 [PRESSURE DATA]
TOTAL FM JAN 1 33 HIGHEST SLP M ON M
DPTR FM NORMAL 19 LOWEST SLP M ON M
[REMARKS]
#FINAL-03-23#