000
CXUS52 KJAX 011301
CF6GNV
PRELIMINARY LOCAL CLIMATOLOGICAL DATA (WS FORM: F-6)
STATION: GAINESVILLE
MONTH: APRIL
YEAR: 2023
LATITUDE: 29 40 N
LONGITUDE: 82 16 W
TEMPERATURE IN F: :PCPN: SNOW: WIND :SUNSHINE: SKY :PK WND
================================================================================
1 2 3 4 5 6A 6B 7 8 9 10 11 12 13 14 15 16 17 18
12Z AVG MX 2MIN
DY MAX MIN AVG DEP HDD CDD WTR SNW DPTH SPD SPD DIR MIN PSBL S-S WX SPD DR
================================================================================
1 87 60 74 8 0 9 0.00 0.0 0 10.1 23 240 M M 2 31 250
2 87 62 75 9 0 10 0.00 0.0 0 5.1 15 270 M M 2 1 26 270
3 88 58 73 7 0 8 0.00 0.0 0 4.5 16 330 M M 1 24 320
4 90 59 75 9 0 10 0.00 0.0 0 2.8 12 100 M M 1 1 16 90
5 90 67 79 13 0 14 0.00 0.0 0 7.1 15 120 M M 3 12 21 130
6 90 67 79 12 0 14 0.00 0.0 0 5.7 13 90 M M 2 1 21 160
7 90 64 77 10 0 12 0.40 0.0 0 4.9 14 340 M M 3 12 21 140
8 80 67 74 7 0 9 0.37 0.0 0 4.7 13 50 M M 7 1 18 180
9 67 51 59 -8 6 0 T 0.0 0 11.7 20 30 M M 10 1 30 30
10 71 59 65 -2 0 0 T 0.0 0 13.1 24 40 M M 10 36 40
11 77 59 68 0 0 3 T 0.0 0 11.3 22 50 M M 6 32 70
12 78 60 69 1 0 4 0.00 0.0 0 10.9 21 90 M M 4 33 100
13 87 65 76 8 0 11 T 0.0 0 7.0 20 240 M M 7 13 27 240
14 87 61 74 6 0 9 0.00 0.0 0 8.3 23 250 M M 3 12 32 250
15 87 57 72 4 0 7 0.00 0.0 0 3.5 30 300 M M 2 43 300
16 87 64 76 7 0 11 0.00 0.0 0 7.1 18 260 M M 2 26 220
17 79 50 65 -4 0 0 0.07 0.0 0 6.9 17 350 M M 2 1 27 350
18 83 42 63 -6 2 0 0.00 0.0 0 4.3 16 40 M M 0 22 30
19 82 47 65 -4 0 0 0.00 0.0 0 4.8 15 60 M M 0 23 50
20 85 52 69 -1 0 4 0.00 0.0 0 6.4 18 70 M M 0 1 29 120
21 87 52 70 0 0 5 0.00 0.0 0 3.9 17 100 M M 1 23 100
22 87 60 74 4 0 9 0.00 0.0 0 4.3 18 340 M M 4 13 28 340
23 83 60 72 2 0 7 0.00 0.0 0 9.2 20 50 M M 0 28 70
24 77 56 67 -3 0 2 0.01 0.0 0 5.0 18 30 M M 3 25 20
25 85 62 74 3 0 9 0.24 0.0 0 6.2 20 60 M M 6 13 26 60
26 87 61 74 3 0 9 0.02 0.0 0 5.1 15 100 M M 2 13 22 100
27 87 64 76 5 0 11 2.84 0.0 0 6.8 32 270 M M 4 123 46 270
28 86 62 74 3 0 9 0.00 0.0 0 6.9 22 230 M M 3 1 28 250
29 84 66 75 4 0 10 0.51 0.0 0 5.2 18 230 M M 2 13 27 220
30 79 63 71 -1 0 6 0.14 0.0 0 14.4 28 260 M M 5 1 40 240
================================================================================
SM 2514 1777 8 212 4.60 0.0 207.2 M 97
================================================================================
AV 83.8 59.2 6.9 FASTST M M 3 MAX(MPH)
MISC ----> 32 270 46 270
================================================================================
NOTES:
# LAST OF SEVERAL OCCURRENCES
COLUMN 17 PEAK WIND IN M.P.H.
PRELIMINARY LOCAL CLIMATOLOGICAL DATA (WS FORM: F-6) , PAGE 2
STATION: GAINESVILLE
MONTH: APRIL
YEAR: 2023
LATITUDE: 29 40 N
LONGITUDE: 82 16 W
[TEMPERATURE DATA] [PRECIPITATION DATA] SYMBOLS USED IN COLUMN 16
AVERAGE MONTHLY: 71.5 TOTAL FOR MONTH: 4.60 1 = FOG OR MIST
DPTR FM NORMAL: 3.0 DPTR FM NORMAL: 1.86 2 = FOG REDUCING VISIBILITY
HIGHEST: 90 ON 7, 6 GRTST 24HR 2.84 ON 27-27 TO 1/4 MILE OR LESS
LOWEST: 42 ON 18 3 = THUNDER
SNOW, ICE PELLETS, HAIL 4 = ICE PELLETS
TOTAL MONTH: 0.0 INCH 5 = HAIL
GRTST 24HR 0.0 6 = FREEZING RAIN OR DRIZZLE
GRTST DEPTH: 0 7 = DUSTSTORM OR SANDSTORM:
VSBY 1/2 MILE OR LESS
8 = SMOKE OR HAZE
[NO. OF DAYS WITH] [WEATHER - DAYS WITH] 9 = BLOWING SNOW
X = TORNADO
MAX 32 OR BELOW: 0 0.01 INCH OR MORE: 9
MAX 90 OR ABOVE: 4 0.10 INCH OR MORE: 6
MIN 32 OR BELOW: 0 0.50 INCH OR MORE: 2
MIN 0 OR BELOW: 0 1.00 INCH OR MORE: 1
[HDD (BASE 65) ]
TOTAL THIS MO. 8 CLEAR (SCALE 0-3) 17
DPTR FM NORMAL -27 PTCLDY (SCALE 4-7) 11
TOTAL FM JUL 1 748 CLOUDY (SCALE 8-10) 2
DPTR FM NORMAL -387
[CDD (BASE 65) ]
TOTAL THIS MO. 212
DPTR FM NORMAL 72 [PRESSURE DATA]
TOTAL FM JAN 1 481 HIGHEST SLP 30.25 ON 10
DPTR FM NORMAL 235 LOWEST SLP 29.54 ON 30
[REMARKS]
#FINAL-04-23#