000
CXUS52 KJAX 010800
CF6GNV
PRELIMINARY LOCAL CLIMATOLOGICAL DATA (WS FORM: F-6)
STATION: GAINESVILLE
MONTH: OCTOBER
YEAR: 2022
LATITUDE: 29 40 N
LONGITUDE: 82 16 W
TEMPERATURE IN F: :PCPN: SNOW: WIND :SUNSHINE: SKY :PK WND
================================================================================
1 2 3 4 5 6A 6B 7 8 9 10 11 12 13 14 15 16 17 18
12Z AVG MX 2MIN
DY MAX MIN AVG DEP HDD CDD WTR SNW DPTH SPD SPD DIR MIN PSBL S-S WX SPD DR
================================================================================
1 85 56 71 -5 0 6 0.00 0.0 0 3.5 14 310 M M 1 22 350
2 85 60 73 -3 0 8 0.00 0.0 0 6.6 16 270 M M 0 22 280
3 80 58 69 -6 0 4 0.00 0.0 0 7.5 18 30 M M 2 24 30
4 77 52 65 -10 0 0 0.00 0.0 0 6.7 17 30 M M 1 25 30
5 81 48 65 -10 0 0 0.00 0.0 0 1.9 9 360 M M 0 15 360
6 84 53 69 -6 0 4 0.00 0.0 0 1.2 10 290 M M 0 13 240
7 86 55 71 -3 0 6 0.00 0.0 0 1.4 12 350 M M 0 17 330
8 89 54 72 -2 0 7 0.00 0.0 0 2.6 13 350 M M 0 17 70
9 87 56 72 -2 0 7 0.00 0.0 0 3.2 13 90 M M 1 21 90
10 87 61 74 1 0 9 0.00 0.0 0 2.9 12 70 M M 0 1 17 70
11 88 61 75 2 0 10 0.00 0.0 0 4.9 10 90 M M 4 12 14 80
12 85 71 78 5 0 13 0.02 0.0 0 4.1 12 260 M M 3 13 15 110
13 86 67 77 5 0 12 0.10 0.0 0 4.7 13 280 M M 5 1 17 220
14 85 61 73 1 0 8 0.00 0.0 0 4.0 15 30 M M 2 12 21 30
15 86 56 71 -1 0 6 0.00 0.0 0 4.6 13 60 M M 0 17 50
16 87 56 72 1 0 7 0.00 0.0 0 3.2 9 160 M M 1 15 160
17 86 64 75 4 0 10 0.04 0.0 0 5.2 15 200 M M 3 13 20 220
18 76 52 64 -7 1 0 0.00 0.0 0 8.1 16 350 M M 1 22 350
19 66 38 52 -18 13 0 0.00 0.0 0 6.9 15 340 M M 0 22 360
20 72 37 55 -15 10 0 0.00 0.0 0 3.0 12 360 M M 0 15 290
21 74 39 57 -13 8 0 0.00 0.0 0 3.7 15 50 M M 0 19 360
22 77 42 60 -9 5 0 0.00 0.0 0 5.6 14 40 M M 0 20 20
23 83 49 66 -3 0 1 0.00 0.0 0 2.3 9 80 M M 0 1 13 80
24 84 51 68 -1 0 3 0.00 0.0 0 3.0 10 70 M M 0 1 14 30
25 84 53 69 1 0 4 0.00 0.0 0 1.7 10 120 M M 2 12 13 110
26 86 58 72 4 0 7 T 0.0 0 6.6 17 220 M M 4 1 25 220
27 86 60 73 5 0 8 0.00 0.0 0 5.5 14 60 M M 5 19 60
28 78 66 72 5 0 7 0.00 0.0 0 8.5 17 40 M M 8 22 60
29 74 66 70 3 0 5 0.00 0.0 0 9.0 16 50 M M 10 1 21 40
30 83 66 75 8 0 10 0.00 0.0 0 5.5 10 60 M M 6 1 16 110
31 87 64 76 9 0 11 0.00 0.0 0 2.3 10 120 M M 5 12 16 150
================================================================================
SM 2554 1730 37 173 0.16 0.0 139.9 M 64
================================================================================
AV 82.4 55.8 4.5 FASTST M M 2 MAX(MPH)
MISC ----> 18 30 # 25 30
================================================================================
NOTES:
# LAST OF SEVERAL OCCURRENCES
COLUMN 17 PEAK WIND IN M.P.H.
PRELIMINARY LOCAL CLIMATOLOGICAL DATA (WS FORM: F-6) , PAGE 2
STATION: GAINESVILLE
MONTH: OCTOBER
YEAR: 2022
LATITUDE: 29 40 N
LONGITUDE: 82 16 W
[TEMPERATURE DATA] [PRECIPITATION DATA] SYMBOLS USED IN COLUMN 16
AVERAGE MONTHLY: 69.1 TOTAL FOR MONTH: 0.16 1 = FOG OR MIST
DPTR FM NORMAL: -2.3 DPTR FM NORMAL: -2.52 2 = FOG REDUCING VISIBILITY
HIGHEST: 89 ON 8 GRTST 24HR 0.12 ON 12-13 TO 1/4 MILE OR LESS
LOWEST: 37 ON 20 3 = THUNDER
SNOW, ICE PELLETS, HAIL 4 = ICE PELLETS
TOTAL MONTH: 0.0 INCH 5 = HAIL
GRTST 24HR 0.0 6 = FREEZING RAIN OR DRIZZLE
GRTST DEPTH: 0 7 = DUSTSTORM OR SANDSTORM:
VSBY 1/2 MILE OR LESS
8 = SMOKE OR HAZE
[NO. OF DAYS WITH] [WEATHER - DAYS WITH] 9 = BLOWING SNOW
X = TORNADO
MAX 32 OR BELOW: 0 0.01 INCH OR MORE: 3
MAX 90 OR ABOVE: 0 0.10 INCH OR MORE: 1
MIN 32 OR BELOW: 0 0.50 INCH OR MORE: 0
MIN 0 OR BELOW: 0 1.00 INCH OR MORE: 0
[HDD (BASE 65) ]
TOTAL THIS MO. 37 CLEAR (SCALE 0-3) 22
DPTR FM NORMAL 12 PTCLDY (SCALE 4-7) 7
TOTAL FM JUL 1 37 CLOUDY (SCALE 8-10) 2
DPTR FM NORMAL 15
[CDD (BASE 65) ]
TOTAL THIS MO. 173
DPTR FM NORMAL -49 [PRESSURE DATA]
TOTAL FM JAN 1 2885 HIGHEST SLP 30.23 ON 11
DPTR FM NORMAL 234 LOWEST SLP 29.78 ON 18
[REMARKS]
#FINAL-10-22#