000
CXUS52 KJAX 011314
CLMGNV
CLIMATE REPORT
NATIONAL WEATHER SERVICE JACKSONVILLE FL
914 AM EDT MON MAY 01 2023
...................................
...THE GAINESVILLE CLIMATE SUMMARY FOR THE MONTH OF APRIL 2023...
CLIMATE NORMAL PERIOD: 1991 TO 2020
CLIMATE RECORD PERIOD: 1890 TO 2023
WEATHER OBSERVED NORMAL DEPART LAST YEAR`S
VALUE DATE(S) VALUE FROM VALUE DATE(S)
NORMAL
................................................................
TEMPERATURE (F)
RECORD
HIGH 96 04/27/2011
LOW 32 04/17/1962
HIGHEST 90 04/05 90 0 88 04/05
04/06
04/07
04/16
04/17
LOWEST 42 04/18 40 2 39 04/10
AVG. MAXIMUM 83.8 81.5 2.3 81.7
AVG. MINIMUM 59.2 55.5 3.7 57.1
MEAN 71.5 68.5 3.0 69.4
DAYS MAX >= 90 4 2.0 2.0 0
DAYS MIN <= 32 0 0.0 0.0 0
PRECIPITATION (INCHES)
RECORD
MAXIMUM 8.95 1949
MINIMUM 0.08 1998
TOTALS 4.60 2.74 1.86 1.61
DAILY AVG. 0.15 0.09 0.06 0.05
DAYS >= .01 9 6.2 2.8 3
DAYS >= .10 6 3.8 2.2 3
DAYS >= .50 2 1.9 0.1 1
DAYS >= 1.00 1 0.8 0.2 1
GREATEST
24 HR. TOTAL 2.84 04/27 TO 04/27
SNOWFALL (INCHES)
RECORDS
TOTAL T 1997
TOTALS 0.0 0.0 0.0 0.0
DEGREE DAYS
HEATING TOTAL 8 35 -27 32
SINCE 7/1 748 1135 -387 MM
COOLING TOTAL 212 140 72 172
SINCE 1/1 481 246 235 MM
................................................................
WIND (MPH)
AVERAGE WIND SPEED 6.9
HIGHEST WIND SPEED/DIRECTION 32/270 DATE 04/27
HIGHEST GUST SPEED/DIRECTION 46/270 DATE 04/27
SKY COVER
AVERAGE SKY COVER 0.33
AVERAGE RH (PERCENT) 69
WEATHER CONDITIONS. NUMBER OF DAYS WITH
THUNDERSTORM 6 MIXED PRECIP 0
HEAVY RAIN 6 RAIN 7
LIGHT RAIN 13 FREEZING RAIN 0
LT FREEZING RAIN 0 HAIL 0
HEAVY SNOW 0 SNOW 0
LIGHT SNOW 0 SLEET 0
FOG 18 FOG W/VIS <= 1/4 MILE 4
HAZE 0
- INDICATES NEGATIVE NUMBERS.
R INDICATES RECORD WAS SET OR TIED.
MM INDICATES DATA IS MISSING.
T INDICATES TRACE AMOUNT.
$$