000
CXUS54 KOUN 010810
CF6GOK
PRELIMINARY LOCAL CLIMATOLOGICAL DATA (WS FORM: F-6)
STATION: GUTHRIE MUNICIPAL
MONTH: AUGUST
YEAR: 2023
LATITUDE: 35 50 N
LONGITUDE: 97 25 W
TEMPERATURE IN F: :PCPN: SNOW: WIND :SUNSHINE: SKY :PK WND
================================================================================
1 2 3 4 5 6A 6B 7 8 9 10 11 12 13 14 15 16 17 18
12Z AVG MX 2MIN
DY MAX MIN AVG DEP HDD CDD WTR SNW DPTH SPD SPD DIR MIN PSBL S-S WX SPD DR
================================================================================
1 103 79 91 7 0 26 0.00 M M 11.8 18 180 M M 0 26 180
2 105 81 93 9 0 28 0.00 M M 12.5 20 190 M M 0 29 220
3 105 83 94 10 0 29 0.00 M M 12.0 18 200 M M 0 34 250
4 102 82 92 8 0 27 0.00 M M 7.9 16 180 M M 0 3 23 190
5 87 73 80 -4 0 15 0.04 M M 9.3 21 110 M M 1 3 32 300
6 90 67 79 -5 0 14 0.08 M M 6.2 20 80 M M 2 13 30 20
7 86 63 75 -8 0 10 0.36 M M 5.0 18 80 M M 3 13 30 330
8 89 67 78 -5 0 13 0.87 M M 10.7 26 170 M M 3 13 36 190
9 92 72 82 -1 0 17 0.04 M M 7.0 24 200 M M 0 37 180
10 92 70 81 -2 0 16 0.00 M M 4.1 12 110 M M 0 1 14 120
11 99 75 87 4 0 22 T M M 11.2 30 300 M M 0 38 47 300
12 90 77 84 1 0 19 0.01 M M 8.1 20 180 M M 0 8 26 200
13 96 69 83 0 0 18 0.76 M M 7.7 38 300 M M 1 138 57 290
14 83 64 74 -8 0 9 0.01 0.0 M 5.4 14 310 M M 3 3 26 340
15 85 60 73 -9 0 8 0.00 0.0 M 3.4 10 340 M M 0 18 30
16 88 62 75 -7 0 10 0.00 0.0 M 8.2 16 160 M M 0 24 160
17 94 70 82 0 0 17 0.00 M M 8.1 15 180 M M 0 21 180
18 94 68 81 -1 0 16 0.00 M M 8.0 14 140 M M 0 22 130
19 105 74 90 8 0 25 0.00 M M 7.8 13 210 M M 0 22 210
20 104 72 88 6 0 23 0.00 M M 5.2 10 90 M M 0 15 70
21 102 74 88 7 0 23 0.00 M M 3.8 12 80 M M 0 19 60
22 99 76 88 7 0 23 0.00 M M 4.5 12 130 M M 0 16 150
23 99 78 89 8 0 24 0.00 M M 7.0 13 200 M M 0 18 210
24 101 76 89 8 0 24 0.00 M M 7.8 15 210 M M 0 22 220
25 104 78 91 11 0 26 0.00 M M 8.2 16 190 M M 0 25 180
26 96 77 87 7 0 22 0.00 M M 7.4 18 90 M M 0 26 90
27 90 73 82 2 0 17 0.00 M M 6.2 13 50 M M 2 20 40
28 88 64 76 -4 0 11 0.00 M M 5.6 17 50 M M 0 24 50
29 92 59 76 -3 0 11 0.00 M M 2.4 13 80 M M 0 17 70
30 90 65 78 -1 0 13 0.00 M M 5.6 14 80 M M 0 19 40
31 92 61 77 -2 0 12 0.00 M M 6.3 13 130 M M 0 19 120
================================================================================
SM 2942 2209 0 568 2.17 0.0 224.4 M 15
================================================================================
AV 94.9 71.3 7.2 FASTST M M 0 MAX(MPH)
MISC ----> 38 300 57 290
================================================================================
NOTES:
# LAST OF SEVERAL OCCURRENCES
COLUMN 17 PEAK WIND IN M.P.H.
PRELIMINARY LOCAL CLIMATOLOGICAL DATA (WS FORM: F-6) , PAGE 2
STATION: GUTHRIE MUNICIPAL
MONTH: AUGUST
YEAR: 2023
LATITUDE: 35 50 N
LONGITUDE: 97 25 W
[TEMPERATURE DATA] [PRECIPITATION DATA] SYMBOLS USED IN COLUMN 16
AVERAGE MONTHLY: 83.1 TOTAL FOR MONTH: 2.17 1 = FOG OR MIST
DPTR FM NORMAL: 1.2 DPTR FM NORMAL: -0.80 2 = FOG REDUCING VISIBILITY
HIGHEST: 105 ON 19, 3 GRTST 24HR 1.01 ON 7- 8 TO 1/4 MILE OR LESS
LOWEST: 59 ON 29 3 = THUNDER
SNOW, ICE PELLETS, HAIL 4 = ICE PELLETS
TOTAL MONTH: 0.0 INCH 5 = HAIL
GRTST 24HR 0.0 6 = FREEZING RAIN OR DRIZZLE
GRTST DEPTH: M ON M 7 = DUSTSTORM OR SANDSTORM:
VSBY 1/2 MILE OR LESS
8 = SMOKE OR HAZE
[NO. OF DAYS WITH] [WEATHER - DAYS WITH] 9 = BLOWING SNOW
X = TORNADO
MAX 32 OR BELOW: 0 0.01 INCH OR MORE: 8
MAX 90 OR ABOVE: 24 0.10 INCH OR MORE: 3
MIN 32 OR BELOW: 0 0.50 INCH OR MORE: 2
MIN 0 OR BELOW: 0 1.00 INCH OR MORE: 0
[HDD (BASE 65) ]
TOTAL THIS MO. 0 CLEAR (SCALE 0-3) 30
DPTR FM NORMAL 0 PTCLDY (SCALE 4-7) 1
TOTAL FM JUL 1 0 CLOUDY (SCALE 8-10) 0
DPTR FM NORMAL 0
[CDD (BASE 65) ]
TOTAL THIS MO. 568
DPTR FM NORMAL 44 [PRESSURE DATA]
TOTAL FM JAN 1 1673 HIGHEST SLP M ON M
DPTR FM NORMAL -56 LOWEST SLP 29.63 ON 9
[REMARKS]
#FINAL-08-23#