000
CXUS55 KMSO 012143
CF6GPI
PRELIMINARY LOCAL CLIMATOLOGICAL DATA (WS FORM: F-6)
STATION: KALISPELL MT
MONTH: APRIL
YEAR: 2020
LATITUDE: 48 17 N
LONGITUDE: 114 16 W
TEMPERATURE IN F: :PCPN: SNOW: WIND :SUNSHINE: SKY :PK WND
================================================================================
1 2 3 4 5 6A 6B 7 8 9 10 11 12 13 14 15 16 17 18
12Z AVG MX 2MIN
DY MAX MIN AVG DEP HDD CDD WTR SNW DPTH SPD SPD DIR MIN PSBL S-S WX SPD DR
================================================================================
1 30 17 24 -16 41 0 0.03 1.0 1 19.4 28 10 M M 9 19 35 10
2 34 16 25 -16 40 0 0.05 1.0 2 7.8 26 10 M M 10 1 34 10
3 44 18 31 -10 34 0 0.09 1.3 2 7.5 21 150 M M 8 12 28 230
4 45 19 32 -9 33 0 T T T 4.7 17 150 M M 4 12 21 150
5 47 30 39 -2 26 0 0.07 T 0 4.0 14 20 M M 10 1 15 20
6 55 35 45 3 20 0 T 0.0 0 7.2 21 220 M M 8 1 26 220
7 58 31 45 3 20 0 0.00 0.0 0 11.3 23 230 M M 2 31 220
8 59 23 41 -1 24 0 0.00 0.0 0 4.6 15 170 M M 0 19 150
9 64 23 44 2 21 0 0.00 0.0 0 3.6 14 150 M M 0 17 140
10 63 28 46 4 19 0 0.00 0.0 0 6.2 30 20 M M 6 39 20
11 41 22 32 -11 33 0 T T 0 19.7 33 10 M M 8 42 20
12 39 14 27 -16 38 0 0.00 0.0 0 6.3 22 20 M M 4 27 20
13 46 16 31 -12 34 0 0.00 0.0 0 8.8 20 150 M M 2 8 24 160
14 57 27 42 -1 23 0 0.14 0.0 0 7.1 15 150 M M 9 1 20 150
15 50 26 38 -6 27 0 0.10 0.0 0 10.5 24 40 M M 4 1 30 30
16 50 21 36 -8 29 0 0.00 0.0 0 7.5 20 160 M M 1 25 180
17 61 22 42 -2 23 0 0.00 0.0 0 6.9 17 230 M M 3 22 340
18 51 36 44 0 21 0 0.06 0.0 0 6.7 17 30 M M 10 22 10
19 57 33 45 1 20 0 0.00 0.0 0 4.8 15 170 M M 8 24 190
20 65 26 46 1 19 0 0.00 0.0 0 4.9 15 230 M M 4 1 20 130
21 69 28 49 4 16 0 0.00 0.0 0 8.3 24 230 M M 3 1 33 220
22 64 44 54 9 11 0 0.11 0.0 0 10.6 20 240 M M 9 25 230
23 54 40 47 2 18 0 0.50 0.0 0 7.1 23 340 M M 8 1 29 340
24 60 31 46 0 19 0 T 0.0 0 2.4 14 180 M M 6 128 20 190
25 58 27 43 -3 22 0 0.01 0.0 0 7.5 22 200 M M 6 30 210
26 63 41 52 6 13 0 0.00 0.0 0 9.2 21 220 M M 1 26 220
27 58 40 49 3 16 0 0.07 0.0 0 11.3 26 240 M M 7 1 41 230
28 67 28 48 1 17 0 0.00 0.0 0 6.7 20 140 M M 3 25 150
29 73 33 53 6 12 0 T 0.0 0 4.6 16 140 M M 3 21 140
30 64 49 57 10 8 0 T 0.0 0 11.9 30 140 M M 7 34 140
================================================================================
SM 1646 844 697 0 1.23 3.3 239.1 M 163
================================================================================
AV 54.9 28.1 8.0 FASTST M M 5 MAX(MPH)
MISC ----> 33 10 42 20
================================================================================
NOTES:
# LAST OF SEVERAL OCCURRENCES
COLUMN 17 PEAK WIND IN M.P.H.
PRELIMINARY LOCAL CLIMATOLOGICAL DATA (WS FORM: F-6) , PAGE 2
STATION: KALISPELL MT
MONTH: APRIL
YEAR: 2020
LATITUDE: 48 17 N
LONGITUDE: 114 16 W
[TEMPERATURE DATA] [PRECIPITATION DATA] SYMBOLS USED IN COLUMN 16
AVERAGE MONTHLY: 41.5 TOTAL FOR MONTH: 1.23 1 = FOG OR MIST
DPTR FM NORMAL: -2.1 DPTR FM NORMAL: -0.01 2 = FOG REDUCING VISIBILITY
HIGHEST: 73 ON 29 GRTST 24HR 0.50 ON 23-23 TO 1/4 MILE OR LESS
LOWEST: 14 ON 12 3 = THUNDER
SNOW, ICE PELLETS, HAIL 4 = ICE PELLETS
TOTAL MONTH: 3.3 INCHES 5 = HAIL
GRTST 24HR 1.3 ON 3- 3 6 = FREEZING RAIN OR DRIZZLE
GRTST DEPTH: 2 ON 3, 2 7 = DUSTSTORM OR SANDSTORM:
VSBY 1/2 MILE OR LESS
8 = SMOKE OR HAZE
[NO. OF DAYS WITH] [WEATHER - DAYS WITH] 9 = BLOWING SNOW
X = TORNADO
MAX 32 OR BELOW: 1 0.01 INCH OR MORE: 11
MAX 90 OR ABOVE: 0 0.10 INCH OR MORE: 4
MIN 32 OR BELOW: 21 0.50 INCH OR MORE: 1
MIN 0 OR BELOW: 0 1.00 INCH OR MORE: 0
[HDD (BASE 65) ]
TOTAL THIS MO. 697 CLEAR (SCALE 0-3) 9
DPTR FM NORMAL 57 PTCLDY (SCALE 4-7) 12
TOTAL FM JUL 1 7110 CLOUDY (SCALE 8-10) 9
DPTR FM NORMAL -301
[CDD (BASE 65) ]
TOTAL THIS MO. 0
DPTR FM NORMAL 0 [PRESSURE DATA]
TOTAL FM JAN 1 0 HIGHEST SLP 30.44 ON 16
DPTR FM NORMAL 0 LOWEST SLP 29.66 ON 6
[REMARKS]
#FINAL-04-20#