000
CXUS53 KGRB 040701
CF6GRB
PRELIMINARY LOCAL CLIMATOLOGICAL DATA (WS FORM: F-6)
STATION: GREEN BAY WI
MONTH: DECEMBER
YEAR: 2020
LATITUDE: 44 28 N
LONGITUDE: 88 8 W
TEMPERATURE IN F: :PCPN: SNOW: WIND :SUNSHINE: SKY :PK WND
================================================================================
1 2 3 4 5 6A 6B 7 8 9 10 11 12 13 14 15 16 17 18
12Z AVG MX 2MIN
DY MAX MIN AVG DEP HDD CDD WTR SNW DPTH SPD SPD DIR MIN PSBL S-S WX SPD DR
================================================================================
1 36 20 28 1 37 0 0.00 0.0 0 8.5 20 350 M M 2 26 340
2 45 19 32 6 33 0 0.00 0.0 0 8.9 21 270 M M 0 27 280
3 42 31 37 11 28 0 0.00 0.0 0 10.8 20 250 M M 6 27 260
4 41 26 34 8 31 0 0.00 0.0 0 8.7 16 30 M M 7 23 360
5 32 28 30 5 35 0 0.00 0.0 0 5.0 12 10 M M 9 14 10
6 35 29 32 7 33 0 T T 0 3.5 10 210 M M 10 14 210
7 36 31 34 10 31 0 0.00 0.0 0 4.4 8 250 M M 10 8 13 310
8 33 30 32 8 33 0 0.00 0.0 0 10.2 20 250 M M 9 28 220
9 50 29 40 16 25 0 0.00 0.0 0 7.0 14 260 M M 1 8 18 260
10 51 26 39 16 26 0 0.00 0.0 0 5.0 18 210 M M 0 8 27 190
11 39 31 35 12 30 0 T T 0 16.6 28 40 M M 8 37 40
12 33 26 30 8 35 0 0.10 1.1 1 17.5 29 20 M M 9 18 42 20
13 27 24 26 4 39 0 T T 1 7.3 21 290 M M 10 27 270
14 26 14 20 -2 45 0 T T T 11.0 24 290 M M 3 32 290
15 24 11 18 -3 47 0 0.00 0.0 T 3.0 9 350 M M 5 11 340
16 35 22 29 8 36 0 0.00 0.0 0 5.5 15 30 M M 7 21 60
17 33 26 30 9 35 0 T T T 2.1 8 50 M M 10 11 40
18 34 18 26 6 39 0 T T T 7.2 16 170 M M 3 18 22 170
19 37 33 35 15 30 0 0.05 0.3 T 2.5 9 190 M M 10 18 13 180
20 34 28 31 11 34 0 0.00 0.0 0 8.6 17 260 M M 6 18 25 190
21 38 26 32 12 33 0 T 0.1 0 8.3 20 340 M M 9 18 25 350
22 39 27 33 14 32 0 0.00 0.0 0 9.1 20 160 M M 8 26 160
23 50 26 38 19 27 0 0.01 T 0 14.7 28 210 M M 7 46 210
24 26 11 19 0 46 0 0.02 0.5 T 14.2 24 300 M M 8 32 300
25 22 11 17 -2 48 0 T T 0 11.2 20 320 M M 8 24 340
26 27 18 23 5 42 0 T T 0 8.0 16 290 M M 8 22 280
27 33 19 26 8 39 0 0.34 3.8 4 8.7 21 10 M M 7 12 25 350
28 26 13 20 2 45 0 T T 4 10.3 18 260 M M 6 23 260
29 31 -7 12 -6 53 0 0.14 1.6 4 4.4 16 160 M M 3 1 21 140
30 31 22 27 9 38 0 0.05 0.9 7 12.8 25 260 M M 9 1 35 260
31 24 6 15 -3 50 0 0.00 0.0 6 6.3 14 270 M M 7 128 19 300
================================================================================
SM 1070 674 1135 0 0.71 8.3 261.3 M 205
================================================================================
AV 34.5 21.7 8.4 FASTST M M 7 MAX(MPH)
MISC ----> 29 20 46 210
================================================================================
NOTES:
# LAST OF SEVERAL OCCURRENCES
COLUMN 17 PEAK WIND IN M.P.H.
PRELIMINARY LOCAL CLIMATOLOGICAL DATA (WS FORM: F-6) , PAGE 2
STATION: GREEN BAY WI
MONTH: DECEMBER
YEAR: 2020
LATITUDE: 44 28 N
LONGITUDE: 88 8 W
[TEMPERATURE DATA] [PRECIPITATION DATA] SYMBOLS USED IN COLUMN 16
AVERAGE MONTHLY: 28.1 TOTAL FOR MONTH: 0.71 1 = FOG OR MIST
DPTR FM NORMAL: 6.6 DPTR FM NORMAL: -0.80 2 = FOG REDUCING VISIBILITY
HIGHEST: 51 ON 10 GRTST 24HR 0.34 ON 27-27 TO 1/4 MILE OR LESS
LOWEST: -7 ON 29 3 = THUNDER
SNOW, ICE PELLETS, HAIL 4 = ICE PELLETS
TOTAL MONTH: 8.3 INCHES 5 = HAIL
GRTST 24HR 3.8 ON 27-27 6 = FREEZING RAIN OR DRIZZLE
GRTST DEPTH: 7 ON 30 7 = DUSTSTORM OR SANDSTORM:
VSBY 1/2 MILE OR LESS
8 = SMOKE OR HAZE
[NO. OF DAYS WITH] [WEATHER - DAYS WITH] 9 = BLOWING SNOW
X = TORNADO
MAX 32 OR BELOW: 11 0.01 INCH OR MORE: 7
MAX 90 OR ABOVE: 0 0.10 INCH OR MORE: 3
MIN 32 OR BELOW: 30 0.50 INCH OR MORE: 0
MIN 0 OR BELOW: 1 1.00 INCH OR MORE: 0
[HDD (BASE 65) ]
TOTAL THIS MO. 1135 CLEAR (SCALE 0-3) 6
DPTR FM NORMAL -215 PTCLDY (SCALE 4-7) 13
TOTAL FM JUL 1 2681 CLOUDY (SCALE 8-10) 12
DPTR FM NORMAL -409
[CDD (BASE 65) ]
TOTAL THIS MO. 0
DPTR FM NORMAL 0 [PRESSURE DATA]
TOTAL FM JAN 1 673 HIGHEST SLP 30.57 ON 29
DPTR FM NORMAL 275 LOWEST SLP 29.26 ON 23
[REMARKS]
#FINAL-12-20#