000
CXUS53 KGRB 131536
CF6GRB
PRELIMINARY LOCAL CLIMATOLOGICAL DATA (WS FORM: F-6)
STATION: GREEN BAY WI
MONTH: JULY
YEAR: 2023
LATITUDE: 44 28 N
LONGITUDE: 88 8 W
TEMPERATURE IN F: :PCPN: SNOW: WIND :SUNSHINE: SKY :PK WND
================================================================================
1 2 3 4 5 6A 6B 7 8 9 10 11 12 13 14 15 16 17 18
12Z AVG MX 2MIN
DY MAX MIN AVG DEP HDD CDD WTR SNW DPTH SPD SPD DIR MIN PSBL S-S WX SPD DR
================================================================================
1 88 64 76 6 0 11 0.00 0.0 0 3.3 14 10 M M 1 8 17 20
2 81 63 72 2 0 7 0.00 0.0 0 9.1 20 20 M M 1 26 20
3 90 60 75 5 0 10 0.00 0.0 0 4.4 13 160 M M 0 8 16 160
4 91 65 78 8 0 13 T 0.0 0 5.4 16 270 M M 1 25 290
5 84 69 77 7 0 12 0.08 0.0 0 6.6 15 270 M M 5 13 20 310
6 79 60 70 0 0 5 0.00 0.0 0 7.9 20 360 M M 6 24 10
7 79 53 66 -4 0 1 0.00 0.0 0 4.0 13 150 M M 0 15 140
8 83 62 73 3 0 8 0.40 0.0 0 5.7 24 40 M M 5 13 32 350
9 82 58 70 -1 0 5 0.06 0.0 0 4.2 12 210 M M 2 1 17 200
10 90 65 78 7 0 13 0.25 0.0 0 10.0 22 350 M M 1 13 31 220
11 76 58 67 -4 0 2 0.00 0.0 0 5.8 15 360 M M 1 19 330
12 72 60 66 -5 0 1 0.16 0.0 0 5.4 15 120 M M 6 1 18 100
13 76 57 67 -4 0 2 0.00 0.0 0 4.8 12 170 M M 6 16 180
14 85 63 74 3 0 9 0.37 0.0 0 7.4 26 310 M M 3 13 37 290
15 81 62 72 1 0 7 0.16 0.0 0 6.8 16 330 M M 3 138 23 350
16 79 57 68 -3 0 3 0.02 0.0 0 7.1 20 330 M M 5 138 29 290
17 75 54 65 -6 0 0 0.00 0.0 0 8.0 17 270 M M 3 23 280
18 81 54 68 -3 0 3 0.00 0.0 0 4.7 15 290 M M 4 20 300
19 83 57 70 -1 0 5 T 0.0 0 4.8 18 270 M M 4 1 27 260
20 79 59 69 -2 0 4 0.34 0.0 0 9.0 23 320 M M 5 138 29 320
21 84 54 69 -2 0 4 0.00 0.0 0 4.1 23 40 M M 1 13 29 40
22 85 63 74 3 0 9 0.21 0.0 0 3.8 16 200 M M 5 13 23 210
23 84 59 72 1 0 7 T 0.0 0 3.9 12 280 M M 1 18 17 220
24 84 60 72 1 0 7 0.00 0.0 0 3.4 13 280 M M 0 18 18 280
25 89 61 75 4 0 10 0.00 0.0 0 3.5 18 360 M M 2 138 29 340
26 84 66 75 4 0 10 0.06 0.0 0 6.8 17 150 M M 3 138 24 140
27 90 62 76 5 0 11 0.24 0.0 0 5.8 31 330 M M 1 123 45 320
28 85 66 76 6 0 11 0.69 0.0 0 6.5 25 110 M M 6 13 37 110
29 83 60 72 2 0 7 T 0.0 0 6.1 17 60 M M 2 21 50
30 78 56 67 -3 0 2 0.00 0.0 0 6.1 16 310 M M 0 23 300
31 81 54 68 -2 0 3 0.00 0.0 0 2.2 9 320 M M 0 12 330
================================================================================
SM 2561 1861 0 202 3.04 0.0 176.6 M 83
================================================================================
AV 82.6 60.0 5.7 FASTST M M 3 MAX(MPH)
MISC ----> 31 330 45 320
================================================================================
NOTES:
# LAST OF SEVERAL OCCURRENCES
COLUMN 17 PEAK WIND IN M.P.H.
PRELIMINARY LOCAL CLIMATOLOGICAL DATA (WS FORM: F-6) , PAGE 2
STATION: GREEN BAY WI
MONTH: JULY
YEAR: 2023
LATITUDE: 44 28 N
LONGITUDE: 88 8 W
[TEMPERATURE DATA] [PRECIPITATION DATA] SYMBOLS USED IN COLUMN 16
AVERAGE MONTHLY: 71.3 TOTAL FOR MONTH: 3.04 1 = FOG OR MIST
DPTR FM NORMAL: 0.8 DPTR FM NORMAL: -0.58 2 = FOG REDUCING VISIBILITY
HIGHEST: 91 ON 4 GRTST 24HR 0.88 ON 27-28 TO 1/4 MILE OR LESS
LOWEST: 53 ON 7 3 = THUNDER
SNOW, ICE PELLETS, HAIL 4 = ICE PELLETS
TOTAL MONTH: 0.0 INCH 5 = HAIL
GRTST 24HR 0.0 6 = FREEZING RAIN OR DRIZZLE
GRTST DEPTH: 0 7 = DUSTSTORM OR SANDSTORM:
VSBY 1/2 MILE OR LESS
8 = SMOKE OR HAZE
[NO. OF DAYS WITH] [WEATHER - DAYS WITH] 9 = BLOWING SNOW
X = TORNADO
MAX 32 OR BELOW: 0 0.01 INCH OR MORE: 13
MAX 90 OR ABOVE: 4 0.10 INCH OR MORE: 9
MIN 32 OR BELOW: 0 0.50 INCH OR MORE: 1
MIN 0 OR BELOW: 0 1.00 INCH OR MORE: 0
[HDD (BASE 65) ]
TOTAL THIS MO. 0 CLEAR (SCALE 0-3) 19
DPTR FM NORMAL -14 PTCLDY (SCALE 4-7) 12
TOTAL FM JUL 1 0 CLOUDY (SCALE 8-10) 0
DPTR FM NORMAL -4
[CDD (BASE 65) ]
TOTAL THIS MO. 202
DPTR FM NORMAL 16 [PRESSURE DATA]
TOTAL FM JAN 1 375 HIGHEST SLP 30.17 ON 31
DPTR FM NORMAL 55 LOWEST SLP 29.69 ON 10
[REMARKS]
#FINAL-07-23#