000
CXUS53 KGID 030705
CF6GRI
PRELIMINARY LOCAL CLIMATOLOGICAL DATA (WS FORM: F-6)
STATION: GRAND ISLAND NE
MONTH: NOVEMBER
YEAR: 2022
LATITUDE: 40 58 N
LONGITUDE: 98 19 W
TEMPERATURE IN F: :PCPN: SNOW: WIND :SUNSHINE: SKY :PK WND
================================================================================
1 2 3 4 5 6A 6B 7 8 9 10 11 12 13 14 15 16 17 18
12Z AVG MX 2MIN
DY MAX MIN AVG DEP HDD CDD WTR SNW DPTH SPD SPD DIR MIN PSBL S-S WX SPD DR
================================================================================
1 78 41 60 14 5 0 0.00 0.0 0 11.5 21 200 M M 0 31 190
2 78 54 66 21 0 1 0.00 0.0 0 22.4 33 180 M M 0 47 190
3 67 38 53 8 12 0 0.01 0.0 0 17.7 25 180 M M 6 36 170
4 46 28 37 -7 28 0 0.14 T 0 11.3 22 360 M M 5 1 31 340
5 64 24 44 0 21 0 0.00 0.0 0 12.9 24 210 M M 0 35 220
6 59 33 46 2 19 0 0.00 0.0 0 7.5 16 320 M M 2 25 280
7 55 32 44 1 21 0 0.00 0.0 0 12.7 24 120 M M 2 35 110
8 69 46 58 15 7 0 0.00 0.0 0 17.9 25 160 M M 10 18 36 190
9 76 65 71 29 0 6 0.00 0.0 0 20.8 31 180 M M 9 44 180
10 69 21 45 3 20 0 0.02 0.0 0 18.2 30 180 M M 4 1 40 160
11 35 14 25 -17 40 0 0.00 0.0 0 13.9 23 320 M M 0 29 330
12 33 13 23 -18 42 0 0.00 0.0 0 8.4 16 340 M M 4 22 350
13 43 16 30 -11 35 0 0.00 0.0 0 12.4 25 150 M M 0 37 170
14 37 18 28 -12 37 0 0.00 0.0 0 10.7 20 330 M M 4 25 340
15 38 17 28 -12 37 0 T T 0 12.3 25 330 M M 8 33 340
16 32 11 22 -17 43 0 0.00 0.0 0 10.2 21 300 M M 2 27 320
17 35 16 26 -13 39 0 T T 0 15.8 30 320 M M 6 1 42 320
18 28 8 18 -20 47 0 0.00 0.0 0 13.8 23 310 M M 1 31 300
19 32 17 25 -13 40 0 0.00 0.0 0 14.5 31 340 M M 2 42 330
20 56 22 39 1 26 0 0.00 0.0 0 12.2 21 220 M M 0 29 230
21 56 18 37 0 28 0 0.00 0.0 0 6.4 13 330 M M 0 17 330
22 62 21 42 5 23 0 0.00 0.0 0 4.3 12 230 M M 0 22 250
23 57 20 39 3 26 0 0.00 0.0 0 6.1 13 150 M M 0 1 17 160
24 53 26 40 4 25 0 0.00 0.0 0 13.5 28 350 M M 1 35 350
25 59 20 40 4 25 0 0.00 0.0 0 9.3 18 220 M M 0 25 210
26 62 31 47 12 18 0 0.00 0.0 0 14.1 32 360 M M 2 42 360
27 42 25 34 -1 31 0 0.00 0.0 0 10.8 26 350 M M 0 34 360
28 57 29 43 9 22 0 0.00 0.0 0 12.0 25 30 M M 1 35 20
29 39 13 26 -8 39 0 0.03 0.4 0 20.0 37 20 M M 7 1 49 30
30 32 10 21 -13 44 0 0.00 0.0 T 9.5 17 170 M M 0 27 160
================================================================================
SM 1549 747 800 7 0.20 0.4 383.1 M 76
================================================================================
AV 51.6 24.9 12.8 FASTST M M 3 MAX(MPH)
MISC ----> 37 20 49 30
================================================================================
NOTES:
# LAST OF SEVERAL OCCURRENCES
COLUMN 17 PEAK WIND IN M.P.H.
PRELIMINARY LOCAL CLIMATOLOGICAL DATA (WS FORM: F-6) , PAGE 2
STATION: GRAND ISLAND NE
MONTH: NOVEMBER
YEAR: 2022
LATITUDE: 40 58 N
LONGITUDE: 98 19 W
[TEMPERATURE DATA] [PRECIPITATION DATA] SYMBOLS USED IN COLUMN 16
AVERAGE MONTHLY: 38.3 TOTAL FOR MONTH: 0.20 1 = FOG OR MIST
DPTR FM NORMAL: -1.3 DPTR FM NORMAL: -0.90 2 = FOG REDUCING VISIBILITY
HIGHEST: 78 ON 2, 1 GRTST 24HR 0.15 ON 3- 4 TO 1/4 MILE OR LESS
LOWEST: 8 ON 18 3 = THUNDER
SNOW, ICE PELLETS, HAIL 4 = ICE PELLETS
TOTAL MONTH: 0.4 INCH 5 = HAIL
GRTST 24HR 0.4 ON 29-29 6 = FREEZING RAIN OR DRIZZLE
GRTST DEPTH: T 7 = DUSTSTORM OR SANDSTORM:
VSBY 1/2 MILE OR LESS
8 = SMOKE OR HAZE
[NO. OF DAYS WITH] [WEATHER - DAYS WITH] 9 = BLOWING SNOW
X = TORNADO
MAX 32 OR BELOW: 4 0.01 INCH OR MORE: 4
MAX 90 OR ABOVE: 0 0.10 INCH OR MORE: 1
MIN 32 OR BELOW: 24 0.50 INCH OR MORE: 0
MIN 0 OR BELOW: 0 1.00 INCH OR MORE: 0
[HDD (BASE 65) ]
TOTAL THIS MO. 800 CLEAR (SCALE 0-3) 20
DPTR FM NORMAL 38 PTCLDY (SCALE 4-7) 8
TOTAL FM JUL 1 1155 CLOUDY (SCALE 8-10) 2
DPTR FM NORMAL -78
[CDD (BASE 65) ]
TOTAL THIS MO. 7
DPTR FM NORMAL 7 [PRESSURE DATA]
TOTAL FM JAN 1 1435 HIGHEST SLP 30.57 ON 18
DPTR FM NORMAL 281 LOWEST SLP 29.43 ON 5
[REMARKS]
#FINAL-11-22#