000
CXUS53 KGID 011449
CLMGRI
CLIMATE REPORT
NATIONAL WEATHER SERVICE HASTINGS NE
949 AM CDT SAT JUL 01 2023
...................................
...THE GRAND ISLAND NE CLIMATE SUMMARY FOR THE MONTH OF JUNE 2023...
CLIMATE NORMAL PERIOD 1991 TO 2020
CLIMATE RECORD PERIOD 1895 TO 2023
WEATHER OBSERVED NORMAL DEPART LAST YEAR`S
VALUE DATE(S) VALUE FROM VALUE DATE(S)
NORMAL
................................................................
TEMPERATURE (F)
RECORD
HIGH 108 06/15/1946
06/10/1933
LOW 36 06/04/1943
06/07/1935
06/21/1902
HIGHEST 98 06/19 99 -1 103 06/13
LOWEST 47 06/12 46 1 45 06/02
AVG. MAXIMUM 86.7 84.4 2.3 88.5
AVG. MINIMUM 60.7 61.1 -0.4 62.6
MEAN 73.7 72.8 0.9 75.6
DAYS MAX >= 90 11 8.0 3.0 14
DAYS MAX <= 32 0 0.0 0.0 0
DAYS MIN <= 32 0 0.0 0.0 0
DAYS MIN <= 0 0 0.0 0.0 0
PRECIPITATION (INCHES)
RECORD
MAXIMUM 13.96 1967
MINIMUM 0.05 2016
TOTALS 1.94 4.01 -2.07 2.41
DAILY AVG. 0.06 0.13 -0.07 0.08
DAYS >= .01 8 10.2 -2.2 8
DAYS >= .10 7 6.5 0.5 4
DAYS >= .50 0 2.6 -2.6 1
DAYS >= 1.00 0 1.2 -1.2 1
GREATEST
24 HR. TOTAL 0.56 06/29 TO 06/30
SNOWFALL (INCHES)
RECORDS
TOTAL 0.0 MM
TOTALS 0.0 0.0 0.0 0.0
SINCE 7/1 26.6 27.7 -1.1 MM
DAYS >= 1.0 0 0.0 0.0 0
GREATEST
SNOW DEPTH 0 0
24 HR TOTAL 0.0
DEGREE DAYS
HEATING TOTAL 4 17 -13 6
SINCE 7/1 5853 5920 -67 MM
COOLING TOTAL 272 249 23 330
SINCE 1/1 393 332 61 MM
................................................................
WIND (MPH)
AVERAGE WIND SPEED 8.2
HIGHEST WIND SPEED/DIRECTION 37/350 DATE 06/24
HIGHEST GUST SPEED/DIRECTION 47/010 DATE 06/24
SKY COVER
POSSIBLE SUNSHINE (PERCENT) MM
AVERAGE SKY COVER 0.18
NUMBER OF DAYS FAIR 24
NUMBER OF DAYS PC 6
NUMBER OF DAYS CLOUDY 0
AVERAGE RH (PERCENT) 60
WEATHER CONDITIONS. NUMBER OF DAYS WITH
THUNDERSTORM 12 MIXED PRECIP 0
HEAVY RAIN 2 RAIN 6
LIGHT RAIN 12 FREEZING RAIN 0
LT FREEZING RAIN 0 HAIL 0
HEAVY SNOW 0 SNOW 0
LIGHT SNOW 0 SLEET 0
FOG 16 FOG W/VIS <= 1/4 MILE 1
HAZE 13
- INDICATES NEGATIVE NUMBERS.
R INDICATES RECORD WAS SET OR TIED.
MM INDICATES DATA IS MISSING.
T INDICATES TRACE AMOUNT.
$$