000
CXUS53 KIWX 010810
CF6GSH
PRELIMINARY LOCAL CLIMATOLOGICAL DATA (WS FORM: F-6)
STATION: GOSHEN
MONTH: OCTOBER
YEAR: 2023
LATITUDE: 41 31 N
LONGITUDE: 85 47 W
TEMPERATURE IN F: :PCPN: SNOW: WIND :SUNSHINE: SKY :PK WND
================================================================================
1 2 3 4 5 6A 6B 7 8 9 10 11 12 13 14 15 16 17 18
12Z AVG MX 2MIN
DY MAX MIN AVG DEP HDD CDD WTR SNW DPTH SPD SPD DIR MIN PSBL S-S WX SPD DR
================================================================================
1 84 52 68 10 0 3 0.00 M M 1.9 9 60 M M 0 12 12 200
2 86 55 71 13 0 6 0.00 M M 2.1 8 150 M M 0 12 11 250
3 87 56 72 14 0 7 0.00 M M 5.4 16 180 M M 0 24 180
4 85 62 74 17 0 9 0.00 M M 9.7 24 190 M M 1 33 190
5 71 59 65 8 0 0 0.92 M M 10.1 21 200 M M 8 1 26 210
6 64 44 54 -2 11 0 0.01 M M 12.8 28 270 M M 3 1 36 260
7 56 43 50 -6 15 0 0.21 M M 10.2 28 320 M M 7 1 43 310
8 55 39 47 -9 18 0 0.21 M M 4.4 23 320 M M 7 1 31 330
9 58 42 50 -5 15 0 T M M 7.4 23 300 M M 4 30 300
10 57 38 48 -7 17 0 T M M 8.7 20 290 M M 8 25 250
11 66 37 52 -2 13 0 0.03 M M 4.1 17 260 M M 3 8 22 250
12 63 49 56 2 9 0 0.27 M M 5.1 10 80 M M 8 1 M M
13 60 50 55 1 10 0 0.33 M M 12.2 20 90 M M M 27 130
14 53 45 49 -4 16 0 0.31 M M 12.5 21 30 M M M 33 20
15 55 41 48 -5 17 0 0.05 0.0 0 12.8 23 340 M M M 31 340
16 54 46 50 -2 15 0 0.00 M M 9.9 12 310 M M 10 M M
17 60 39 50 -2 15 0 T 0.0 0 3.4 9 250 M M 7 8 17 210
18 63 44 54 2 11 0 0.00 M M 11.5 18 140 M M 1 1 28 190
19 57 52 55 4 10 0 0.58 M M 10.5 18 190 M M 10 1 25 170
20 56 40 48 -3 17 0 0.20 M M 10.3 23 330 M M 8 1 32 320
21 57 35 46 -4 19 0 0.06 M M 2.4 9 120 M M 6 12 M M
22 56 36 46 -4 19 0 0.00 M M 6.9 16 360 M M M 23 360
23 63 31 47 -3 18 0 0.00 M M 6.3 15 160 M M M 20 150
24 81 55 68 19 0 3 0.00 M M 12.9 24 230 M M 0 33 220
25 66 58 62 13 3 0 0.09 M M 8.8 21 220 M M 8 1 28 230
26 73 61 67 18 0 2 0.10 M M 11.9 23 220 M M 7 1 29 220
27 75 56 66 18 0 1 0.13 M M 11.9 23 310 M M 8 1 32 300
28 56 45 51 3 14 0 0.27 M M 8.2 18 350 M M 7 1 24 330
29 47 42 45 -2 20 0 0.32 M M 8.2 15 350 M M 10 1 20 360
30 45 28 37 -10 28 0 T M M 9.4 21 330 M M 7 1 28 320
31 37 25 31 -16 34 0 T M M 10.3 25 250 M M 4 1 33 280
================================================================================
SM 1946 1405 364 31 4.09 0.0 262.2 M 142
================================================================================
AV 62.8 45.3 8.5 FASTST M M 5 MAX(MPH)
MISC ----> # 28 270 43 310
================================================================================
NOTES:
# LAST OF SEVERAL OCCURRENCES
COLUMN 17 PEAK WIND IN M.P.H.
PRELIMINARY LOCAL CLIMATOLOGICAL DATA (WS FORM: F-6) , PAGE 2
STATION: GOSHEN
MONTH: OCTOBER
YEAR: 2023
LATITUDE: 41 31 N
LONGITUDE: 85 47 W
[TEMPERATURE DATA] [PRECIPITATION DATA] SYMBOLS USED IN COLUMN 16
AVERAGE MONTHLY: 54.0 TOTAL FOR MONTH: 4.09 1 = FOG OR MIST
DPTR FM NORMAL: 1.5 DPTR FM NORMAL: 1.11 2 = FOG REDUCING VISIBILITY
HIGHEST: 87 ON 3 GRTST 24HR 0.92 ON 5- 5 TO 1/4 MILE OR LESS
LOWEST: 25 ON 31 3 = THUNDER
SNOW, ICE PELLETS, HAIL 4 = ICE PELLETS
TOTAL MONTH: 0.0 INCH 5 = HAIL
GRTST 24HR 0.0 6 = FREEZING RAIN OR DRIZZLE
GRTST DEPTH: 0 7 = DUSTSTORM OR SANDSTORM:
VSBY 1/2 MILE OR LESS
8 = SMOKE OR HAZE
[NO. OF DAYS WITH] [WEATHER - DAYS WITH] 9 = BLOWING SNOW
X = TORNADO
MAX 32 OR BELOW: 0 0.01 INCH OR MORE: 17
MAX 90 OR ABOVE: 0 0.10 INCH OR MORE: 12
MIN 32 OR BELOW: 3 0.50 INCH OR MORE: 2
MIN 0 OR BELOW: 0 1.00 INCH OR MORE: 0
[HDD (BASE 65) ]
TOTAL THIS MO. 364 CLEAR (SCALE 0-3) 7
DPTR FM NORMAL -36 PTCLDY (SCALE 4-7) 14
TOTAL FM JUL 1 429 CLOUDY (SCALE 8-10) 10
DPTR FM NORMAL -94
[CDD (BASE 65) ]
TOTAL THIS MO. 31
DPTR FM NORMAL 19 [PRESSURE DATA]
TOTAL FM JAN 1 705 HIGHEST SLP 30.34 ON 1
DPTR FM NORMAL -60 LOWEST SLP 29.55 ON 20
[REMARKS]
#FINAL-10-23#