000
CXUS52 KRAH 010845
CF6GSO
PRELIMINARY LOCAL CLIMATOLOGICAL DATA (WS FORM: F-6)
STATION: PIEDMONT TRIAD INTL AIRPORT NC
MONTH: MAY
YEAR: 2021
LATITUDE: 36 4 N
LONGITUDE: 79 57 W
TEMPERATURE IN F: :PCPN: SNOW: WIND :SUNSHINE: SKY :PK WND
================================================================================
1 2 3 4 5 6A 6B 7 8 9 10 11 12 13 14 15 16 17 18
12Z AVG MX 2MIN
DY MAX MIN AVG DEP HDD CDD WTR SNW DPTH SPD SPD DIR MIN PSBL S-S WX SPD DR
================================================================================
1 72 46 59 -5 6 0 0.00 0.0 0 6.4 15 10 M M 3 21 10
2 79 48 64 0 1 0 T 0.0 0 9.2 22 210 M M 7 28 210
3 74 64 69 5 0 4 1.07 0.0 0 11.0 22 230 M M 9 13 32 230
4 83 64 74 9 0 9 0.15 0.0 0 11.1 31 290 M M 9 13 40 300
5 81 59 70 5 0 5 T 0.0 0 11.6 21 320 M M 7 26 260
6 69 49 59 -6 6 0 0.00 0.0 0 4.0 12 40 M M 3 18 40
7 67 48 58 -7 7 0 0.02 0.0 0 8.7 25 300 M M 6 1 34 300
8 72 42 57 -9 8 0 T 0.0 0 8.9 24 300 M M 5 35 270
9 78 49 64 -2 1 0 T 0.0 0 11.7 28 210 M M 9 36 220
10 78 58 68 2 0 3 0.71 T 0 7.4 28 260 M M 9 1358 39 250
11 67 53 60 -6 5 0 0.00 0.0 0 4.4 13 60 M M 7 15 40
12 57 44 51 -15 14 0 0.09 0.0 0 6.7 16 60 M M 9 1 24 40
13 68 43 56 -11 9 0 0.00 0.0 0 5.7 17 60 M M 3 23 50
14 71 41 56 -11 9 0 0.00 0.0 0 1.9 13 330 M M 3 17 320
15 74 44 59 -8 6 0 0.00 0.0 0 2.1 12 310 M M 4 15 320
16 70 52 61 -7 4 0 0.01 0.0 0 3.4 14 50 M M 9 1 15 40
17 67 55 61 -7 4 0 T 0.0 0 5.6 12 40 M M 10 13 30
18 73 55 64 -4 1 0 0.00 0.0 0 4.4 10 90 M M 10 15 120
19 79 53 66 -2 0 1 0.00 0.0 0 2.5 10 130 M M 5 1 13 120
20 83 53 68 0 0 3 0.00 0.0 0 2.2 15 130 M M 4 18 120
21 80 58 69 0 0 4 0.00 0.0 0 5.7 14 60 M M 3 21 100
22 86 53 70 1 0 5 0.00 0.0 0 3.3 12 310 M M 7 14 320
23 89 67 78 9 0 13 0.00 0.0 0 5.3 15 330 M M 5 20 340
24 90 65 78 8 0 13 0.00 0.0 0 4.5 17 120 M M 7 21 120
25 84 66 75 5 0 10 T 0.0 0 5.8 17 270 M M 9 1 21 270
26 90 68 79 9 0 14 0.00 0.0 0 8.1 18 220 M M 7 23 210
27 88 66 77 7 0 12 0.00 0.0 0 3.8 12 210 M M 6 16 210
28 89 66 78 7 0 13 T 0.0 0 8.1 23 220 M M 7 33 210
29 79 53 66 -5 0 1 0.97 0.0 0 10.1 23 60 M M 9 13 26 330
30 67 51 59 -12 6 0 T 0.0 0 7.2 21 60 M M 8 26 60
31 74 51 63 -8 2 0 0.00 0.0 0 2.4 9 190 M M 5 12 150
================================================================================
SM 2378 1684 89 110 3.02 T 193.2 M 204
================================================================================
AV 76.7 54.3 6.2 FASTST M M 7 MAX(MPH)
MISC ----> 31 290 40 300
================================================================================
NOTES:
# LAST OF SEVERAL OCCURRENCES
COLUMN 17 PEAK WIND IN M.P.H.
PRELIMINARY LOCAL CLIMATOLOGICAL DATA (WS FORM: F-6) , PAGE 2
STATION: PIEDMONT TRIAD INTL AIRPORT NC
MONTH: MAY
YEAR: 2021
LATITUDE: 36 4 N
LONGITUDE: 79 57 W
[TEMPERATURE DATA] [PRECIPITATION DATA] SYMBOLS USED IN COLUMN 16
AVERAGE MONTHLY: 65.5 TOTAL FOR MONTH: 3.02 1 = FOG OR MIST
DPTR FM NORMAL: -2.0 DPTR FM NORMAL: -0.47 2 = FOG REDUCING VISIBILITY
HIGHEST: 90 ON 26,24 GRTST 24HR 1.07 ON 3- 3 TO 1/4 MILE OR LESS
LOWEST: 41 ON 14 3 = THUNDER
SNOW, ICE PELLETS, HAIL 4 = ICE PELLETS
TOTAL MONTH: T 5 = HAIL
GRTST 24HR T ON 10-10 6 = FREEZING RAIN OR DRIZZLE
GRTST DEPTH: 0 7 = DUSTSTORM OR SANDSTORM:
VSBY 1/2 MILE OR LESS
8 = SMOKE OR HAZE
[NO. OF DAYS WITH] [WEATHER - DAYS WITH] 9 = BLOWING SNOW
X = TORNADO
MAX 32 OR BELOW: 0 0.01 INCH OR MORE: 7
MAX 90 OR ABOVE: 2 0.10 INCH OR MORE: 4
MIN 32 OR BELOW: 0 0.50 INCH OR MORE: 3
MIN 0 OR BELOW: 0 1.00 INCH OR MORE: 1
[HDD (BASE 65) ]
TOTAL THIS MO. 89 CLEAR (SCALE 0-3) 4
DPTR FM NORMAL 30 PTCLDY (SCALE 4-7) 17
TOTAL FM JUL 1 3404 CLOUDY (SCALE 8-10) 10
DPTR FM NORMAL -91
[CDD (BASE 65) ]
TOTAL THIS MO. 110
DPTR FM NORMAL -28 [PRESSURE DATA]
TOTAL FM JAN 1 153 HIGHEST SLP 30.51 ON 21
DPTR FM NORMAL -30 LOWEST SLP 29.67 ON 29
[REMARKS]
#FINAL-05-21#