000
CXUS52 KRAH 050019 RRB
CLSGSO
CLIMATE REPORT
NATIONAL WEATHER SERVICE RALEIGH NC
719 PM EST SAT MAR 04 2023
...................................
...THE GREENSBORO NC CLIMATE SUMMARY FOR THE SEASON, FROM
12/1/2022 TO 2/28/2023...
CLIMATE NORMAL PERIOD 1991 TO 2020
CLIMATE RECORD PERIOD 1903 TO 2023
WEATHER OBSERVED NORMAL DEPART LAST YEAR`S
VALUE DATE(S) VALUE FROM VALUE
NORMAL
..............................................................
TEMPERATURE (F)
RECORD
HIGH 81 02/12/2017
02/26/1977
02/25/1930
LOW -8 01/21/1985
HIGHEST 81R 02/23
LOWEST 5 12/24
AVG. MAXIMUM 54.6 51.5 3.1
AVG. MINIMUM 36.0 31.9 4.1
MEAN 45.3 41.7 3.6
DAYS MAX >= 90 0 0.0 0.0
DAYS MAX <= 32 1 3.6 -2.6
DAYS MIN <= 32 35 51.1 -16.1
DAYS MIN <= 0 0 0.0 0.0
PRECIPITATION (INCHES)
RECORD
MAXIMUM 17.84 1915
MINIMUM 3.81 1986
TOTALS 11.24 9.37 1.87
DAYS >= .01 32 28.5 3.5
DAYS >= 1.00 2 1.9 0.1
GREATEST
24 HR. TOTAL 1.29 02/11 TO 02/12
SNOWFALL (INCHES)
RECORDS
TOTAL 26.0 1966
TOTALS T 6.1 -6.1
DAYS >= TRACE 2 3.3 -1.3
DAYS >= 1.0 0 1.9 -1.9
GREATEST
SNOW DEPTH 0
DEGREE DAYS
HEATING TOTAL 1773 2100 -327
SINCE 7/1 2448 2768 -320
..............................................................
WIND (MPH)
AVERAGE WIND SPEED 7.0
HIGHEST WIND SPEED/DIRECTION 39/290 DATE 12/23
HIGHEST GUST SPEED/DIRECTION 50/290 DATE 12/23
SKY COVER
POSSIBLE SUNSHINE (PERCENT) MM
AVERAGE SKY COVER 0.67
NUMBER OF DAYS FAIR 16
NUMBER OF DAYS PC 30
NUMBER OF DAYS CLOUDY 44
AVERAGE RH (PERCENT) 68
WEATHER CONDITIONS. NUMBER OF DAYS WITH
THUNDERSTORM 2 MIXED PRECIP 0
HEAVY RAIN 8 RAIN 18
LIGHT RAIN 38 FREEZING RAIN 0
LT FREEZING RAIN 0 HAIL 0
HEAVY SNOW 0 SNOW 1
LIGHT SNOW 1 SLEET 1
FOG 42 FOG W/VIS <= 1/4 MILE 13
HAZE 4
- INDICATES NEGATIVE NUMBERS.
R INDICATES RECORD WAS SET OR TIED.
MM INDICATES DATA IS MISSING.
T INDICATES TRACE AMOUNT.
&&
DJF 2022-2023 WAS THE 3RD WARMEST DJF ON RECORD.
THE RECORD HIGH TEMPERATURE OF 81 THAT WAS SET ON FEB 23RD, 2023 TIES THE RECORD FOR
THE WARMEST DJF DAY. THE PREVIOUS RECORD OF 81 WAS SET ON FEB 12, 2017.
$$