000
CXUS52 KGSP 010917
CF6GSP
PRELIMINARY LOCAL CLIMATOLOGICAL DATA (WS FORM: F-6)
STATION: GREENVILLE-SPARTANBURG SC
MONTH: OCTOBER
YEAR: 2020
LATITUDE: 34 54 N
LONGITUDE: 82 13 W
TEMPERATURE IN F: :PCPN: SNOW: WIND :SUNSHINE: SKY :PK WND
================================================================================
1 2 3 4 5 6A 6B 7 8 9 10 11 12 13 14 15 16 17 18
12Z AVG MX 2MIN
DY MAX MIN AVG DEP HDD CDD WTR SNW DPTH SPD SPD DIR MIN PSBL S-S WX SPD DR
================================================================================
1 80 50 65 -1 0 0 0.00 0.0 0 6.7 18 200 M M 0 24 200
2 70 47 59 -7 6 0 0.00 0.0 0 3.4 13 30 M M 0 18 30
3 70 44 57 -9 8 0 0.00 0.0 0 4.3 12 40 M M 1 16 60
4 70 45 58 -7 7 0 0.00 0.0 0 3.4 9 20 M M 0 13 50
5 75 47 61 -4 4 0 0.00 0.0 0 3.4 9 80 M M 0 1 14 50
6 78 49 64 -1 1 0 0.00 0.0 0 2.3 9 170 M M 0 1 13 170
7 82 51 67 3 0 2 0.00 0.0 0 3.1 10 230 M M 0 1 13 220
8 87 53 70 6 0 5 0.00 0.0 0 2.2 9 210 M M 0 12 190
9 66 60 63 -1 2 0 0.04 0.0 0 5.9 13 50 M M 3 17 30
10 68 61 65 2 0 0 1.09 0.0 0 7.0 14 30 M M 10 1 18 20
11 72 64 68 5 0 3 1.13 0.0 0 7.1 13 40 M M 10 1 18 110
12 78 63 71 8 0 6 T 0.0 0 2.7 8 250 M M 8 1 11 10
13 84 53 69 7 0 4 0.00 0.0 0 3.5 12 350 M M 4 12 18 360
14 76 47 62 0 3 0 0.00 0.0 0 2.5 8 80 M M 0 12 90
15 73 51 62 0 3 0 0.00 0.0 0 3.4 10 220 M M 7 1 14 190
16 70 50 60 -2 5 0 0.00 0.0 0 4.9 14 360 M M 5 12 20 10
17 63 42 53 -8 12 0 0.00 0.0 0 5.9 14 50 M M 1 18 60
18 66 39 53 -8 12 0 0.00 0.0 0 3.1 9 50 M M 0 12 50
19 73 44 59 -2 6 0 0.00 0.0 0 2.1 7 170 M M 0 10 210
20 76 47 62 2 3 0 0.00 0.0 0 2.5 7 100 M M 0 1 9 150
21 81 58 70 10 0 5 0.00 0.0 0 3.0 9 90 M M 4 1 11 110
22 79 59 69 9 0 4 0.00 0.0 0 3.0 9 100 M M 2 1 12 100
23 81 59 70 11 0 5 0.00 0.0 0 2.6 10 170 M M 3 14 150
24 82 57 70 11 0 5 0.18 0.0 0 3.0 13 190 M M 3 1 19 190
25 70 56 63 4 2 0 2.15 0.0 0 6.8 15 40 M M 10 13 19 50
26 70 55 63 4 2 0 0.01 0.0 0 3.3 10 50 M M 7 1 13 50
27 77 54 66 8 0 1 0.00 0.0 0 4.6 12 210 M M 5 12 15 190
28 70 64 67 9 0 2 0.47 0.0 0 3.5 15 180 M M 10 12 22 180
29 82 64 73 15 0 8 0.59 0.0 0 17.4 41 190 M M 6 1 54 200
30 65 45 55 -3 10 0 0.00 0.0 0 9.3 18 340 M M 1 29 340
31 59 38 49 -8 16 0 T 0.0 0 6.4 16 40 M M 3 21 50
================================================================================
SM 2293 1616 102 50 5.66 0.0 142.3 M 103
================================================================================
AV 74.0 52.1 4.6 FASTST M M 3 MAX(MPH)
MISC ----> 41 190 54 200
================================================================================
NOTES:
# LAST OF SEVERAL OCCURRENCES
COLUMN 17 PEAK WIND IN M.P.H.
PRELIMINARY LOCAL CLIMATOLOGICAL DATA (WS FORM: F-6) , PAGE 2
STATION: GREENVILLE-SPARTANBURG SC
MONTH: OCTOBER
YEAR: 2020
LATITUDE: 34 54 N
LONGITUDE: 82 13 W
[TEMPERATURE DATA] [PRECIPITATION DATA] SYMBOLS USED IN COLUMN 16
AVERAGE MONTHLY: 63.0 TOTAL FOR MONTH: 5.66 1 = FOG OR MIST
DPTR FM NORMAL: 1.4 DPTR FM NORMAL: 2.22 2 = FOG REDUCING VISIBILITY
HIGHEST: 87 ON 8 GRTST 24HR 2.32 ON 24-25 TO 1/4 MILE OR LESS
LOWEST: 38 ON 31 3 = THUNDER
SNOW, ICE PELLETS, HAIL 4 = ICE PELLETS
TOTAL MONTH: 0.0 INCH 5 = HAIL
GRTST 24HR 0.0 6 = FREEZING RAIN OR DRIZZLE
GRTST DEPTH: 0 7 = DUSTSTORM OR SANDSTORM:
VSBY 1/2 MILE OR LESS
8 = SMOKE OR HAZE
[NO. OF DAYS WITH] [WEATHER - DAYS WITH] 9 = BLOWING SNOW
X = TORNADO
MAX 32 OR BELOW: 0 0.01 INCH OR MORE: 8
MAX 90 OR ABOVE: 0 0.10 INCH OR MORE: 6
MIN 32 OR BELOW: 0 0.50 INCH OR MORE: 4
MIN 0 OR BELOW: 0 1.00 INCH OR MORE: 3
[HDD (BASE 65) ]
TOTAL THIS MO. 102 CLEAR (SCALE 0-3) 17
DPTR FM NORMAL -51 PTCLDY (SCALE 4-7) 9
TOTAL FM JUL 1 132 CLOUDY (SCALE 8-10) 5
DPTR FM NORMAL -37
[CDD (BASE 65) ]
TOTAL THIS MO. 50
DPTR FM NORMAL 2 [PRESSURE DATA]
TOTAL FM JAN 1 1700 HIGHEST SLP 30.46 ON 31
DPTR FM NORMAL -10 LOWEST SLP 29.47 ON 29
[REMARKS]
#FINAL-10-20#