000
CXUS56 KTFX 011210
CF6GTF
PRELIMINARY LOCAL CLIMATOLOGICAL DATA (WS FORM: F-6)
STATION: GREAT FALLS MT
MONTH: OCTOBER
YEAR: 2020
LATITUDE: 47 28 N
LONGITUDE: 111 22 W
TEMPERATURE IN F: :PCPN: SNOW: WIND :SUNSHINE: SKY :PK WND
================================================================================
1 2 3 4 5 6A 6B 7 8 9 10 11 12 13 14 15 16 17 18
12Z AVG MX 2MIN
DY MAX MIN AVG DEP HDD CDD WTR SNW DPTH SPD SPD DIR MIN PSBL S-S WX SPD DR
================================================================================
1 74 34 54 4 11 0 0.00 0.0 0 6.2 14 230 M M 0 18 190
2 71 42 57 7 8 0 0.00 0.0 0 6.3 13 210 M M 0 17 70
3 75 36 56 6 9 0 0.00 0.0 0 6.8 13 200 M M 0 15 210
4 83 50 67 17 0 2 0.00 0.0 0 15.3 28 270 M M 0 36 270
5 77 41 59 10 6 0 0.00 0.0 0 11.8 24 250 M M 1 33 250
6 82 48 65 16 0 0 0.00 0.0 0 15.2 33 250 M M 0 42 250
7 75 35 55 7 10 0 0.00 0.0 0 8.0 15 120 M M 0 22 120
8 79 44 62 14 3 0 0.00 0.0 0 14.5 29 250 M M 0 40 250
9 74 46 60 12 5 0 0.00 0.0 0 10.1 22 230 M M 0 31 240
10 81 49 65 18 0 0 T 0.0 0 20.7 40 260 M M 1 8 54 250
11 57 41 49 2 16 0 0.00 0.0 0 20.6 33 260 M M 1 45 270
12 61 33 47 0 18 0 T 0.0 0 19.6 38 260 M M 3 50 250
13 56 32 44 -2 21 0 T 0.0 0 15.7 35 240 M M 5 50 230
14 46 26 36 -10 29 0 0.01 0.0 0 12.9 29 240 M M 4 42 250
15 51 23 37 -9 28 0 0.00 0.0 0 7.7 16 330 M M 2 26 340
16 58 29 44 -1 21 0 0.12 0.9 0 19.5 32 350 M M 7 1 45 330
17 29 19 24 -21 41 0 0.22 4.2 2 7.3 18 60 M M 10 1 22 70
18 22 18 20 -25 45 0 0.69 8.2 5 5.7 14 60 M M 10 1 17 60
19 36 20 28 -16 37 0 0.18 0.5 10 3.1 10 360 M M 7 16 14 340
20 38 24 31 -13 34 0 0.05 T 4 4.8 18 330 M M 10 128 25 330
21 33 22 28 -16 37 0 0.04 1.8 2 12.3 29 340 M M 10 12 38 340
22 22 5 14 -29 51 0 0.04 1.1 4 6.8 18 360 M M 8 18 23 360
23 19 3 11 -32 54 0 0.40 4.0 4 5.5 22 330 M M 8 128 28 340
24 15 2 9 -33 56 0 0.29 7.0 8 14.7 23 50 M M 10 1 30 50
25 14 0 7 -35 58 0 T 0.3 9 11.6 28 210 M M 4 1 36 220
26 28 13 21 -21 44 0 0.00 0.0 7 20.5 29 210 M M 3 33 210
27 44 27 36 -5 29 0 0.00 0.0 5 23.0 32 220 M M 0 42 220
28 48 37 43 2 22 0 0.00 0.0 2 10.3 20 240 M M 7 26 240
29 62 36 49 9 16 0 0.00 0.0 T 16.9 31 240 M M 1 43 240
30 68 36 52 12 13 0 0.00 0.0 0 20.8 47 270 M M 0 66 270
31 52 26 39 -1 26 0 0.00 0.0 0 9.8 20 250 M M 3 24 210
================================================================================
SM 1630 897 748 2 2.04 28.0 384.0 M 115
================================================================================
AV 52.6 28.9 12.4 FASTST M M 4 MAX(MPH)
MISC ----> 47 270 66 270
================================================================================
NOTES:
# LAST OF SEVERAL OCCURRENCES
COLUMN 17 PEAK WIND IN M.P.H.
PRELIMINARY LOCAL CLIMATOLOGICAL DATA (WS FORM: F-6) , PAGE 2
STATION: GREAT FALLS MT
MONTH: OCTOBER
YEAR: 2020
LATITUDE: 47 28 N
LONGITUDE: 111 22 W
[TEMPERATURE DATA] [PRECIPITATION DATA] SYMBOLS USED IN COLUMN 16
AVERAGE MONTHLY: 40.8 TOTAL FOR MONTH: 2.04 1 = FOG OR MIST
DPTR FM NORMAL: -4.4 DPTR FM NORMAL: 1.18 2 = FOG REDUCING VISIBILITY
HIGHEST: 83 ON 4 GRTST 24HR 0.80 ON 18-19 TO 1/4 MILE OR LESS
LOWEST: 0 ON 25 3 = THUNDER
SNOW, ICE PELLETS, HAIL 4 = ICE PELLETS
TOTAL MONTH: 28.0 INCHES 5 = HAIL
GRTST 24HR 8.2 ON 18-18 6 = FREEZING RAIN OR DRIZZLE
GRTST DEPTH: 10 ON 19 7 = DUSTSTORM OR SANDSTORM:
VSBY 1/2 MILE OR LESS
8 = SMOKE OR HAZE
[NO. OF DAYS WITH] [WEATHER - DAYS WITH] 9 = BLOWING SNOW
X = TORNADO
MAX 32 OR BELOW: 7 0.01 INCH OR MORE: 10
MAX 90 OR ABOVE: 0 0.10 INCH OR MORE: 6
MIN 32 OR BELOW: 16 0.50 INCH OR MORE: 1
MIN 0 OR BELOW: 1 1.00 INCH OR MORE: 0
[HDD (BASE 65) ]
TOTAL THIS MO. 748 CLEAR (SCALE 0-3) 18
DPTR FM NORMAL 135 PTCLDY (SCALE 4-7) 7
TOTAL FM JUL 1 1012 CLOUDY (SCALE 8-10) 6
DPTR FM NORMAL -8
[CDD (BASE 65) ]
TOTAL THIS MO. 2
DPTR FM NORMAL 1 [PRESSURE DATA]
TOTAL FM JAN 1 307 HIGHEST SLP 30.80 ON 25
DPTR FM NORMAL 9 LOWEST SLP 29.28 ON 10
[REMARKS]
#FINAL-10-20#