000
CXUS54 KAMA 010810
CF6GUY
PRELIMINARY LOCAL CLIMATOLOGICAL DATA (WS FORM: F-6)
STATION: GUYMON
MONTH: JANUARY
YEAR: 2022
LATITUDE: 36 41 N
LONGITUDE: 101 30 W
TEMPERATURE IN F: :PCPN: SNOW: WIND :SUNSHINE: SKY :PK WND
================================================================================
1 2 3 4 5 6A 6B 7 8 9 10 11 12 13 14 15 16 17 18
12Z AVG MX 2MIN
DY MAX MIN AVG DEP HDD CDD WTR SNW DPTH SPD SPD DIR MIN PSBL S-S WX SPD DR
================================================================================
1 23 9 16 -19 49 0 0.03 M M 18.6 26 360 M M 9 18 36 350
2 45 2 24 -11 41 0 0.00 M M 7.7 14 260 M M 0 21 260
3 55 16 36 1 29 0 0.00 M M 10.4 28 210 M M 0 35 210
4 69 23 46 11 19 0 0.00 M M 10.4 26 320 M M 0 37 310
5 46 14 30 -6 35 0 0.00 M M 11.4 26 30 M M 0 35 190
6 20 7 14 -22 51 0 T M M 11.6 26 10 M M 4 34 10
7 51 12 32 -4 33 0 0.00 M M 9.9 17 180 M M 0 24 170
8 71 29 50 14 15 0 0.00 M M 14.3 24 20 M M 0 31 20
9 45 21 33 -3 32 0 0.00 M M 8.9 22 20 M M 2 28 20
10 63 18 41 5 24 0 0.00 M M 4.9 12 240 M M 0 15 240
11 65 26 46 10 19 0 0.00 M M 11.6 23 230 M M 0 32 230
12 68 24 46 10 19 0 0.00 M M 5.9 12 30 M M 0 17 30
13 70 32 51 15 14 0 0.00 M M 5.9 16 30 M M 0 23 20
14 62 32 47 11 18 0 0.00 M M 22.2 48 10 M M 3 8 65 20
15 43 18 31 -5 34 0 0.00 M M 17.0 33 360 M M 0 47 360
16 66 15 41 5 24 0 0.00 M M 8.5 21 360 M M 0 27 360
17 66 18 42 6 23 0 0.00 M M 7.4 29 210 M M 0 38 210
18 69 31 50 14 15 0 0.00 M M 6.2 13 330 M M 0 17 340
19 43 18 31 -6 34 0 0.02 M M 20.2 33 30 M M 7 46 30
20 26 14 20 -17 45 0 0.05 M M 7.6 17 30 M M 4 1 22 20
21 46 16 31 -6 34 0 0.00 M M 8.9 15 170 M M 1 22 170
22 51 28 40 3 25 0 0.00 M M 5.7 12 260 M M 3 16 10
23 61 31 46 9 19 0 0.00 M M 8.1 16 270 M M 0 22 330
24 60 24 42 5 23 0 0.00 M M 11.4 26 30 M M 1 32 20
25 43 22 33 -4 32 0 T M M 10.1 17 80 M M 9 24 60
26 43 21 32 -5 33 0 T M M 9.4 21 220 M M 6 1 27 200
27 49 25 37 0 28 0 0.00 M M 14.2 24 20 M M 3 33 40
28 56 21 39 2 26 0 0.00 M M 11.3 22 350 M M 0 29 350
29 69 26 48 11 17 0 0.00 M M 6.5 15 240 M M 0 19 240
30 66 20 43 6 22 0 0.00 M M 6.2 17 200 M M 0 23 200
31 72 19 46 9 19 0 0.00 M M 9.1 25 210 M M 0 34 210
================================================================================
SM 1682 632 851 0 0.10 M 321.5 M 52
================================================================================
AV 54.3 20.4 10.4 FASTST M M 2 MAX(MPH)
MISC ----> 48 10 65 20
================================================================================
NOTES:
# LAST OF SEVERAL OCCURRENCES
COLUMN 17 PEAK WIND IN M.P.H.
PRELIMINARY LOCAL CLIMATOLOGICAL DATA (WS FORM: F-6) , PAGE 2
STATION: GUYMON
MONTH: JANUARY
YEAR: 2022
LATITUDE: 36 41 N
LONGITUDE: 101 30 W
[TEMPERATURE DATA] [PRECIPITATION DATA] SYMBOLS USED IN COLUMN 16
AVERAGE MONTHLY: 37.3 TOTAL FOR MONTH: 0.10 1 = FOG OR MIST
DPTR FM NORMAL: 1.0 DPTR FM NORMAL: -0.31 2 = FOG REDUCING VISIBILITY
HIGHEST: 72 ON 31 GRTST 24HR 0.23 ON 26-26 TO 1/4 MILE OR LESS
LOWEST: 2 ON 2 3 = THUNDER
SNOW, ICE PELLETS, HAIL 4 = ICE PELLETS
TOTAL MONTH: M 5 = HAIL
GRTST 24HR M ON M 6 = FREEZING RAIN OR DRIZZLE
GRTST DEPTH: M ON M 7 = DUSTSTORM OR SANDSTORM:
VSBY 1/2 MILE OR LESS
8 = SMOKE OR HAZE
[NO. OF DAYS WITH] [WEATHER - DAYS WITH] 9 = BLOWING SNOW
X = TORNADO
MAX 32 OR BELOW: 3 0.01 INCH OR MORE: 3
MAX 90 OR ABOVE: 0 0.10 INCH OR MORE: 0
MIN 32 OR BELOW: 31 0.50 INCH OR MORE: 0
MIN 0 OR BELOW: 0 1.00 INCH OR MORE: 0
[HDD (BASE 65) ]
TOTAL THIS MO. 851 CLEAR (SCALE 0-3) 22
DPTR FM NORMAL -39 PTCLDY (SCALE 4-7) 7
TOTAL FM JUL 1 2105 CLOUDY (SCALE 8-10) 2
DPTR FM NORMAL -540
[CDD (BASE 65) ]
TOTAL THIS MO. 0
DPTR FM NORMAL 0 [PRESSURE DATA]
TOTAL FM JAN 1 0 HIGHEST SLP M ON M
DPTR FM NORMAL 0 LOWEST SLP 29.53 ON 8
[REMARKS]
#FINAL-01-22#