000
CXUS54 KFWD 010830
CF6GVT
PRELIMINARY LOCAL CLIMATOLOGICAL DATA (WS FORM: F-6)
STATION: GREENVILLE
MONTH: FEBRUARY
YEAR: 2023
LATITUDE: 33 4 N
LONGITUDE: 96 4 W
TEMPERATURE IN F: :PCPN: SNOW: WIND :SUNSHINE: SKY :PK WND
================================================================================
1 2 3 4 5 6A 6B 7 8 9 10 11 12 13 14 15 16 17 18
12Z AVG MX 2MIN
DY MAX MIN AVG DEP HDD CDD WTR SNW DPTH SPD SPD DIR MIN PSBL S-S WX SPD DR
================================================================================
1 32 25 29 -18 36 0 M M M 6.5 9 360 M M 10 146 M M
2 33 32 33 -14 32 0 0.44 M M 4.7 9 330 M M 10 16 M M
3 52 29 41 -6 24 0 0.00 M M 3.4 9 320 M M 2 1 M M
4 59 28 44 -3 21 0 0.00 M M 8.1 20 190 M M 0 1 24 180
5 66 36 51 4 14 0 0.00 M M 6.9 10 150 M M 1 12 M M
6 70 44 57 10 8 0 0.00 M M 13.1 24 180 M M 6 1 30 170
7 62 50 56 8 9 0 1.17 M M 9.4 17 170 M M 10 1 22 20
8 52 40 46 -2 19 0 2.70 M M 10.3 21 270 M M 9 1 29 270
9 63 30 47 -1 18 0 0.00 M M 6.5 12 160 M M 1 128 M M
10 49 35 42 -6 23 0 0.00 M M 13.7 18 350 M M 10 25 330
11 51 36 44 -4 21 0 0.00 M M 8.1 13 340 M M 6 1 18 350
12 64 27 46 -2 19 0 0.00 M M 5.7 14 200 M M 0 1 M M
13 67 43 55 6 10 0 0.00 M M 8.8 14 160 M M 1 17 190
14 71 47 59 10 6 0 0.58 M M 15.9 29 220 M M 4 1 37 220
15 76 41 59 10 6 0 0.00 M M 8.2 20 140 M M 2 28 170
16 69 34 52 3 13 0 0.00 M M 16.9 26 300 M M 6 32 210
17 49 29 39 -11 26 0 0.00 M M 8.2 16 340 M M 0 22 340
18 54 24 39 -11 26 0 0.00 M M 6.6 16 200 M M 0 20 200
19 69 44 57 7 8 0 0.00 M M 12.9 18 200 M M 0 24 200
20 78 57 68 18 0 3 0.00 M M 12.1 17 230 M M 0 25 200
21 86 58 72 22 0 7 0.00 M M 13.7 21 180 M M 0 33 190
22 76 54 65 14 0 0 0.26 M M 14.1 25 180 M M 5 18 33 170
23 64 43 54 3 11 0 0.00 M M 12.5 18 340 M M 3 1 24 360
24 52 41 47 -4 18 0 0.06 M M 8.4 12 20 M M 10 1 20 10
25 48 38 43 -9 22 0 0.01 M M 6.0 13 340 M M 10 1 M M
26 76 47 62 10 3 0 0.00 M M 9.8 29 180 M M 7 128 38 180
27 73 46 60 8 5 0 0.02 M M 9.6 25 200 M M 2 8 43 200
28 82 40 61 9 4 0 0.00 M M 6.8 14 200 M M 0 M M
================================================================================
SM 1743 1098 402 10 5.24 M 267.1 M 115
================================================================================
AV 62.3 39.2 9.5 FASTST M M 4 MAX(MPH)
MISC ----> # 29 220 43 200
================================================================================
NOTES:
# LAST OF SEVERAL OCCURRENCES
COLUMN 17 PEAK WIND IN M.P.H.
PRELIMINARY LOCAL CLIMATOLOGICAL DATA (WS FORM: F-6) , PAGE 2
STATION: GREENVILLE
MONTH: FEBRUARY
YEAR: 2023
LATITUDE: 33 4 N
LONGITUDE: 96 4 W
[TEMPERATURE DATA] [PRECIPITATION DATA] SYMBOLS USED IN COLUMN 16
AVERAGE MONTHLY: 50.7 TOTAL FOR MONTH: 5.24 1 = FOG OR MIST
DPTR FM NORMAL: 1.5 DPTR FM NORMAL: 1.80 2 = FOG REDUCING VISIBILITY
HIGHEST: 86 ON 21 GRTST 24HR 2.70 ON 8- 8 TO 1/4 MILE OR LESS
LOWEST: 24 ON 18 3 = THUNDER
SNOW, ICE PELLETS, HAIL 4 = ICE PELLETS
TOTAL MONTH: M 5 = HAIL
GRTST 24HR M ON M 6 = FREEZING RAIN OR DRIZZLE
GRTST DEPTH: M ON M 7 = DUSTSTORM OR SANDSTORM:
VSBY 1/2 MILE OR LESS
8 = SMOKE OR HAZE
[NO. OF DAYS WITH] [WEATHER - DAYS WITH] 9 = BLOWING SNOW
X = TORNADO
MAX 32 OR BELOW: 1 0.01 INCH OR MORE: 8
MAX 90 OR ABOVE: 0 0.10 INCH OR MORE: 5
MIN 32 OR BELOW: 8 0.50 INCH OR MORE: 3
MIN 0 OR BELOW: 0 1.00 INCH OR MORE: 2
[HDD (BASE 65) ]
TOTAL THIS MO. 402 CLEAR (SCALE 0-3) 15
DPTR FM NORMAL -45 PTCLDY (SCALE 4-7) 6
TOTAL FM JUL 1 1864 CLOUDY (SCALE 8-10) 7
DPTR FM NORMAL -142
[CDD (BASE 65) ]
TOTAL THIS MO. 10
DPTR FM NORMAL 5 [PRESSURE DATA]
TOTAL FM JAN 1 16 HIGHEST SLP M ON M
DPTR FM NORMAL 13 LOWEST SLP M ON M
[REMARKS]
#FINAL-02-23#