000
CXUS54 KJAN 190932
CF6GWO
PRELIMINARY LOCAL CLIMATOLOGICAL DATA (WS FORM: F-6)
STATION: GREENWOOD
MONTH: FEBRUARY
YEAR: 2023
LATITUDE: 33 30 N
LONGITUDE: 90 5 W
TEMPERATURE IN F: :PCPN: SNOW: WIND :SUNSHINE: SKY :PK WND
================================================================================
1 2 3 4 5 6A 6B 7 8 9 10 11 12 13 14 15 16 17 18
12Z AVG MX 2MIN
DY MAX MIN AVG DEP HDD CDD WTR SNW DPTH SPD SPD DIR MIN PSBL S-S WX SPD DR
================================================================================
1 M M M M M M 0.25 M 0 6.6 12 20 M M 10 1 15 20
2 M M M M M M M 0.0 M M M M M M 10 1 M M
3 49 30 40 -6 25 0 0.00 0.0 0 4.8 13 350 M M 0 1 20 360
4 58 28 43 -3 22 0 0.00 0.0 0 3.6 13 180 M M 0 17 180
5 64 38 51 5 14 0 0.00 0.0 0 5.7 14 230 M M 1 19 230
6 71 38 55 9 10 0 0.00 0.0 0 6.5 15 160 M M 0 1 20 180
7 74 50 62 16 3 0 0.00 0.0 0 6.2 15 210 M M 4 19 210
8 83 60 72 25 0 7 1.01 0.0 0 13.9 25 120 M M 8 13 36 150
9 68 42 55 8 10 0 0.00 0.0 0 6.4 23 230 M M 2 1 35 170
10 63 39 51 4 14 0 0.00 0.0 0 7.3 16 30 M M 0 23 20
11 52 40 46 -1 19 0 0.37 0.0 0 9.2 17 30 M M 5 1 25 360
12 58 35 47 -1 18 0 0.00 0.0 0 3.8 10 330 M M 1 18 340
13 68 34 51 3 14 0 0.00 0.0 0 5.5 16 210 M M 0 22 210
14 71 44 58 10 7 0 0.14 0.0 0 10.6 35 170 M M 4 1 46 170
15 77 62 70 22 0 5 0.00 0.0 0 11.0 23 170 M M 7 1 29 180
16 80 47 64 15 1 0 0.65 0.0 0 12.3 26 220 M M 9 138 34 200
17 49 34 42 -7 23 0 0.00 0.0 0 9.3 18 340 M M 6 29 340
18 61 27 44 -5 21 0 0.00 0.0 0 2.5 12 80 M M 0 17 90
19 67 39 53 4 12 0 0.00 0.0 0 9.0 20 200 M M 0 24 210
20 75 58 67 17 0 2 0.00 0.0 0 12.4 24 220 M M 3 37 190
21 78 65 72 22 0 7 1.11 0.0 0 10.4 21 190 M M 5 13 28 190
22 83 67 75 25 0 10 0.03 0.0 0 15.3 31 190 M M 7 43 180
23 84 63 74 24 0 9 0.03 0.0 0 7.5 17 210 M M 4 22 210
24 64 56 60 9 5 0 0.00 0.0 0 9.7 17 60 M M 9 23 60
25 58 52 55 4 10 0 0.00 0.0 0 2.3 9 350 M M 8 12 360
26 77 55 66 15 0 1 0.00 0.0 0 4.2 17 170 M M 7 12 22 180
27 80 52 66 14 0 1 0.01 0.0 0 10.5 25 220 M M 4 42 230
28 M M M M M M M M M 0.9 M 190 M M 0 M M
================================================================================
SM 1712 1155 228 42 3.60 0.0 207.4 M 114
================================================================================
AV 68.5 46.2 7.7 FASTST M M 4 MAX(MPH)
MISC ----> 35 170 46 170
================================================================================
NOTES:
# LAST OF SEVERAL OCCURRENCES
COLUMN 17 PEAK WIND IN M.P.H.
PRELIMINARY LOCAL CLIMATOLOGICAL DATA (WS FORM: F-6) , PAGE 2
STATION: GREENWOOD
MONTH: FEBRUARY
YEAR: 2023
LATITUDE: 33 30 N
LONGITUDE: 90 5 W
[TEMPERATURE DATA] [PRECIPITATION DATA] SYMBOLS USED IN COLUMN 16
AVERAGE MONTHLY: 57.3 TOTAL FOR MONTH: 3.60 1 = FOG OR MIST
DPTR FM NORMAL: 9.0 DPTR FM NORMAL: -1.44 2 = FOG REDUCING VISIBILITY
HIGHEST: 84 ON 23 GRTST 24HR 1.11 ON 20-21 TO 1/4 MILE OR LESS
LOWEST: 27 ON 18 3 = THUNDER
SNOW, ICE PELLETS, HAIL 4 = ICE PELLETS
TOTAL MONTH: 0.0 INCH 5 = HAIL
GRTST 24HR 0.0 6 = FREEZING RAIN OR DRIZZLE
GRTST DEPTH: 0 7 = DUSTSTORM OR SANDSTORM:
VSBY 1/2 MILE OR LESS
8 = SMOKE OR HAZE
[NO. OF DAYS WITH] [WEATHER - DAYS WITH] 9 = BLOWING SNOW
X = TORNADO
MAX 32 OR BELOW: 0 0.01 INCH OR MORE: 9
MAX 90 OR ABOVE: 0 0.10 INCH OR MORE: 6
MIN 32 OR BELOW: 3 0.50 INCH OR MORE: 3
MIN 0 OR BELOW: 0 1.00 INCH OR MORE: 2
[HDD (BASE 65) ]
TOTAL THIS MO. 228 CLEAR (SCALE 0-3) 12
DPTR FM NORMAL -243 PTCLDY (SCALE 4-7) 12
TOTAL FM JUL 1 1534 CLOUDY (SCALE 8-10) 4
DPTR FM NORMAL -615
[CDD (BASE 65) ]
TOTAL THIS MO. 42
DPTR FM NORMAL 37 [PRESSURE DATA]
TOTAL FM JAN 1 62 HIGHEST SLP M ON M
DPTR FM NORMAL 59 LOWEST SLP 29.68 ON 27
[REMARKS]
#FINAL-02-23#