000
CXUS54 KEWX 011010
CF6GYB
PRELIMINARY LOCAL CLIMATOLOGICAL DATA (WS FORM: F-6)
STATION: GIDDINGS-LEE COUNTY AIRPORT
MONTH: AUGUST
YEAR: 2021
LATITUDE: 30 10 N
LONGITUDE: 96 59 W
TEMPERATURE IN F: :PCPN: SNOW: WIND :SUNSHINE: SKY :PK WND
================================================================================
1 2 3 4 5 6A 6B 7 8 9 10 11 12 13 14 15 16 17 18
12Z AVG MX 2MIN
DY MAX MIN AVG DEP HDD CDD WTR SNW DPTH SPD SPD DIR MIN PSBL S-S WX SPD DR
================================================================================
1 95 76 86 M 0 21 0.00 M M 3.7 10 250 M M 2 1 18 220
2 85 73 79 M 0 14 2.21 M M 4.3 9 280 M M 3 20 240
3 89 75 82 M 0 17 0.07 M M 2.8 12 50 M M 6 M M
4 87 74 81 M 0 16 0.06 M M 2.5 9 70 M M 4 1 M M
5 82 75 79 M 0 14 0.04 0.0 0 2.5 7 120 M M 3 1 M M
6 88 73 81 M 0 16 0.01 M M 2.4 9 120 M M 3 1 M M
7 92 74 83 M 0 18 0.00 M M 4.7 10 160 M M 4 1 21 190
8 M M M M M M 0.00 M M M M M M M M M M
9 93 77 85 M 0 20 0.00 M M 9.2 15 200 M M 4 23 200
10 94 77 86 M 0 21 0.00 M M 7.7 14 190 M M 4 1 18 200
11 94 75 85 M 0 20 0.00 M M 5.0 10 150 M M 3 12 16 190
12 94 75 85 M 0 20 0.00 M M 4.3 10 200 M M 2 1 M M
13 94 73 84 M 0 19 0.00 M M 2.5 12 150 M M 1 1 20 150
14 94 73 84 M 0 19 0.00 M M 2.2 6 90 M M 1 1 M M
15 87 73 80 M 0 15 0.04 M M 2.0 21 340 M M 1 1 31 340
16 92 71 82 M 0 17 0.00 M M 1.3 7 140 M M 1 1 16 110
17 92 73 83 M 0 18 0.00 M M 2.3 10 220 M M 2 1 20 0
18 89 77 83 M 0 18 0.00 M M 3.2 8 190 M M 2 1 21 190
19 94 78 86 M 0 21 0.00 M M 6.4 13 160 M M 3 1 20 160
20 94 76 85 M 0 20 0.00 M M 4.9 10 160 M M 2 12 16 140
21 95 75 85 M 0 20 0.00 M M 3.9 8 180 M M 2 1 M M
22 95 70 83 M 0 18 0.00 M M 2.1 8 220 M M 3 12 M M
23 94 70 82 M 0 17 0.00 M M 2.3 7 120 M M 1 1 M M
24 M M M M M M 0.00 M M 0.5 4 190 M M 0 M M
25 96 72 84 M 0 19 0.00 M M 2.2 8 140 M M 1 M M
26 97 75 86 M 0 21 0.00 M M 2.4 9 50 M M 2 M M
27 89 74 82 M 0 17 0.94 M M 2.3 7 150 M M 4 1 17 100
28 92 73 83 M 0 18 0.99 M M 1.7 9 80 M M 4 24 100
29 92 74 83 M 0 18 0.00 M M 1.8 9 40 M M 3 12 16 40
30 93 75 84 M 0 19 0.00 M M 1.3 7 240 M M 2 8 M M
31 95 74 85 M 0 20 0.00 M M 2.1 7 130 M M 1 18 M M
================================================================================
SM 2667 2150 0 531 4.36 0.0 96.6 M 74
================================================================================
AV 92.0 74.1 3.2 FASTST M M 2 MAX(MPH)
MISC ----> 21 340 31 340
================================================================================
NOTES:
# LAST OF SEVERAL OCCURRENCES
COLUMN 17 PEAK WIND IN M.P.H.
PRELIMINARY LOCAL CLIMATOLOGICAL DATA (WS FORM: F-6) , PAGE 2
STATION: GIDDINGS-LEE COUNTY AIRPORT
MONTH: AUGUST
YEAR: 2021
LATITUDE: 30 10 N
LONGITUDE: 96 59 W
[TEMPERATURE DATA] [PRECIPITATION DATA] SYMBOLS USED IN COLUMN 16
AVERAGE MONTHLY: 83.1 TOTAL FOR MONTH: 4.36 1 = FOG OR MIST
DPTR FM NORMAL: 0.0 DPTR FM NORMAL: M 2 = FOG REDUCING VISIBILITY
HIGHEST: 97 ON 26 GRTST 24HR 2.21 ON 2- 2 TO 1/4 MILE OR LESS
LOWEST: 70 ON 23,22 3 = THUNDER
SNOW, ICE PELLETS, HAIL 4 = ICE PELLETS
TOTAL MONTH: 0.0 INCH 5 = HAIL
GRTST 24HR 0.0 6 = FREEZING RAIN OR DRIZZLE
GRTST DEPTH: 0 7 = DUSTSTORM OR SANDSTORM:
VSBY 1/2 MILE OR LESS
8 = SMOKE OR HAZE
[NO. OF DAYS WITH] [WEATHER - DAYS WITH] 9 = BLOWING SNOW
X = TORNADO
MAX 32 OR BELOW: 0 0.01 INCH OR MORE: 8
MAX 90 OR ABOVE: 21 0.10 INCH OR MORE: 3
MIN 32 OR BELOW: 0 0.50 INCH OR MORE: 3
MIN 0 OR BELOW: 0 1.00 INCH OR MORE: 1
[HDD (BASE 65) ]
TOTAL THIS MO. 0 CLEAR (SCALE 0-3) 22
DPTR FM NORMAL M PTCLDY (SCALE 4-7) 8
TOTAL FM JUL 1 0 CLOUDY (SCALE 8-10) 1
DPTR FM NORMAL M
[CDD (BASE 65) ]
TOTAL THIS MO. 531
DPTR FM NORMAL M [PRESSURE DATA]
TOTAL FM JAN 1 2007 HIGHEST SLP M ON M
DPTR FM NORMAL M LOWEST SLP M ON M
[REMARKS]
#FINAL-08-21#