000
CXUS53 KBIS 010830
CF6HEI
PRELIMINARY LOCAL CLIMATOLOGICAL DATA (WS FORM: F-6)
STATION: HETTINGER ND
MONTH: AUGUST
YEAR: 2022
LATITUDE: 46 0 N
LONGITUDE: 102 39 W
TEMPERATURE IN F: :PCPN: SNOW: WIND :SUNSHINE: SKY :PK WND
================================================================================
1 2 3 4 5 6A 6B 7 8 9 10 11 12 13 14 15 16 17 18
12Z AVG MX 2MIN
DY MAX MIN AVG DEP HDD CDD WTR SNW DPTH SPD SPD DIR MIN PSBL S-S WX SPD DR
================================================================================
1 101 58 80 10 0 15 0.00 M M 6.8 16 170 M M 0 24 160
2 92 53 73 3 0 8 0.00 M M 6.3 17 290 M M 1 23 230
3 87 51 69 -1 0 4 0.00 M M 7.4 14 140 M M 1 21 130
4 103 63 83 13 0 18 0.00 M M 8.8 20 140 M M 0 30 170
5 91 62 77 7 0 12 0.02 M M 10.4 21 20 M M 1 29 10
6 63 55 59 -11 6 0 0.06 M M 7.6 14 40 M M 9 18 60
7 72 54 63 -7 2 0 0.15 M M 4.6 12 180 M M 7 1 15 240
8 92 49 71 1 0 6 0.00 M M 6.2 13 160 M M 0 12 20 140
9 93 52 73 4 0 8 0.00 M M 7.9 17 50 M M 0 23 50
10 90 58 74 5 0 9 0.00 M M 15.1 24 90 M M 0 32 110
11 95 66 81 12 0 16 T M M 14.7 22 110 M M 3 3 32 100
12 92 63 78 9 0 13 0.00 M M 7.4 18 350 M M 2 12 24 360
13 91 64 78 9 0 13 0.00 M M 10.7 20 120 M M 2 12 29 110
14 92 62 77 9 0 12 0.00 M M 5.4 17 320 M M 1 23 330
15 92 59 76 8 0 11 0.00 M M 6.0 16 160 M M 1 3 23 120
16 93 53 73 5 0 8 0.00 M M 3.7 8 60 M M 1 12 M M
17 95 51 73 5 0 8 0.01 M M 5.4 25 250 M M 1 3 35 250
18 87 51 69 1 0 4 0.00 M M 9.7 20 340 M M 1 31 340
19 80 47 64 -3 1 0 0.00 M M 9.1 22 30 M M 2 29 10
20 86 46 66 -1 0 1 0.00 M M 6.9 16 130 M M 1 23 140
21 95 62 79 12 0 14 0.00 M M 9.8 16 140 M M 0 24 150
22 96 54 75 8 0 10 0.00 M M 4.7 16 30 M M 0 22 350
23 94 52 73 7 0 8 T M M 4.4 25 80 M M 3 3 32 90
24 81 62 72 6 0 7 0.00 M M 8.3 15 40 M M 6 20 50
25 73 60 67 1 0 2 T M M 9.1 18 90 M M 6 24 100
26 81 60 71 5 0 6 T M M 11.2 20 120 M M 5 3 27 130
27 94 53 74 9 0 9 0.19 M M 9.7 29 270 M M 1 138 37 290
28 80 52 66 1 0 1 T M M 13.8 35 280 M M 2 3 53 310
29 81 45 63 -2 2 0 0.00 M M 9.7 26 300 M M 0 35 300
30 93 43 68 4 0 3 0.00 M M 3.0 13 210 M M 0 17 300
31 93 48 71 7 0 6 0.00 M M 6.0 13 30 M M 0 17 40
================================================================================
SM 2748 1708 11 232 0.43 M 249.8 M 57
================================================================================
AV 88.6 55.1 8.1 FASTST M M 2 MAX(MPH)
MISC ----> 35 280 53 310
================================================================================
NOTES:
# LAST OF SEVERAL OCCURRENCES
COLUMN 17 PEAK WIND IN M.P.H.
PRELIMINARY LOCAL CLIMATOLOGICAL DATA (WS FORM: F-6) , PAGE 2
STATION: HETTINGER ND
MONTH: AUGUST
YEAR: 2022
LATITUDE: 46 0 N
LONGITUDE: 102 39 W
[TEMPERATURE DATA] [PRECIPITATION DATA] SYMBOLS USED IN COLUMN 16
AVERAGE MONTHLY: 71.9 TOTAL FOR MONTH: 0.43 1 = FOG OR MIST
DPTR FM NORMAL: 4.2 DPTR FM NORMAL: -1.12 2 = FOG REDUCING VISIBILITY
HIGHEST: 103 ON 4 GRTST 24HR 0.19 ON 27-27 TO 1/4 MILE OR LESS
LOWEST: 43 ON 30 3 = THUNDER
SNOW, ICE PELLETS, HAIL 4 = ICE PELLETS
TOTAL MONTH: M 5 = HAIL
GRTST 24HR M ON M 6 = FREEZING RAIN OR DRIZZLE
GRTST DEPTH: M ON M 7 = DUSTSTORM OR SANDSTORM:
VSBY 1/2 MILE OR LESS
8 = SMOKE OR HAZE
[NO. OF DAYS WITH] [WEATHER - DAYS WITH] 9 = BLOWING SNOW
X = TORNADO
MAX 32 OR BELOW: 0 0.01 INCH OR MORE: 5
MAX 90 OR ABOVE: 20 0.10 INCH OR MORE: 2
MIN 32 OR BELOW: 0 0.50 INCH OR MORE: 0
MIN 0 OR BELOW: 0 1.00 INCH OR MORE: 0
[HDD (BASE 65) ]
TOTAL THIS MO. 11 CLEAR (SCALE 0-3) 26
DPTR FM NORMAL -43 PTCLDY (SCALE 4-7) 4
TOTAL FM JUL 1 19 CLOUDY (SCALE 8-10) 1
DPTR FM NORMAL -67
[CDD (BASE 65) ]
TOTAL THIS MO. 232
DPTR FM NORMAL 93 [PRESSURE DATA]
TOTAL FM JAN 1 479 HIGHEST SLP M ON M
DPTR FM NORMAL 126 LOWEST SLP 29.44 ON 28
[REMARKS]
#FINAL-08-22#