000
CXUS54 KJAN 011414
CF6HEZ
PRELIMINARY LOCAL CLIMATOLOGICAL DATA (WS FORM: F-6)
STATION: NATCHEZ
MONTH: AUGUST
YEAR: 2020
LATITUDE: 31 37 N
LONGITUDE: 91 15 W
TEMPERATURE IN F: :PCPN: SNOW: WIND :SUNSHINE: SKY :PK WND
================================================================================
1 2 3 4 5 6A 6B 7 8 9 10 11 12 13 14 15 16 17 18
12Z AVG MX 2MIN
DY MAX MIN AVG DEP HDD CDD WTR SNW DPTH SPD SPD DIR MIN PSBL S-S WX SPD DR
================================================================================
1 86 71 79 M 0 14 0.04 0.0 0 4.7 8 200 M M 3 M M
2 88 71 80 M 0 15 0.00 0.0 0 1.4 7 10 M M 3 M M
3 91 69 80 M 0 15 0.00 0.0 0 2.1 7 360 M M 1 M M
4 90 68 79 M 0 14 0.00 0.0 0 3.5 9 350 M M 2 8 M M
5 88 68 78 M 0 13 0.00 0.0 0 3.5 8 30 M M 1 18 M M
6 88 67 78 M 0 13 0.00 0.0 0 3.8 9 30 M M 0 M M
7 90 64 77 M 0 12 0.00 0.0 0 2.1 7 30 M M 0 M M
8 94 71 83 M 0 18 0.00 0.0 0 2.0 7 99 M M 1 M M
9 95 73 84 M 0 19 0.00 0.0 0 2.7 7 220 M M 0 M M
10 94 75 85 M 0 20 0.00 0.0 0 3.8 9 250 M M 1 M M
11 94 74 84 M 0 19 0.01 0.0 0 3.9 9 240 M M 0 8 M M
12 92 75 84 M 0 19 0.00 0.0 0 4.3 10 290 M M 1 8 M M
13 88 75 82 M 0 17 0.11 0.0 0 4.5 9 150 M M 3 3 M M
14 87 74 81 M 0 16 1.15 0.0 0 3.6 9 230 M M 4 13 M M
15 90 74 82 M 0 17 0.12 0.0 0 3.6 9 270 M M 3 3 M M
16 93 72 83 M 0 18 T 0.0 0 3.1 14 90 M M 1 138 24 90
17 87 69 78 M 0 13 0.00 0.0 0 4.4 10 20 M M 1 1 M M
18 90 66 78 M 0 13 0.00 0.0 0 2.3 7 330 M M 0 M M
19 87 70 79 M 0 14 0.00 0.0 0 4.9 9 10 M M 2 M M
20 85 65 75 M 0 10 T 0.0 0 5.1 12 30 M M 2 13 M M
21 85 68 77 M 0 12 0.01 0.0 0 3.0 7 360 M M 2 1 M M
22 89 65 77 M 0 12 0.00 0.0 0 3.3 8 30 M M 0 8 M M
23 91 67 79 M 0 14 0.00 0.0 0 3.9 9 20 M M 1 16 40
24 91 69 80 M 0 15 0.00 0.0 0 5.4 13 50 M M 2 1 23 30
25 89 72 81 M 0 16 0.03 0.0 0 7.7 14 120 M M 6 1 17 80
26 92 76 84 M 0 19 T 0.0 0 9.3 16 130 M M 5 25 110
27 88 76 82 M 0 17 0.46 0.0 0 11.8 28 120 M M 8 13 46 120
28 84 75 80 M 0 15 0.14 0.0 0 6.6 10 190 M M 5 13 M M
29 94 76 85 M 0 20 0.00 0.0 0 5.1 9 180 M M 5 M M
30 91 75 83 M 0 18 0.39 0.0 0 4.1 10 230 M M 4 1 M M
31 93 78 86 M 0 21 0.12 0.0 0 6.0 10 210 M M 4 13 M M
================================================================================
SM 2784 2208 0 488 2.58 0.0 135.5 M 71
================================================================================
AV 89.8 71.2 4.4 FASTST M M 2 MAX(MPH)
MISC ----> # 28 120 # 46 120
================================================================================
NOTES:
# LAST OF SEVERAL OCCURRENCES
COLUMN 17 PEAK WIND IN M.P.H.
PRELIMINARY LOCAL CLIMATOLOGICAL DATA (WS FORM: F-6) , PAGE 2
STATION: NATCHEZ
MONTH: AUGUST
YEAR: 2020
LATITUDE: 31 37 N
LONGITUDE: 91 15 W
[TEMPERATURE DATA] [PRECIPITATION DATA] SYMBOLS USED IN COLUMN 16
AVERAGE MONTHLY: 80.5 TOTAL FOR MONTH: 2.58 1 = FOG OR MIST
DPTR FM NORMAL: M DPTR FM NORMAL: M 2 = FOG REDUCING VISIBILITY
HIGHEST: 95 ON 9 GRTST 24HR 1.15 ON 14-14 TO 1/4 MILE OR LESS
LOWEST: 64 ON 7 3 = THUNDER
SNOW, ICE PELLETS, HAIL 4 = ICE PELLETS
TOTAL MONTH: 0.0 INCH 5 = HAIL
GRTST 24HR 0.0 6 = FREEZING RAIN OR DRIZZLE
GRTST DEPTH: 0 7 = DUSTSTORM OR SANDSTORM:
VSBY 1/2 MILE OR LESS
8 = SMOKE OR HAZE
[NO. OF DAYS WITH] [WEATHER - DAYS WITH] 9 = BLOWING SNOW
X = TORNADO
MAX 32 OR BELOW: 0 0.01 INCH OR MORE: 11
MAX 90 OR ABOVE: 17 0.10 INCH OR MORE: 7
MIN 32 OR BELOW: 0 0.50 INCH OR MORE: 1
MIN 0 OR BELOW: 0 1.00 INCH OR MORE: 1
[HDD (BASE 65) ]
TOTAL THIS MO. 0 CLEAR (SCALE 0-3) 23
DPTR FM NORMAL M PTCLDY (SCALE 4-7) 8
TOTAL FM JUL 1 0 CLOUDY (SCALE 8-10) 0
DPTR FM NORMAL M
[CDD (BASE 65) ]
TOTAL THIS MO. 488
DPTR FM NORMAL M [PRESSURE DATA]
TOTAL FM JAN 1 1748 HIGHEST SLP M ON M
DPTR FM NORMAL M LOWEST SLP M ON M
[REMARKS]
#FINAL-08-20#