000
CXUS56 KLOX 011155
CF6HHR
PRELIMINARY LOCAL CLIMATOLOGICAL DATA (WS FORM: F-6)
STATION: HAWTHORNE AIRPORT CA
MONTH: MARCH
YEAR: 2023
LATITUDE: 33 55 N
LONGITUDE: 118 20 W
TEMPERATURE IN F: :PCPN: SNOW: WIND :SUNSHINE: SKY :PK WND
================================================================================
1 2 3 4 5 6A 6B 7 8 9 10 11 12 13 14 15 16 17 18
12Z AVG MX 2MIN
DY MAX MIN AVG DEP HDD CDD WTR SNW DPTH SPD SPD DIR MIN PSBL S-S WX SPD DR
================================================================================
1 58 51 55 -4 10 0 0.17 M M 11.6 29 260 M M 5 46 260
2 64 46 55 -4 10 0 0.00 M M 3.5 15 320 M M 0 25 320
3 63 47 55 -4 10 0 0.00 M M 3.0 13 260 M M 0 18 260
4 61 48 55 -5 10 0 0.00 M M 5.4 14 260 M M 5 8 20 250
5 61 52 57 -3 8 0 0.02 M M 5.9 14 250 M M 8 8 19 240
6 62 51 57 -3 8 0 T M M 5.5 15 260 M M 2 22 250
7 64 49 57 -3 8 0 0.00 M M 4.2 17 260 M M 0 8 24 250
8 62 49 56 -4 9 0 0.00 M M 5.2 15 260 M M 2 23 260
9 68 50 59 -1 6 0 0.00 M M 3.5 15 250 M M 2 8 22 260
10 59 54 57 -3 8 0 0.74 M M 7.2 14 110 M M 10 18 19 110
11 65 59 62 2 3 0 0.08 M M 4.8 12 250 M M 10 18 14 260
12 65 57 61 1 4 0 0.00 M M 4.3 14 260 M M 10 18 18 270
13 68 57 63 3 2 0 0.00 M M 5.3 15 270 M M 8 8 22 240
14 62 57 60 0 5 0 1.68 M M 6.7 15 110 M M 10 18 20 110
15 63 57 60 0 5 0 1.18 M M 6.0 18 250 M M 10 18 23 250
16 63 55 59 -1 6 0 0.00 M M 4.3 13 260 M M 7 17 250
17 68 51 60 0 5 0 0.00 M M 3.8 14 260 M M 2 8 19 260
18 78 53 66 6 0 1 0.00 M M 3.5 16 250 M M 0 8 19 250
19 65 56 61 1 4 0 0.04 M M 4.9 15 110 M M 9 18 23 110
20 63 56 60 0 5 0 0.09 M M 5.5 18 260 M M 8 18 23 260
21 65 51 58 -3 7 0 0.97 M M 10.5 24 250 M M 9 13 35 260
22 63 51 57 -4 8 0 0.35 M M 6.3 20 260 M M 9 3 26 250
23 64 53 59 -2 6 0 0.00 M M 5.7 22 250 M M 6 8 27 260
24 67 54 61 0 4 0 0.00 M M 8.1 18 260 M M 0 8 26 320
25 67 51 59 -2 6 0 0.00 M M 5.7 18 250 M M 2 24 260
26 67 53 60 -1 5 0 0.00 M M 8.9 21 260 M M 0 8 28 260
27 74 50 62 1 3 0 0.00 M M 3.3 16 250 M M 0 23 230
28 70 54 62 1 3 0 0.00 M M 5.3 16 250 M M 1 21 280
29 63 51 57 -4 8 0 0.95 M M 8.7 18 250 M M 8 18 27 250
30 62 49 56 -5 9 0 0.30 M M 3.9 13 270 M M 5 8 23 290
31 65 48 57 -4 8 0 0.00 M M 4.1 15 250 M M 0 21 260
================================================================================
SM 2009 1620 193 1 6.57 M 174.6 M 148
================================================================================
AV 64.8 52.3 5.6 FASTST M M 5 MAX(MPH)
MISC ----> 29 260 46 260
================================================================================
NOTES:
# LAST OF SEVERAL OCCURRENCES
COLUMN 17 PEAK WIND IN M.P.H.
PRELIMINARY LOCAL CLIMATOLOGICAL DATA (WS FORM: F-6) , PAGE 2
STATION: HAWTHORNE AIRPORT CA
MONTH: MARCH
YEAR: 2023
LATITUDE: 33 55 N
LONGITUDE: 118 20 W
[TEMPERATURE DATA] [PRECIPITATION DATA] SYMBOLS USED IN COLUMN 16
AVERAGE MONTHLY: 58.5 TOTAL FOR MONTH: 6.57 1 = FOG OR MIST
DPTR FM NORMAL: -1.8 DPTR FM NORMAL: 4.90 2 = FOG REDUCING VISIBILITY
HIGHEST: 78 ON 18 GRTST 24HR 2.86 ON 14-15 TO 1/4 MILE OR LESS
LOWEST: 46 ON 2 3 = THUNDER
SNOW, ICE PELLETS, HAIL 4 = ICE PELLETS
TOTAL MONTH: M 5 = HAIL
GRTST 24HR M ON M 6 = FREEZING RAIN OR DRIZZLE
GRTST DEPTH: M ON M 7 = DUSTSTORM OR SANDSTORM:
VSBY 1/2 MILE OR LESS
8 = SMOKE OR HAZE
[NO. OF DAYS WITH] [WEATHER - DAYS WITH] 9 = BLOWING SNOW
X = TORNADO
MAX 32 OR BELOW: 0 0.01 INCH OR MORE: 12
MAX 90 OR ABOVE: 0 0.10 INCH OR MORE: 8
MIN 32 OR BELOW: 0 0.50 INCH OR MORE: 5
MIN 0 OR BELOW: 0 1.00 INCH OR MORE: 2
[HDD (BASE 65) ]
TOTAL THIS MO. 193 CLEAR (SCALE 0-3) 14
DPTR FM NORMAL 30 PTCLDY (SCALE 4-7) 6
TOTAL FM JUL 1 930 CLOUDY (SCALE 8-10) 11
DPTR FM NORMAL 1
[CDD (BASE 65) ]
TOTAL THIS MO. 1
DPTR FM NORMAL -15 [PRESSURE DATA]
TOTAL FM JAN 1 5 HIGHEST SLP 30.26 ON 24
DPTR FM NORMAL -26 LOWEST SLP 29.66 ON 21
[REMARKS]
#FINAL-03-23#