000
CXUS56 KPQR 011155
CF6HIO
PRELIMINARY LOCAL CLIMATOLOGICAL DATA (WS FORM: F-6)
STATION: HILLSBORO OR
MONTH: APRIL
YEAR: 2022
LATITUDE: 45 32 N
LONGITUDE: 122 57 W
TEMPERATURE IN F: :PCPN: SNOW: WIND :SUNSHINE: SKY :PK WND
================================================================================
1 2 3 4 5 6A 6B 7 8 9 10 11 12 13 14 15 16 17 18
12Z AVG MX 2MIN
DY MAX MIN AVG DEP HDD CDD WTR SNW DPTH SPD SPD DIR MIN PSBL S-S WX SPD DR
================================================================================
1 59 35 47 -1 18 0 0.02 M M 3.2 12 320 M M 6 1 14 320
2 58 40 49 1 16 0 0.01 M M 3.0 13 150 M M 6 1 16 180
3 55 40 48 0 17 0 0.20 M M 8.6 23 170 M M 8 1 32 180
4 53 40 47 -1 18 0 0.67 M M 12.9 26 280 M M 9 1 34 280
5 55 34 45 -3 20 0 0.02 M M 5.0 20 310 M M 5 1 29 290
6 66 30 48 0 17 0 0.00 M M 5.7 13 70 M M 0 18 60
7 79 36 58 10 7 0 0.00 M M 4.1 14 290 M M 0 18 280
8 57 38 48 -1 17 0 0.05 M M 7.7 23 270 M M 7 1 31 270
9 53 34 44 -5 21 0 0.04 M M 7.5 25 320 M M 6 1 29 330
10 45 32 39 -10 26 0 0.67 M M 5.0 16 300 M M 9 1 19 300
11 50 32 41 -8 24 0 0.42 M M 9.8 20 300 M M 7 1 25 300
12 45 34 40 -9 25 0 0.30 M M 7.1 20 300 M M 8 18 24 300
13 49 30 40 -9 25 0 0.03 M M 7.3 18 230 M M 7 18 24 230
14 49 28 39 -11 26 0 0.09 M M 3.4 17 200 M M 7 12 21 200
15 53 31 42 -8 23 0 0.00 M M 2.6 9 290 M M 6 12 12 160
16 53 33 43 -7 22 0 0.00 M M 6.7 23 260 M M 6 29 260
17 57 31 44 -6 21 0 T M M 3.7 14 230 M M 5 1 18 220
18 50 41 46 -4 19 0 0.46 M M 5.5 16 220 M M 10 18 20 210
19 49 40 45 -5 20 0 0.17 M M 4.2 10 170 M M 10 18 12 160
20 53 38 46 -5 19 0 0.44 M M 6.3 23 180 M M 7 18 30 160
21 55 44 50 -1 15 0 0.16 M M 6.9 21 230 M M 8 1 28 220
22 60 39 50 -1 15 0 T M M 2.4 12 310 M M 7 1 15 240
23 65 35 50 -1 15 0 0.00 M M 2.1 8 310 M M 1 1 11 150
24 69 36 53 1 12 0 0.00 M M 4.5 14 170 M M 2 12 20 180
25 60 44 52 0 13 0 0.11 M M 6.5 15 280 M M 10 18 19 280
26 56 39 48 -4 17 0 0.17 M M 5.3 17 300 M M 7 22 230
27 57 41 49 -3 16 0 0.06 M M 3.3 13 280 M M 9 1 16 280
28 54 42 48 -5 17 0 0.18 M M 3.7 14 250 M M 9 1 17 240
29 59 38 49 -4 16 0 0.32 M M 5.4 14 160 M M 9 12 17 170
30 58 44 51 -2 14 0 0.21 M M 5.4 16 230 M M 9 18 21 240
================================================================================
SM 1681 1099 551 0 4.80 M 164.8 M 200
================================================================================
AV 56.0 36.6 5.5 FASTST M M 7 MAX(MPH)
MISC ----> 26 280 34 280
================================================================================
NOTES:
# LAST OF SEVERAL OCCURRENCES
COLUMN 17 PEAK WIND IN M.P.H.
PRELIMINARY LOCAL CLIMATOLOGICAL DATA (WS FORM: F-6) , PAGE 2
STATION: HILLSBORO OR
MONTH: APRIL
YEAR: 2022
LATITUDE: 45 32 N
LONGITUDE: 122 57 W
[TEMPERATURE DATA] [PRECIPITATION DATA] SYMBOLS USED IN COLUMN 16
AVERAGE MONTHLY: 46.3 TOTAL FOR MONTH: 4.80 1 = FOG OR MIST
DPTR FM NORMAL: -3.8 DPTR FM NORMAL: 2.23 2 = FOG REDUCING VISIBILITY
HIGHEST: 79 ON 7 GRTST 24HR 1.08 ON 10-11 TO 1/4 MILE OR LESS
LOWEST: 28 ON 14 3 = THUNDER
SNOW, ICE PELLETS, HAIL 4 = ICE PELLETS
TOTAL MONTH: M 5 = HAIL
GRTST 24HR M ON M 6 = FREEZING RAIN OR DRIZZLE
GRTST DEPTH: M ON M 7 = DUSTSTORM OR SANDSTORM:
VSBY 1/2 MILE OR LESS
8 = SMOKE OR HAZE
[NO. OF DAYS WITH] [WEATHER - DAYS WITH] 9 = BLOWING SNOW
X = TORNADO
MAX 32 OR BELOW: 0 0.01 INCH OR MORE: 22
MAX 90 OR ABOVE: 0 0.10 INCH OR MORE: 14
MIN 32 OR BELOW: 7 0.50 INCH OR MORE: 2
MIN 0 OR BELOW: 0 1.00 INCH OR MORE: 0
[HDD (BASE 65) ]
TOTAL THIS MO. 551 CLEAR (SCALE 0-3) 4
DPTR FM NORMAL 102 PTCLDY (SCALE 4-7) 15
TOTAL FM JUL 1 4450 CLOUDY (SCALE 8-10) 11
DPTR FM NORMAL 32
[CDD (BASE 65) ]
TOTAL THIS MO. 0
DPTR FM NORMAL -1 [PRESSURE DATA]
TOTAL FM JAN 1 0 HIGHEST SLP 30.48 ON 6
DPTR FM NORMAL -1 LOWEST SLP 29.39 ON 11
[REMARKS]
#FINAL-04-22#