000
CXUS54 KJAN 011638
CF6HKS
PRELIMINARY LOCAL CLIMATOLOGICAL DATA (WS FORM: F-6)
STATION: JACKSON HAWKINS
MONTH: AUGUST
YEAR: 2021
LATITUDE: 32 20 N
LONGITUDE: 90 14 W
TEMPERATURE IN F: :PCPN: SNOW: WIND :SUNSHINE: SKY :PK WND
================================================================================
1 2 3 4 5 6A 6B 7 8 9 10 11 12 13 14 15 16 17 18
12Z AVG MX 2MIN
DY MAX MIN AVG DEP HDD CDD WTR SNW DPTH SPD SPD DIR MIN PSBL S-S WX SPD DR
================================================================================
1 95 78 87 4 0 22 0.00 0.0 0 4.4 16 260 M M 1 3 22 250
2 84 73 79 -4 0 14 0.76 0.0 0 3.2 12 110 M M 6 13 17 100
3 88 73 81 -2 0 16 0.00 0.0 0 3.9 12 30 M M 5 18 17 60
4 88 70 79 -4 0 14 0.00 0.0 0 4.6 13 340 M M 1 18 19 340
5 90 67 79 -4 0 14 0.00 0.0 0 3.7 9 350 M M 1 1 14 360
6 89 72 81 -2 0 16 T 0.0 0 2.0 9 260 M M 2 15 300
7 91 70 81 -2 0 16 T 0.0 0 1.6 8 310 M M 1 18 13 10
8 93 72 83 0 0 18 0.00 0.0 0 4.0 12 240 M M 2 18 18 170
9 94 76 85 2 0 20 0.00 0.0 0 5.6 13 220 M M 1 17 220
10 95 76 86 3 0 21 0.00 0.0 0 4.2 10 210 M M 1 14 190
11 95 75 85 2 0 20 T 0.0 0 3.7 20 150 M M 1 13 31 150
12 95 73 84 1 0 19 0.00 0.0 0 4.6 17 150 M M 1 24 140
13 94 73 84 1 0 19 0.00 0.0 0 2.4 10 290 M M 1 8 14 350
14 93 75 84 1 0 19 0.00 0.0 0 4.8 15 320 M M 3 3 24 310
15 92 73 83 0 0 18 0.00 0.0 0 3.5 16 160 M M 3 13 22 50
16 91 73 82 -1 0 17 0.05 0.0 0 3.6 12 90 M M 5 38 17 100
17 95 73 84 1 0 19 0.00 0.0 0 2.3 9 180 M M 1 12 120
18 95 76 86 3 0 21 0.00 0.0 0 5.9 23 180 M M 3 31 170
19 94 74 84 2 0 19 0.85 0.0 0 4.3 20 220 M M 5 13 27 220
20 91 74 83 1 0 18 0.15 0.0 0 4.0 16 240 M M 3 13 26 230
21 93 75 84 2 0 19 0.00 0.0 0 5.9 14 250 M M 1 22 230
22 96 77 87 5 0 22 0.00 0.0 0 4.8 12 290 M M 1 18 300
23 97 76 87 5 0 22 0.00 0.0 0 3.4 14 300 M M 2 19 300
24 97 78 88 6 0 23 0.00 0.0 0 2.4 10 70 M M 1 1 14 60
25 98 76 87 5 0 22 0.19 0.0 0 2.0 18 130 M M 1 13 23 120
26 94 76 85 3 0 20 T 0.0 0 5.4 17 190 M M 2 13 23 160
27 92 75 84 2 0 19 T 0.0 0 5.9 18 120 M M 1 27 130
28 94 73 84 2 0 19 0.01 0.0 0 5.8 20 110 M M 2 13 31 120
29 91 76 84 2 0 19 0.23 0.0 0 9.5 20 110 M M 4 13 32 110
30 78 74 76 -5 0 11 3.65 0.0 0 15.1 25 80 M M 9 1 41 60
31 89 73 81 0 0 16 0.02 0.0 0 9.2 18 260 M M 5 1 26 250
================================================================================
SM 2861 2295 0 572 5.91 0.0 145.7 M 76
================================================================================
AV 92.3 74.0 4.7 FASTST M M 2 MAX(MPH)
MISC ----> 25 80 41 60
================================================================================
NOTES:
# LAST OF SEVERAL OCCURRENCES
COLUMN 17 PEAK WIND IN M.P.H.
PRELIMINARY LOCAL CLIMATOLOGICAL DATA (WS FORM: F-6) , PAGE 2
STATION: JACKSON HAWKINS
MONTH: AUGUST
YEAR: 2021
LATITUDE: 32 20 N
LONGITUDE: 90 14 W
[TEMPERATURE DATA] [PRECIPITATION DATA] SYMBOLS USED IN COLUMN 16
AVERAGE MONTHLY: 83.2 TOTAL FOR MONTH: 5.91 1 = FOG OR MIST
DPTR FM NORMAL: 0.7 DPTR FM NORMAL: 2.47 2 = FOG REDUCING VISIBILITY
HIGHEST: 98 ON 25 GRTST 24HR 3.67 ON 29-30 TO 1/4 MILE OR LESS
LOWEST: 67 ON 5 3 = THUNDER
SNOW, ICE PELLETS, HAIL 4 = ICE PELLETS
TOTAL MONTH: 0.0 INCH 5 = HAIL
GRTST 24HR 0.0 6 = FREEZING RAIN OR DRIZZLE
GRTST DEPTH: 0 7 = DUSTSTORM OR SANDSTORM:
VSBY 1/2 MILE OR LESS
8 = SMOKE OR HAZE
[NO. OF DAYS WITH] [WEATHER - DAYS WITH] 9 = BLOWING SNOW
X = TORNADO
MAX 32 OR BELOW: 0 0.01 INCH OR MORE: 9
MAX 90 OR ABOVE: 25 0.10 INCH OR MORE: 6
MIN 32 OR BELOW: 0 0.50 INCH OR MORE: 3
MIN 0 OR BELOW: 0 1.00 INCH OR MORE: 1
[HDD (BASE 65) ]
TOTAL THIS MO. 0 CLEAR (SCALE 0-3) 22
DPTR FM NORMAL 0 PTCLDY (SCALE 4-7) 8
TOTAL FM JUL 1 0 CLOUDY (SCALE 8-10) 1
DPTR FM NORMAL 0
[CDD (BASE 65) ]
TOTAL THIS MO. 572
DPTR FM NORMAL 30 [PRESSURE DATA]
TOTAL FM JAN 1 1954 HIGHEST SLP 30.18 ON 10
DPTR FM NORMAL -19 LOWEST SLP 29.44 ON 30
[REMARKS]
#FINAL-08-21#