000
CXUS52 KGSP 011612
CF6HKY
PRELIMINARY LOCAL CLIMATOLOGICAL DATA (WS FORM: F-6)
STATION: HICKORY NC
MONTH: FEBRUARY
YEAR: 2022
LATITUDE: 35 45 N
LONGITUDE: 81 23 W
TEMPERATURE IN F: :PCPN: SNOW: WIND :SUNSHINE: SKY :PK WND
================================================================================
1 2 3 4 5 6A 6B 7 8 9 10 11 12 13 14 15 16 17 18
12Z AVG MX 2MIN
DY MAX MIN AVG DEP HDD CDD WTR SNW DPTH SPD SPD DIR MIN PSBL S-S WX SPD DR
================================================================================
1 48 26 37 -3 28 0 0.00 M M 2.7 12 60 M M 1 14 60
2 47 26 37 -4 28 0 T M M 1.7 10 290 M M 5 1 14 290
3 49 40 45 4 20 0 0.81 M M 1.6 10 300 M M 10 12 15 290
4 65 41 53 12 12 0 1.74 M M 9.1 18 200 M M 7 1 27 180
5 43 27 35 -6 30 0 0.00 M M 5.7 15 10 M M 0 24 330
6 43 21 32 -9 33 0 0.00 M M 4.0 10 50 M M 1 13 60
7 40 28 34 -7 31 0 0.16 M M 2.3 8 60 M M 9 126 10 50
8 54 30 42 0 23 0 0.00 M M 3.3 15 280 M M 3 12 20 280
9 57 28 43 1 22 0 0.00 M M 5.1 16 220 M M 0 23 190
10 65 28 47 5 18 0 0.00 M M 5.2 18 260 M M 0 24 250
11 67 32 50 8 15 0 0.00 M M 8.4 23 190 M M 0 35 200
12 70 37 54 12 11 0 0.00 M M 4.1 15 190 M M 2 21 200
13 48 30 39 -4 26 0 0.14 M M 4.6 13 330 M M 5 1 19 330
14 52 28 40 -3 25 0 0.00 M M 7.0 20 280 M M 0 26 290
15 51 22 37 -6 28 0 0.00 M M 3.1 14 230 M M 0 17 230
16 55 27 41 -2 24 0 0.01 M M 1.3 7 330 M M 5 10 230
17 67 47 57 14 8 0 0.15 M M 5.0 25 200 M M 10 12 35 180
18 65 32 49 5 16 0 0.09 M M 8.0 24 200 M M 4 32 220
19 58 24 41 -3 24 0 0.00 M M 6.1 23 300 M M 0 32 290
20 52 25 39 -5 26 0 0.00 M M 3.7 14 210 M M 0 19 230
21 59 30 45 1 20 0 0.01 M M 1.8 14 200 M M 5 1 17 200
22 65 53 59 15 6 0 0.06 M M 5.4 16 220 M M 8 12 27 220
23 71 56 64 19 1 0 0.84 M M 2.1 9 340 M M 0 12 11 190
24 58 44 51 6 14 0 0.44 M M 4.7 16 70 M M 10 12 20 70
25 72 42 57 12 8 0 0.03 M M 4.2 13 360 M M 5 12 17 300
26 50 38 44 -2 21 0 0.06 M M 3.4 10 50 M M 5 1 13 60
27 46 37 42 -4 23 0 0.59 M M 1.7 8 310 M M 8 1 10 300
28 59 28 44 -2 21 0 0.00 M M 1.7 9 190 M M 0 13 200
================================================================================
SM 1576 927 562 0 5.13 M 117.0 M 103
================================================================================
AV 56.3 33.1 4.2 FASTST M M 4 MAX(MPH)
MISC ----> 25 200 # 35 200
================================================================================
NOTES:
# LAST OF SEVERAL OCCURRENCES
COLUMN 17 PEAK WIND IN M.P.H.
PRELIMINARY LOCAL CLIMATOLOGICAL DATA (WS FORM: F-6) , PAGE 2
STATION: HICKORY NC
MONTH: FEBRUARY
YEAR: 2022
LATITUDE: 35 45 N
LONGITUDE: 81 23 W
[TEMPERATURE DATA] [PRECIPITATION DATA] SYMBOLS USED IN COLUMN 16
AVERAGE MONTHLY: 44.7 TOTAL FOR MONTH: 5.13 1 = FOG OR MIST
DPTR FM NORMAL: 1.7 DPTR FM NORMAL: 1.92 2 = FOG REDUCING VISIBILITY
HIGHEST: 72 ON 25 GRTST 24HR 1.74 ON 4- 5 TO 1/4 MILE OR LESS
LOWEST: 21 ON 6 3 = THUNDER
SNOW, ICE PELLETS, HAIL 4 = ICE PELLETS
TOTAL MONTH: M 5 = HAIL
GRTST 24HR M ON M 6 = FREEZING RAIN OR DRIZZLE
GRTST DEPTH: M ON M 7 = DUSTSTORM OR SANDSTORM:
VSBY 1/2 MILE OR LESS
8 = SMOKE OR HAZE
[NO. OF DAYS WITH] [WEATHER - DAYS WITH] 9 = BLOWING SNOW
X = TORNADO
MAX 32 OR BELOW: 0 0.01 INCH OR MORE: 14
MAX 90 OR ABOVE: 0 0.10 INCH OR MORE: 8
MIN 32 OR BELOW: 18 0.50 INCH OR MORE: 4
MIN 0 OR BELOW: 0 1.00 INCH OR MORE: 1
[HDD (BASE 65) ]
TOTAL THIS MO. 562 CLEAR (SCALE 0-3) 14
DPTR FM NORMAL -54 PTCLDY (SCALE 4-7) 9
TOTAL FM JUL 1 2414 CLOUDY (SCALE 8-10) 5
DPTR FM NORMAL -390
[CDD (BASE 65) ]
TOTAL THIS MO. 0
DPTR FM NORMAL 0 [PRESSURE DATA]
TOTAL FM JAN 1 1 HIGHEST SLP 30.59 ON 16
DPTR FM NORMAL 1 LOWEST SLP 29.65 ON 18
[REMARKS]
#FINAL-02-22#