000
CXUS56 KTFX 011110
CF6HLN
PRELIMINARY LOCAL CLIMATOLOGICAL DATA (WS FORM: F-6)
STATION: HELENA MT
MONTH: JULY
YEAR: 2022
LATITUDE: 46 35 N
LONGITUDE: 112 0 W
TEMPERATURE IN F: :PCPN: SNOW: WIND :SUNSHINE: SKY :PK WND
================================================================================
1 2 3 4 5 6A 6B 7 8 9 10 11 12 13 14 15 16 17 18
12Z AVG MX 2MIN
DY MAX MIN AVG DEP HDD CDD WTR SNW DPTH SPD SPD DIR MIN PSBL S-S WX SPD DR
================================================================================
1 87 51 69 3 0 4 0.02 0.0 0 5.7 31 220 M M 2 3 51 240
2 87 55 71 4 0 6 T 0.0 0 5.9 37 330 M M 2 3 49 350
3 73 55 64 -3 1 0 1.09 0.0 0 6.1 51 240 M M 5 1238 70 240
4 76 56 66 -2 0 1 0.01 0.0 0 5.7 26 320 M M 6 3 32 320
5 81 52 67 -1 0 2 0.00 0.0 0 3.3 10 240 M M 0 14 20
6 85 57 71 3 0 6 0.05 0.0 0 7.0 25 240 M M 1 3 34 240
7 91 58 75 6 0 10 T 0.0 0 6.1 25 190 M M 2 3 40 200
8 90 57 74 5 0 9 0.04 0.0 0 4.9 37 200 M M 2 3 53 210
9 86 56 71 2 0 6 0.36 0.0 0 4.6 24 280 M M 2 3 36 280
10 81 53 67 -3 0 2 0.00 0.0 0 7.6 23 310 M M 2 37 310
11 84 53 69 -1 0 4 0.00 0.0 0 4.6 14 250 M M 0 20 310
12 93 56 75 5 0 10 0.00 0.0 0 4.8 15 60 M M 0 19 60
13 90 60 75 5 0 10 T 0.0 0 4.3 32 240 M M 1 3 48 230
14 94 58 76 5 0 11 T 0.0 0 4.7 15 160 M M 0 3 25 170
15 90 62 76 5 0 11 0.02 0.0 0 6.5 35 260 M M 1 3 48 250
16 94 60 77 6 0 12 0.02 0.0 0 6.8 36 240 M M 0 3 52 240
17 97 56 77 5 0 12 T 0.0 0 5.0 30 180 M M 0 42 180
18 91 61 76 4 0 11 0.00 0.0 0 14.5 37 290 M M 0 54 300
19 90 61 76 4 0 11 0.00 0.0 0 12.2 24 290 M M 0 31 300
20 94 53 74 2 0 9 0.00 0.0 0 8.5 25 280 M M 0 37 260
21 94 54 74 2 0 9 0.00 0.0 0 8.7 24 290 M M 0 32 280
22 94 58 76 4 0 11 0.00 0.0 0 5.7 29 350 M M 0 37 350
23 90 53 72 0 0 7 0.00 0.0 0 4.9 13 20 M M 0 17 40
24 85 57 71 -1 0 6 0.01 0.0 0 6.0 21 290 M M 2 3 26 330
25 89 51 70 -3 0 5 0.00 0.0 0 5.9 18 20 M M 0 23 360
26 90 62 76 3 0 11 0.00 0.0 0 6.0 10 270 M M 2 14 350
27 93 63 78 5 0 13 0.00 0.0 0 7.2 17 30 M M 1 23 40
28 96 61 79 6 0 14 0.00 0.0 0 5.1 12 30 M M 0 19 40
29 100 62 81 8 0 16 0.00 0.0 0 6.9 22 260 M M 0 31 250
30 101 64 83 11 0 18 0.00 0.0 0 5.9 18 260 M M 0 26 290
31 101 60 81 9 0 16 0.00 0.0 0 8.6 21 300 M M 0 33 350
================================================================================
SM 2787 1775 1 273 1.62 0.0 199.7 M 31
================================================================================
AV 89.9 57.3 6.4 FASTST M M 1 MAX(MPH)
MISC ----> 51 240 70 240
================================================================================
NOTES:
# LAST OF SEVERAL OCCURRENCES
COLUMN 17 PEAK WIND IN M.P.H.
PRELIMINARY LOCAL CLIMATOLOGICAL DATA (WS FORM: F-6) , PAGE 2
STATION: HELENA MT
MONTH: JULY
YEAR: 2022
LATITUDE: 46 35 N
LONGITUDE: 112 0 W
[TEMPERATURE DATA] [PRECIPITATION DATA] SYMBOLS USED IN COLUMN 16
AVERAGE MONTHLY: 73.6 TOTAL FOR MONTH: 1.62 1 = FOG OR MIST
DPTR FM NORMAL: 3.0 DPTR FM NORMAL: 0.56 2 = FOG REDUCING VISIBILITY
HIGHEST: 101 ON 31,30 GRTST 24HR 1.09 ON 3- 3 TO 1/4 MILE OR LESS
LOWEST: 51 ON 25, 1 3 = THUNDER
SNOW, ICE PELLETS, HAIL 4 = ICE PELLETS
TOTAL MONTH: 0.0 INCH 5 = HAIL
GRTST 24HR 0.0 6 = FREEZING RAIN OR DRIZZLE
GRTST DEPTH: 0 7 = DUSTSTORM OR SANDSTORM:
VSBY 1/2 MILE OR LESS
8 = SMOKE OR HAZE
[NO. OF DAYS WITH] [WEATHER - DAYS WITH] 9 = BLOWING SNOW
X = TORNADO
MAX 32 OR BELOW: 0 0.01 INCH OR MORE: 9
MAX 90 OR ABOVE: 20 0.10 INCH OR MORE: 2
MIN 32 OR BELOW: 0 0.50 INCH OR MORE: 1
MIN 0 OR BELOW: 0 1.00 INCH OR MORE: 1
[HDD (BASE 65) ]
TOTAL THIS MO. 1 CLEAR (SCALE 0-3) 29
DPTR FM NORMAL -22 PTCLDY (SCALE 4-7) 2
TOTAL FM JUL 1 1 CLOUDY (SCALE 8-10) 0
DPTR FM NORMAL -20
[CDD (BASE 65) ]
TOTAL THIS MO. 273
DPTR FM NORMAL 76 [PRESSURE DATA]
TOTAL FM JAN 1 338 HIGHEST SLP 30.27 ON 11
DPTR FM NORMAL 89 LOWEST SLP 29.65 ON 18
[REMARKS]
#FINAL-07-22#