901
CXUS53 KFSD 011547
CF6HON
PRELIMINARY LOCAL CLIMATOLOGICAL DATA (WS FORM: F-6)
STATION: HURON
MONTH: AUGUST
YEAR: 2020
LATITUDE: 44 22 N
LONGITUDE: 98 13 W
TEMPERATURE IN F: :PCPN: SNOW: WIND :SUNSHINE: SKY :PK WND
================================================================================
1 2 3 4 5 6A 6B 7 8 9 10 11 12 13 14 15 16 17 18
12Z AVG MX 2MIN
DY MAX MIN AVG DEP HDD CDD WTR SNW DPTH SPD SPD DIR MIN PSBL S-S WX SPD DR
================================================================================
1 79 57 68 -6 0 3 0.00 0.0 0 11.6 22 350 M M 3 30 360
2 79 57 68 -6 0 3 0.00 0.0 0 8.2 15 360 M M 1 21 340
3 78 51 65 -9 0 0 0.00 0.0 0 4.0 12 110 M M 0 16 150
4 76 52 64 -9 1 0 0.39 0.0 0 9.4 20 160 M M 5 13 27 170
5 78 61 70 -3 0 5 0.00 0.0 0 7.2 14 160 M M 8 23 150
6 82 56 69 -4 0 4 0.00 0.0 0 4.8 13 130 M M 4 12 21 140
7 83 68 76 3 0 11 0.02 0.0 0 13.8 24 170 M M 4 3 32 190
8 80 71 76 3 0 11 0.03 0.0 0 9.9 26 70 M M 6 1 38 70
9 90 64 77 4 0 12 0.28 0.0 0 11.6 37 200 M M 2 13 57 210
10 81 58 70 -3 0 5 0.01 0.0 0 5.2 13 310 M M 1 17 300
11 81 59 70 -3 0 5 0.01 0.0 0 10.4 23 150 M M 1 3 31 150
12 88 65 77 5 0 12 T 0.0 0 12.4 17 170 M M 0 29 20
13 89 72 81 9 0 16 0.00 0.0 0 14.8 26 190 M M 0 36 180
14 81 59 70 -2 0 5 0.00 0.0 0 12.6 26 310 M M 2 38 300
15 88 58 73 1 0 8 0.00 0.0 0 5.5 14 210 M M 0 18 270
16 88 60 74 2 0 9 0.00 0.0 0 6.4 18 340 M M 0 23 350
17 87 54 71 -1 0 6 0.00 0.0 0 3.8 12 360 M M 0 16 360
18 86 61 74 2 0 9 0.00 0.0 0 10.0 17 160 M M 0 24 130
19 87 64 76 5 0 11 0.00 0.0 0 13.7 23 190 M M 0 35 180
20 87 66 77 6 0 12 0.04 0.0 0 10.8 22 160 M M 0 13 31 190
21 89 68 79 8 0 14 0.00 0.0 0 5.1 14 170 M M 0 1 19 160
22 94 63 79 8 0 14 0.00 0.0 0 2.9 8 190 M M 3 12 13 230
23 94 63 79 9 0 14 0.00 0.0 0 6.9 21 160 M M 0 1 30 160
24 90 70 80 10 0 15 0.02 0.0 0 9.4 24 100 M M 0 3 33 120
25 93 68 81 11 0 16 0.00 0.0 0 10.3 20 170 M M 0 27 170
26 90 69 80 10 0 15 0.00 0.0 0 9.1 16 170 M M 0 25 180
27 85 62 74 4 0 9 0.61 0.0 0 8.3 58 270 M M 2 123 84 260
28 82 54 68 -1 0 3 0.56 0.0 0 10.9 53 270 M M 3 123 69 280
29 78 49 64 -5 1 0 0.00 0.0 0 4.7 12 140 M M 0 18 170
30 82 59 71 2 0 6 0.59 0.0 0 16.5 29 160 M M 3 13 45 160
31 74 50 62 -6 3 0 0.05 0.0 0 8.3 23 330 M M 2 1 33 330
================================================================================
SM 2619 1888 5 253 2.61 0.0 278.5 M 50
================================================================================
AV 84.5 60.9 9.0 FASTST M M 2 MAX(MPH)
MISC ----> 58 270 84 260
================================================================================
NOTES:
# LAST OF SEVERAL OCCURRENCES
-COLUMN 17 PEAK WIND IN M.P.H.
-PRECIPITATION AMOUNTS IN COLUMNS 7,8, AND 9 ARE THE OFFICIAL PRECIPITATION
AMOUNTS FOR HURON, SD.
-SNOW DEPTH IN COLUMN 9 IS RECORDED AT 6 AM CST (12Z).
PRELIMINARY LOCAL CLIMATOLOGICAL DATA (WS FORM: F-6) , PAGE 2
STATION: HURON
MONTH: AUGUST
YEAR: 2020
LATITUDE: 44 22 N
LONGITUDE: 98 13 W
[TEMPERATURE DATA] [PRECIPITATION DATA] SYMBOLS USED IN COLUMN 16
AVERAGE MONTHLY: 72.7 TOTAL FOR MONTH: 2.61 1 = FOG OR MIST
DPTR FM NORMAL: 1.1 DPTR FM NORMAL: 0.18 2 = FOG REDUCING VISIBILITY
HIGHEST: 94 ON 23,22 GRTST 24HR 1.17 ON 27-28 TO 1/4 MILE OR LESS
LOWEST: 49 ON 29 3 = THUNDER
SNOW, ICE PELLETS, HAIL 4 = ICE PELLETS
TOTAL MONTH: 0.0 INCH 5 = HAIL
GRTST 24HR 0.0 6 = FREEZING RAIN OR DRIZZLE
GRTST DEPTH: 0 7 = DUSTSTORM OR SANDSTORM:
VSBY 1/2 MILE OR LESS
8 = SMOKE OR HAZE
[NO. OF DAYS WITH] [WEATHER - DAYS WITH] 9 = BLOWING SNOW
X = TORNADO
MAX 32 OR BELOW: 0 0.01 INCH OR MORE: 12
MAX 90 OR ABOVE: 6 0.10 INCH OR MORE: 5
MIN 32 OR BELOW: 0 0.50 INCH OR MORE: 3
MIN 0 OR BELOW: 0 1.00 INCH OR MORE: 0
[HDD (BASE 65) ]
TOTAL THIS MO. 5 CLEAR (SCALE 0-3) 24
DPTR FM NORMAL -16 PTCLDY (SCALE 4-7) 7
TOTAL FM JUL 1 5 CLOUDY (SCALE 8-10) 0
DPTR FM NORMAL -21
[CDD (BASE 65) ]
TOTAL THIS MO. 253
DPTR FM NORMAL 27 [PRESSURE DATA]
TOTAL FM JAN 1 821 HIGHEST SLP 30.20 ON 17
DPTR FM NORMAL 152 LOWEST SLP 29.44 ON 30
[REMARKS]
#FINAL-08-20#