000
CXUS54 KHGX 251632
CF6HOU
PRELIMINARY LOCAL CLIMATOLOGICAL DATA (WS FORM: F-6)
STATION: HOUSTON/HOBBY AIRPORT
MONTH: AUGUST
YEAR: 2020
LATITUDE: 29 38 N
LONGITUDE: 95 17 W
TEMPERATURE IN F: :PCPN: SNOW: WIND :SUNSHINE: SKY :PK WND
================================================================================
1 2 3 4 5 6A 6B 7 8 9 10 11 12 13 14 15 16 17 18
12Z AVG MX 2MIN
DY MAX MIN AVG DEP HDD CDD WTR SNW DPTH SPD SPD DIR MIN PSBL S-S WX SPD DR
================================================================================
1 86 73 80 -6 0 15 1.42 0.0 0 4.6 16 200 M M 8 13 21 250
2 94 75 85 -1 0 20 0.26 0.0 0 4.1 31 40 M M 5 13 41 40
3 97 76 87 1 0 22 0.00 0.0 0 5.1 13 180 M M 4 16 170
4 96 79 88 2 0 23 0.22 0.0 0 6.7 18 40 M M 6 1 22 30
5 95 78 87 1 0 22 0.00 0.0 0 6.9 16 210 M M 3 8 20 220
6 95 80 88 2 0 23 0.00 0.0 0 6.3 15 160 M M 4 18 170
7 96 80 88 2 0 23 0.00 0.0 0 5.5 15 150 M M 3 19 140
8 94 80 87 1 0 22 T 0.0 0 5.7 20 190 M M 6 3 24 190
9 94 80 87 1 0 22 0.00 0.0 0 8.8 20 170 M M 6 3 23 160
10 95 80 88 2 0 23 0.00 0.0 0 8.3 17 160 M M 3 21 170
11 97 81 89 3 0 24 0.00 0.0 0 8.6 20 160 M M 3 25 160
12 97 80 89 3 0 24 T 0.0 0 8.1 18 180 M M 5 22 160
13 97 80 89 3 0 24 0.00 0.0 0 6.8 16 170 M M 3 20 150
14 97 79 88 3 0 23 0.00 0.0 0 7.9 20 180 M M 3 24 180
15 98 80 89 4 0 24 0.00 0.0 0 7.3 17 170 M M 3 21 180
16 100 80 90 5 0 25 0.00 0.0 0 6.5 16 150 M M 7 22 150
17 94 73 84 -1 0 19 0.82 0.0 0 6.2 33 10 M M 8 13 40 360
18 98 76 87 2 0 22 0.00 0.0 0 5.7 13 50 M M 4 17 50
19 97 78 88 3 0 23 0.00 0.0 0 5.3 17 10 M M 2 20 50
20 96 76 86 1 0 21 0.00 0.0 0 5.4 13 170 M M 3 17 160
21 95 78 87 2 0 22 T 0.0 0 4.7 25 210 M M 4 3 30 210
22 93 76 85 0 0 20 0.11 0.0 0 4.2 23 360 M M 6 38 26 360
23 95 75 85 0 0 20 0.00 0.0 0 6.3 16 130 M M 4 22 110
24 94 79 87 2 0 22 0.00 0.0 0 7.7 16 50 M M 5 3 21 70
25 96 79 88 3 0 23 T 0.0 0 10.1 17 70 M M 5 25 50
26 94 80 87 3 0 22 0.06 0.0 0 15.0 28 50 M M 8 1 34 60
27 97 78 88 4 0 23 0.00 0.0 0 8.9 16 180 M M 6 22 320
28 96 79 88 4 0 23 0.13 0.0 0 10.7 24 200 M M 5 138 29 200
29 98 81 90 6 0 25 0.00 0.0 0 7.1 20 160 M M 5 22 160
30 96 81 89 5 0 24 0.18 0.0 0 5.8 18 160 M M 6 25 260
31 97 83 90 6 0 25 T 0.0 0 11.3 21 160 M M 5 26 170
================================================================================
SM 2964 2433 0 693 3.20 0.0 221.6 M 148
================================================================================
AV 95.6 78.5 7.1 FASTST M M 5 MAX(MPH)
MISC ----> 33 10 41 40
================================================================================
NOTES:
# LAST OF SEVERAL OCCURRENCES
COLUMN 17 PEAK WIND IN M.P.H.
PRELIMINARY LOCAL CLIMATOLOGICAL DATA (WS FORM: F-6) , PAGE 2
STATION: HOUSTON/HOBBY AIRPORT
MONTH: AUGUST
YEAR: 2020
LATITUDE: 29 38 N
LONGITUDE: 95 17 W
[TEMPERATURE DATA] [PRECIPITATION DATA] SYMBOLS USED IN COLUMN 16
AVERAGE MONTHLY: 87.0 TOTAL FOR MONTH: 3.20 1 = FOG OR MIST
DPTR FM NORMAL: 1.9 DPTR FM NORMAL: -2.24 2 = FOG REDUCING VISIBILITY
HIGHEST: 100 ON 16 GRTST 24HR 1.42 ON 1- 1 TO 1/4 MILE OR LESS
LOWEST: 73 ON 17, 1 3 = THUNDER
SNOW, ICE PELLETS, HAIL 4 = ICE PELLETS
TOTAL MONTH: 0.0 INCH 5 = HAIL
GRTST 24HR 0.0 6 = FREEZING RAIN OR DRIZZLE
GRTST DEPTH: 0 7 = DUSTSTORM OR SANDSTORM:
VSBY 1/2 MILE OR LESS
8 = SMOKE OR HAZE
[NO. OF DAYS WITH] [WEATHER - DAYS WITH] 9 = BLOWING SNOW
X = TORNADO
MAX 32 OR BELOW: 0 0.01 INCH OR MORE: 8
MAX 90 OR ABOVE: 30 0.10 INCH OR MORE: 7
MIN 32 OR BELOW: 0 0.50 INCH OR MORE: 2
MIN 0 OR BELOW: 0 1.00 INCH OR MORE: 1
[HDD (BASE 65) ]
TOTAL THIS MO. 0 CLEAR (SCALE 0-3) 8
DPTR FM NORMAL 0 PTCLDY (SCALE 4-7) 22
TOTAL FM JUL 1 0 CLOUDY (SCALE 8-10) 1
DPTR FM NORMAL 0
[CDD (BASE 65) ]
TOTAL THIS MO. 693
DPTR FM NORMAL 70 [PRESSURE DATA]
TOTAL FM JAN 1 2906 HIGHEST SLP M ON M
DPTR FM NORMAL 411 LOWEST SLP 29.63 ON 27
[REMARKS]
#FINAL-08-20#