000
CXUS54 KHGX 010657
CLMHOU
CLIMATE REPORT
NATIONAL WEATHER SERVICE HOUSTON/GALVESTON TX
1257 AM CST THU FEB 01 2024
...................................
...THE HOUSTON/HOBBY AIRPORT CLIMATE SUMMARY FOR THE MONTH OF JANUARY 2024...
CLIMATE NORMAL PERIOD: 1991 TO 2020
CLIMATE RECORD PERIOD: 1930 TO 2024
WEATHER OBSERVED NORMAL DEPART LAST YEAR`S
VALUE DATE(S) VALUE FROM VALUE DATE(S)
NORMAL
................................................................
TEMPERATURE (F)
RECORD
HIGH 85 01/23/1972
LOW 5 01/23/1940
HIGHEST 78 01/11 MM MM 82 01/01
01/07
01/11
LOWEST 20 01/16 MM MM 37 01/26
AVG. MAXIMUM 61.8 63.8 -2.0 69.7
AVG. MINIMUM 43.1 46.1 -3.0 51.7
MEAN 52.5 55.0 -2.5 60.7
DAYS MAX >= 90 0 0.0 0.0 0
DAYS MAX <= 32 0 0.0 0.0 0
DAYS MIN <= 32 4 2.1 1.9 0
DAYS MIN <= 0 0 0.0 0.0 0
PRECIPITATION (INCHES)
RECORD
MAXIMUM 6.72 2007
TOTALS 7.76 4.09 3.67
DAILY AVG. 0.25 0.13 0.12 0.13
DAYS >= .01 15 10.2 4.8 11
DAYS >= .10 10 6.1 3.9 6
DAYS >= .50 7 2.8 4.2 2
DAYS >= 1.00 4 1.2 2.8 2
GREATEST
24 HR. TOTAL 1.30 01/05 TO 01/05 1.44 01/07 TO 01/08
SNOWFALL (INCHES)
RECORDS
TOTAL T 2021
TOTALS TR
SINCE 7/1 T
LIQUID 7/1 -0.10
DAYS >= TRACE 1
GREATEST
24 HR TOTAL MM
DEGREE DAYS
HEATING TOTAL 382 330 52 188
SINCE 7/1 734 769 -35 MM
COOLING TOTAL 4 19 -15 61
SINCE 1/1 4 19 -15 MM
................................................................
WIND (MPH)
AVERAGE WIND SPEED 10.4
HIGHEST WIND SPEED/DIRECTION 36/320 DATE 01/08
HIGHEST GUST SPEED/DIRECTION 55/320 DATE 01/08
55/300 01/12
SKY COVER
AVERAGE SKY COVER 0.62
AVERAGE RH (PERCENT) 70
WEATHER CONDITIONS. NUMBER OF DAYS WITH
THUNDERSTORM 8 MIXED PRECIP 0
HEAVY RAIN 8 RAIN 9
LIGHT RAIN 15 FREEZING RAIN 0
LT FREEZING RAIN 1 HAIL 0
HEAVY SNOW 0 SNOW 0
LIGHT SNOW 0 SLEET 0
FOG 17 FOG W/VIS <= 1/4 MILE 5
HAZE 5
- INDICATES NEGATIVE NUMBERS.
R INDICATES RECORD WAS SET OR TIED.
MM INDICATES DATA IS MISSING.
T INDICATES TRACE AMOUNT.
$$