000
CXUS55 KSEW 010930
CF6HQM
PRELIMINARY LOCAL CLIMATOLOGICAL DATA (WS FORM: F-6)
STATION: HOQUIAM WA AIRPORT
MONTH: JUNE
YEAR: 2023
LATITUDE: 46 58 N
LONGITUDE: 123 56 W
TEMPERATURE IN F: :PCPN: SNOW: WIND :SUNSHINE: SKY :PK WND
================================================================================
1 2 3 4 5 6A 6B 7 8 9 10 11 12 13 14 15 16 17 18
12Z AVG MX 2MIN
DY MAX MIN AVG DEP HDD CDD WTR SNW DPTH SPD SPD DIR MIN PSBL S-S WX SPD DR
================================================================================
1 62 48 55 0 10 0 0.00 M M 9.2 20 290 M M 0 27 290
2 62 47 55 -1 10 0 0.00 M M 7.5 17 270 M M 1 23 270
3 65 45 55 -1 10 0 0.00 M M 9.5 21 290 M M 1 29 300
4 66 50 58 2 7 0 0.00 M M 9.8 21 330 M M 0 30 310
5 71 43 57 1 8 0 0.00 M M 6.0 18 330 M M 0 26 320
6 75 44 60 4 5 0 0.00 M M 7.1 17 240 M M 0 21 250
7 66 49 58 2 7 0 0.00 M M 10.4 22 260 M M 3 26 260
8 63 56 60 4 5 0 0.00 M M 10.4 16 280 M M 9 24 280
9 58 56 57 1 8 0 0.15 M M 7.0 12 250 M M 10 16 260
10 64 55 60 4 5 0 0.16 M M 8.0 15 270 M M 10 1 19 250
11 69 55 62 6 3 0 0.00 M M 6.2 16 260 M M 6 21 270
12 69 54 62 5 3 0 0.00 M M 8.1 20 260 M M 4 1 23 250
13 61 54 58 1 7 0 0.00 M M 14.3 25 290 M M 10 18 33 300
14 62 51 57 0 8 0 0.00 M M 12.7 18 260 M M 7 26 270
15 63 53 58 1 7 0 0.00 M M 10.1 20 260 M M 5 26 270
16 63 54 59 2 6 0 T M M 8.1 15 250 M M 8 12 19 250
17 62 53 58 1 7 0 T M M 12.7 21 290 M M 7 29 270
18 61 49 55 -2 10 0 0.06 M M 8.1 17 280 M M 4 1 24 280
19 63 44 54 -4 11 0 T M M 9.3 18 250 M M 4 22 240
20 63 51 57 -1 8 0 0.01 M M 8.9 16 250 M M 8 1 22 230
21 68 50 59 1 6 0 0.00 M M 7.0 17 270 M M 2 23 280
22 73 49 61 3 4 0 0.00 M M 5.5 16 300 M M 0 22 270
23 63 50 57 -1 8 0 0.00 M M 8.6 17 270 M M 9 12 24 250
24 65 54 60 2 5 0 0.00 M M 9.2 17 280 M M 5 1 25 270
25 66 53 60 2 5 0 0.00 M M 7.5 17 290 M M 8 1 25 270
26 64 54 59 1 6 0 0.00 M M 10.9 17 260 M M 10 1 22 250
27 66 55 61 3 4 0 0.00 M M 7.6 14 250 M M 10 1 19 250
28 65 56 61 2 4 0 0.00 M M 9.1 18 270 M M 10 1 23 260
29 68 54 61 2 4 0 0.00 M M 10.0 20 260 M M 7 1 24 250
30 69 56 63 4 2 0 0.00 M M 9.5 18 290 M M 5 1 28 300
================================================================================
SM 1955 1542 193 0 0.38 M 268.3 M 163
================================================================================
AV 65.2 51.4 8.9 FASTST M M 5 MAX(MPH)
MISC ----> 25 290 33 300
================================================================================
NOTES:
# LAST OF SEVERAL OCCURRENCES
COLUMN 17 PEAK WIND IN M.P.H.
PRELIMINARY LOCAL CLIMATOLOGICAL DATA (WS FORM: F-6) , PAGE 2
STATION: HOQUIAM WA AIRPORT
MONTH: JUNE
YEAR: 2023
LATITUDE: 46 58 N
LONGITUDE: 123 56 W
[TEMPERATURE DATA] [PRECIPITATION DATA] SYMBOLS USED IN COLUMN 16
AVERAGE MONTHLY: 58.3 TOTAL FOR MONTH: 0.38 1 = FOG OR MIST
DPTR FM NORMAL: 1.2 DPTR FM NORMAL: -1.63 2 = FOG REDUCING VISIBILITY
HIGHEST: 75 ON 6 GRTST 24HR 0.31 ON 9-10 TO 1/4 MILE OR LESS
LOWEST: 43 ON 5 3 = THUNDER
SNOW, ICE PELLETS, HAIL 4 = ICE PELLETS
TOTAL MONTH: M 5 = HAIL
GRTST 24HR M ON M 6 = FREEZING RAIN OR DRIZZLE
GRTST DEPTH: M ON M 7 = DUSTSTORM OR SANDSTORM:
VSBY 1/2 MILE OR LESS
8 = SMOKE OR HAZE
[NO. OF DAYS WITH] [WEATHER - DAYS WITH] 9 = BLOWING SNOW
X = TORNADO
MAX 32 OR BELOW: 0 0.01 INCH OR MORE: 4
MAX 90 OR ABOVE: 0 0.10 INCH OR MORE: 2
MIN 32 OR BELOW: 0 0.50 INCH OR MORE: 0
MIN 0 OR BELOW: 0 1.00 INCH OR MORE: 0
[HDD (BASE 65) ]
TOTAL THIS MO. 193 CLEAR (SCALE 0-3) 9
DPTR FM NORMAL -46 PTCLDY (SCALE 4-7) 12
TOTAL FM JUL 1 4313 CLOUDY (SCALE 8-10) 9
DPTR FM NORMAL -801
[CDD (BASE 65) ]
TOTAL THIS MO. 0
DPTR FM NORMAL -2 [PRESSURE DATA]
TOTAL FM JAN 1 18 HIGHEST SLP M ON M
DPTR FM NORMAL 15 LOWEST SLP 29.78 ON 6
[REMARKS]
#FINAL-06-23#