000
CXUS56 KSEW 011034
CLMHQM
CLIMATE REPORT
NATIONAL WEATHER SERVICE SEATTLE
334 AM PDT THU JUN 01 2023
...................................
...THE HOQUIAM WA AIRPORT CLIMATE SUMMARY FOR THE MONTH OF MAY 2023...
CLIMATE NORMAL PERIOD 1991 TO 2020
CLIMATE RECORD PERIOD 1953 TO 2023
WEATHER OBSERVED NORMAL DEPART LAST YEAR`S
VALUE DATE(S) VALUE FROM VALUE DATE(S)
NORMAL
................................................................
TEMPERATURE (F)
RECORD
HIGH 93 05/16/2008
LOW 30 05/07/2002
HIGHEST 91 05/14 MM MM 67 05/31
LOWEST 41 05/08 MM MM 39 05/10
AVG. MAXIMUM 64.5 60.1 4.4 57.8
AVG. MINIMUM 50.3 46.6 3.7 46.0
MEAN 57.4 53.4 4.0 51.9
DAYS MAX >= 90 1 0.0 1.0 0
DAYS MAX <= 32 0 0.0 0.0 0
DAYS MIN <= 32 0 0.1 -0.1 0
DAYS MIN <= 0 0 0.0 0.0 0
PRECIPITATION (INCHES)
RECORD
MAXIMUM 7.77 1960
MINIMUM 0.28 2015
TOTALS 0.51 2.99 -2.48 6.41
DAILY AVG. 0.02 0.10 -0.08 0.21
DAYS >= .01 3 14.0 -11.0 21
DAYS >= .10 1 7.9 -6.9 14
DAYS >= .50 0 1.7 -1.7 5
DAYS >= 1.00 0 0.2 -0.2 2
GREATEST
24 HR. TOTAL 0.46 05/04 TO 05/05
DEGREE DAYS
HEATING TOTAL 246 362 -116 398
SINCE 7/1 4120 4875 -755 MM
COOLING TOTAL 15 1 14 0
SINCE 1/1 18 1 17 MM
................................................................
WIND (MPH)
AVERAGE WIND SPEED 8.7
HIGHEST WIND SPEED/DIRECTION 24/080 DATE 05/14
24/290 05/21
24/290 05/30
HIGHEST GUST SPEED/DIRECTION 35/300 DATE 05/30
SKY COVER
POSSIBLE SUNSHINE (PERCENT) MM
AVERAGE SKY COVER 0.51
NUMBER OF DAYS FAIR 11
NUMBER OF DAYS PC 9
NUMBER OF DAYS CLOUDY 11
AVERAGE RH (PERCENT) 73
WEATHER CONDITIONS. NUMBER OF DAYS WITH
THUNDERSTORM 0 MIXED PRECIP 0
HEAVY RAIN 0 RAIN 0
LIGHT RAIN 6 FREEZING RAIN 0
LT FREEZING RAIN 0 HAIL 0
HEAVY SNOW 0 SNOW 0
LIGHT SNOW 0 SLEET 0
FOG 13 FOG W/VIS <= 1/4 MILE 0
HAZE 6
- INDICATES NEGATIVE NUMBERS.
R INDICATES RECORD WAS SET OR TIED.
MM INDICATES DATA IS MISSING.
T INDICATES TRACE AMOUNT.
$$