000
CXUS54 KBRO 010900
CF6HRL
PRELIMINARY LOCAL CLIMATOLOGICAL DATA (WS FORM: F-6)
STATION: HARLINGEN
MONTH: DECEMBER
YEAR: 2022
LATITUDE: 26 13 N
LONGITUDE: 97 40 W
TEMPERATURE IN F: :PCPN: SNOW: WIND :SUNSHINE: SKY :PK WND
================================================================================
1 2 3 4 5 6A 6B 7 8 9 10 11 12 13 14 15 16 17 18
12Z AVG MX 2MIN
DY MAX MIN AVG DEP HDD CDD WTR SNW DPTH SPD SPD DIR MIN PSBL S-S WX SPD DR
================================================================================
1 61 55 58 -7 7 0 0.00 0.0 0 10.6 16 330 M M 10 20 340
2 74 57 66 1 0 1 0.00 0.0 0 3.4 9 130 M M 9 12 10 130
3 83 68 76 12 0 11 0.01 0.0 0 6.5 17 70 M M 9 12 21 70
4 83 67 75 11 0 10 T 0.0 0 6.9 15 100 M M 9 12 18 110
5 84 62 73 9 0 8 0.00 0.0 0 12.1 25 180 M M 6 12 32 180
6 84 69 77 13 0 12 0.00 0.0 0 14.4 26 180 M M 3 1 35 170
7 85 65 75 11 0 10 T 0.0 0 12.8 22 170 M M 6 1 30 150
8 85 67 76 12 0 11 0.00 0.0 0 12.3 23 160 M M 3 1 28 160
9 86 70 78 15 0 13 0.00 0.0 0 10.9 20 140 M M 5 12 27 140
10 86 65 76 13 0 11 0.00 0.0 0 12.3 26 160 M M 1 1 34 170
11 85 62 74 11 0 9 0.00 0.0 0 6.9 16 140 M M 3 12 19 150
12 83 65 74 11 0 9 0.00 0.0 0 12.2 24 160 M M 7 12 40 130
13 85 72 79 16 0 14 0.00 0.0 0 18.7 36 190 M M 4 1 46 180
14 78 51 65 2 0 0 T 0.0 0 11.4 30 340 M M 6 1 38 340
15 77 44 61 -1 4 0 0.00 0.0 0 7.5 18 100 M M 0 24 100
16 78 54 66 4 0 1 0.00 0.0 0 7.7 17 130 M M 4 22 120
17 65 45 55 -7 10 0 0.19 0.0 0 14.9 26 20 M M 10 1 35 10
18 66 51 59 -3 6 0 0.06 0.0 0 8.5 15 80 M M 10 1 19 340
19 66 53 60 -2 5 0 0.09 0.0 0 11.7 18 300 M M 10 1 24 300
20 59 49 54 -8 11 0 0.00 0.0 0 12.4 18 350 M M 9 23 340
21 67 49 58 -4 7 0 0.00 0.0 0 8.6 15 60 M M 6 1 19 50
22 74 38 56 -5 9 0 0.00 0.0 0 8.7 36 30 M M 6 12 47 30
23 38 27 33 -28 32 0 0.00 0.0 0 19.7 32 350 M M 10 45 360
24 38 31 35 -26 30 0 0.00 0.0 0 14.0 23 350 M M 10 29 350
25 55 38 47 -14 18 0 0.00 0.0 0 9.1 17 340 M M 10 22 10
26 66 41 54 -7 11 0 0.00 0.0 0 3.5 13 70 M M 8 16 60
27 69 37 53 -8 12 0 0.00 0.0 0 5.9 15 30 M M 0 23 40
28 80 44 62 1 3 0 0.00 0.0 0 16.9 32 180 M M 0 44 170
29 83 66 75 14 0 10 0.00 0.0 0 16.7 37 180 M M 2 1 49 180
30 81 55 68 8 0 3 0.00 0.0 0 7.0 14 50 M M 2 128 18 50
31 84 50 67 7 0 2 0.00 0.0 0 4.7 18 140 M M 5 12 24 130
================================================================================
SM 2288 1667 165 135 0.35 0.0 328.9 M 183
================================================================================
AV 73.8 53.8 10.6 FASTST M M 6 MAX(MPH)
MISC ----> 37 180 49 180
================================================================================
NOTES:
# LAST OF SEVERAL OCCURRENCES
COLUMN 17 PEAK WIND IN M.P.H.
PRELIMINARY LOCAL CLIMATOLOGICAL DATA (WS FORM: F-6) , PAGE 2
STATION: HARLINGEN
MONTH: DECEMBER
YEAR: 2022
LATITUDE: 26 13 N
LONGITUDE: 97 40 W
[TEMPERATURE DATA] [PRECIPITATION DATA] SYMBOLS USED IN COLUMN 16
AVERAGE MONTHLY: 63.8 TOTAL FOR MONTH: 0.35 1 = FOG OR MIST
DPTR FM NORMAL: 1.4 DPTR FM NORMAL: -0.87 2 = FOG REDUCING VISIBILITY
HIGHEST: 86 ON 10, 9 GRTST 24HR 0.19 ON 17-17 TO 1/4 MILE OR LESS
LOWEST: 27 ON 23 3 = THUNDER
SNOW, ICE PELLETS, HAIL 4 = ICE PELLETS
TOTAL MONTH: 0.0 INCH 5 = HAIL
GRTST 24HR 0.0 6 = FREEZING RAIN OR DRIZZLE
GRTST DEPTH: 0 7 = DUSTSTORM OR SANDSTORM:
VSBY 1/2 MILE OR LESS
8 = SMOKE OR HAZE
[NO. OF DAYS WITH] [WEATHER - DAYS WITH] 9 = BLOWING SNOW
X = TORNADO
MAX 32 OR BELOW: 0 0.01 INCH OR MORE: 4
MAX 90 OR ABOVE: 0 0.10 INCH OR MORE: 1
MIN 32 OR BELOW: 2 0.50 INCH OR MORE: 0
MIN 0 OR BELOW: 0 1.00 INCH OR MORE: 0
[HDD (BASE 65) ]
TOTAL THIS MO. 165 CLEAR (SCALE 0-3) 7
DPTR FM NORMAL 3 PTCLDY (SCALE 4-7) 13
TOTAL FM JUL 1 294 CLOUDY (SCALE 8-10) 11
DPTR FM NORMAL 65
[CDD (BASE 65) ]
TOTAL THIS MO. 135
DPTR FM NORMAL 53 [PRESSURE DATA]
TOTAL FM JAN 1 4358 HIGHEST SLP 30.70 ON 23
DPTR FM NORMAL 140 LOWEST SLP 29.62 ON 14
[REMARKS]
#FINAL-12-22#