000
CXUS54 KLZK 181230
CF6HRO
PRELIMINARY LOCAL CLIMATOLOGICAL DATA (WS FORM: F-6)
STATION: HARRISON
MONTH: MARCH
YEAR: 2024
LATITUDE: 36 15 N
LONGITUDE: 93 9 W
TEMPERATURE IN F: :PCPN: SNOW: WIND :SUNSHINE: SKY :PK WND
================================================================================
1 2 3 4 5 6A 6B 7 8 9 10 11 12 13 14 15 16 17 18
12Z AVG MX 2MIN
DY MAX MIN AVG DEP HDD CDD WTR SNW DPTH SPD SPD DIR MIN PSBL S-S WX SPD DR
================================================================================
1 55 35 45 1 20 0 0.00 0.0 0 4.8 9 110 M M 7 14 160
2 74 36 55 10 10 0 0.00 0.0 0 12.2 22 170 M M 0 1 32 160
3 77 53 65 20 0 0 0.00 0.0 0 13.8 23 170 M M 0 35 170
4 77 57 67 22 0 2 0.00 0.0 0 11.4 24 170 M M 3 39 180
5 76 48 62 16 3 0 0.12 0.0 0 8.3 15 340 M M 4 3 21 140
6 63 46 55 9 10 0 0.00 0.0 0 7.0 12 140 M M 7 1 15 120
7 59 50 55 9 10 0 0.15 0.0 0 10.5 18 160 M M 4 1 26 140
8 64 42 53 6 12 0 0.41 0.0 0 6.4 16 330 M M 9 12 26 360
9 52 37 45 -2 20 0 0.26 T 0 10.0 16 330 M M 5 14 26 320
10 61 35 48 1 17 0 0.00 0.0 0 3.9 12 340 M M 0 17 320
11 69 34 52 4 13 0 0.00 0.0 0 5.4 17 190 M M 0 26 190
12 73 43 58 10 7 0 0.00 0.0 0 8.2 17 180 M M 0 8 29 190
13 78 58 68 20 0 3 0.00 0.0 0 11.4 23 170 M M 0 34 180
14 82 58 70 22 0 5 0.53 0.0 0 9.8 24 220 M M 6 13 43 260
15 61 42 52 3 13 0 0.01 0.0 0 7.1 16 10 M M 6 1 24 10
16 69 37 53 4 12 0 0.00 0.0 0 5.0 16 330 M M 1 24 330
17 59 36 48 -2 17 0 T 0.0 0 10.0 20 300 M M 4 29 320
================================================================================
SM 1149 747 164 10 1.48 T 145.2 M 56
================================================================================
AV 67.6 43.9 8.5 FASTST M M 3 MAX(MPH)
MISC ----> # 24 220 43 260
================================================================================
NOTES:
# LAST OF SEVERAL OCCURRENCES
COLUMN 17 PEAK WIND IN M.P.H.
PRELIMINARY LOCAL CLIMATOLOGICAL DATA (WS FORM: F-6) , PAGE 2
STATION: HARRISON
MONTH: MARCH
YEAR: 2024
LATITUDE: 36 15 N
LONGITUDE: 93 9 W
[TEMPERATURE DATA] [PRECIPITATION DATA] SYMBOLS USED IN COLUMN 16
AVERAGE MONTHLY: 55.8 TOTAL FOR MONTH: 1.48 1 = FOG OR MIST
DPTR FM NORMAL: 8.8 DPTR FM NORMAL: -0.55 2 = FOG REDUCING VISIBILITY
HIGHEST: 82 ON 14 GRTST 24HR 0.59 ON 8- 9 TO 1/4 MILE OR LESS
LOWEST: 34 ON 11 3 = THUNDER
SNOW, ICE PELLETS, HAIL 4 = ICE PELLETS
TOTAL MONTH: T 5 = HAIL
GRTST 24HR T ON 9- 9 6 = FREEZING RAIN OR DRIZZLE
GRTST DEPTH: 0 7 = DUSTSTORM OR SANDSTORM:
VSBY 1/2 MILE OR LESS
8 = SMOKE OR HAZE
[NO. OF DAYS WITH] [WEATHER - DAYS WITH] 9 = BLOWING SNOW
X = TORNADO
MAX 32 OR BELOW: 0 0.01 INCH OR MORE: 6
MAX 90 OR ABOVE: 0 0.10 INCH OR MORE: 5
MIN 32 OR BELOW: 0 0.50 INCH OR MORE: 1
MIN 0 OR BELOW: 0 1.00 INCH OR MORE: 0
[HDD (BASE 65) ]
TOTAL THIS MO. 164 CLEAR (SCALE 0-3) 7
DPTR FM NORMAL -145 PTCLDY (SCALE 4-7) 9
TOTAL FM JUL 1 2871 CLOUDY (SCALE 8-10) 1
DPTR FM NORMAL -514
[CDD (BASE 65) ]
TOTAL THIS MO. 10
DPTR FM NORMAL 10 [PRESSURE DATA]
TOTAL FM JAN 1 11 HIGHEST SLP M ON M
DPTR FM NORMAL 10 LOWEST SLP 29.70 ON 14
[REMARKS]