000
CXUS54 KLZK 250859
CF6HRO
PRELIMINARY LOCAL CLIMATOLOGICAL DATA (WS FORM: F-6)
STATION: HARRISON
MONTH: APRIL
YEAR: 2023
LATITUDE: 36 15 N
LONGITUDE: 93 9 W
TEMPERATURE IN F: :PCPN: SNOW: WIND :SUNSHINE: SKY :PK WND
================================================================================
1 2 3 4 5 6A 6B 7 8 9 10 11 12 13 14 15 16 17 18
12Z AVG MX 2MIN
DY MAX MIN AVG DEP HDD CDD WTR SNW DPTH SPD SPD DIR MIN PSBL S-S WX SPD DR
================================================================================
1 65 44 55 1 10 0 0.00 0.0 0 12.0 25 300 M M 0 38 280
2 78 35 57 2 8 0 0.00 0.0 0 9.9 22 160 M M 1 28 170
3 86 54 70 15 0 5 0.00 0.0 0 12.9 21 160 M M 2 30 180
4 79 68 74 19 0 9 T 0.0 0 17.3 30 170 M M 1 3 44 170
5 74 40 57 1 8 0 0.19 0.0 0 10.2 23 180 M M 2 13 35 190
6 54 37 46 -10 19 0 0.00 0.0 0 5.8 16 20 M M 0 19 40
7 63 38 51 -5 14 0 0.00 0.0 0 5.9 14 80 M M 0 18 90
8 70 38 54 -2 11 0 0.00 0.0 0 4.4 14 100 M M 0 18 100
9 63 47 55 -2 10 0 0.00 0.0 0 7.5 13 120 M M 4 17 110
10 73 44 59 2 6 0 0.00 0.0 0 4.8 10 130 M M 1 12 130
11 75 50 63 6 2 0 0.00 0.0 0 5.6 14 130 M M 1 17 140
12 77 48 63 5 2 0 0.00 0.0 0 5.8 14 170 M M 0 22 120
13 76 50 63 5 2 0 0.00 0.0 0 4.0 14 130 M M 0 17 140
14 81 50 66 8 0 1 0.00 0.0 0 6.1 17 170 M M 0 24 160
15 82 45 64 6 1 0 T 0.0 0 10.7 23 290 M M 5 3 36 290
16 62 43 53 -5 12 0 0.00 0.0 0 13.8 25 310 M M 1 40 300
17 75 44 60 1 5 0 0.00 0.0 0 6.7 14 260 M M 0 20 260
18 81 51 66 7 0 1 0.00 0.0 0 8.8 22 170 M M 0 30 170
19 77 58 68 9 0 3 0.00 0.0 0 12.8 26 170 M M 3 38 160
20 73 56 65 5 0 0 0.20 0.0 0 13.0 22 180 M M 6 13 36 160
21 66 44 55 -5 10 0 0.00 0.0 0 4.5 12 330 M M 2 18 320
22 58 38 48 -12 17 0 0.00 0.0 0 7.9 15 310 M M 2 24 320
23 58 32 45 -15 20 0 0.00 0.0 0 3.8 15 350 M M 1 22 310
24 64 32 48 -12 17 0 0.00 0.0 0 7.2 16 130 M M 1 21 130
25 61 44 53 -8 12 0 0.04 0.0 0 6.6 14 150 M M 9 19 140
26 63 48 56 -5 9 0 T 0.0 0 6.0 18 100 M M 10 24 90
27 55 50 53 -8 12 0 0.80 0.0 0 5.5 15 20 M M 10 13 17 80
28 63 52 58 -4 7 0 0.02 0.0 0 3.8 10 10 M M 10 13 330
29 67 52 60 -2 5 0 0.10 0.0 0 7.0 17 310 M M 6 1 26 310
30 63 43 53 -9 12 0 0.00 0.0 0 10.6 25 330 M M 0 37 300
================================================================================
SM 2082 1375 231 19 1.35 0.0 240.9 M 78
================================================================================
AV 69.4 45.8 8.0 FASTST M M 3 MAX(MPH)
MISC ----> 30 170 44 170
================================================================================
NOTES:
# LAST OF SEVERAL OCCURRENCES
COLUMN 17 PEAK WIND IN M.P.H.
PRELIMINARY LOCAL CLIMATOLOGICAL DATA (WS FORM: F-6) , PAGE 2
STATION: HARRISON
MONTH: APRIL
YEAR: 2023
LATITUDE: 36 15 N
LONGITUDE: 93 9 W
[TEMPERATURE DATA] [PRECIPITATION DATA] SYMBOLS USED IN COLUMN 16
AVERAGE MONTHLY: 57.6 TOTAL FOR MONTH: 1.35 1 = FOG OR MIST
DPTR FM NORMAL: -0.7 DPTR FM NORMAL: -3.63 2 = FOG REDUCING VISIBILITY
HIGHEST: 86 ON 3 GRTST 24HR 0.80 ON 26-27 TO 1/4 MILE OR LESS
LOWEST: 32 ON 24,23 3 = THUNDER
SNOW, ICE PELLETS, HAIL 4 = ICE PELLETS
TOTAL MONTH: 0.0 INCH 5 = HAIL
GRTST 24HR 0.0 6 = FREEZING RAIN OR DRIZZLE
GRTST DEPTH: 0 7 = DUSTSTORM OR SANDSTORM:
VSBY 1/2 MILE OR LESS
8 = SMOKE OR HAZE
[NO. OF DAYS WITH] [WEATHER - DAYS WITH] 9 = BLOWING SNOW
X = TORNADO
MAX 32 OR BELOW: 0 0.01 INCH OR MORE: 6
MAX 90 OR ABOVE: 0 0.10 INCH OR MORE: 4
MIN 32 OR BELOW: 2 0.50 INCH OR MORE: 1
MIN 0 OR BELOW: 0 1.00 INCH OR MORE: 0
[HDD (BASE 65) ]
TOTAL THIS MO. 231 CLEAR (SCALE 0-3) 22
DPTR FM NORMAL -1 PTCLDY (SCALE 4-7) 4
TOTAL FM JUL 1 3495 CLOUDY (SCALE 8-10) 4
DPTR FM NORMAL -310
[CDD (BASE 65) ]
TOTAL THIS MO. 19
DPTR FM NORMAL -12 [PRESSURE DATA]
TOTAL FM JAN 1 24 HIGHEST SLP 30.45 ON 7
DPTR FM NORMAL -16 LOWEST SLP 29.52 ON 4
[REMARKS]
#FINAL-04-23#