000
CXUS54 KLZK 011330
CF6HRO
PRELIMINARY LOCAL CLIMATOLOGICAL DATA (WS FORM: F-6)
STATION: HARRISON
MONTH: FEBRUARY
YEAR: 2024
LATITUDE: 36 15 N
LONGITUDE: 93 9 W
TEMPERATURE IN F: :PCPN: SNOW: WIND :SUNSHINE: SKY :PK WND
================================================================================
1 2 3 4 5 6A 6B 7 8 9 10 11 12 13 14 15 16 17 18
12Z AVG MX 2MIN
DY MAX MIN AVG DEP HDD CDD WTR SNW DPTH SPD SPD DIR MIN PSBL S-S WX SPD DR
================================================================================
1 68 40 54 16 11 0 0.00 0.0 0 6.1 13 210 M M 0 21 230
2 70 41 56 18 9 0 0.00 0.0 0 7.0 15 140 M M 2 22 130
3 54 48 51 13 14 0 0.67 0.0 0 9.0 15 120 M M 8 1 21 140
4 49 43 46 7 19 0 0.49 0.0 0 10.8 20 100 M M 10 1 29 90
5 58 35 47 8 18 0 0.00 0.0 0 6.9 15 40 M M 1 1 21 40
6 63 31 47 8 18 0 0.00 0.0 0 2.9 8 130 M M 0 11 120
7 65 39 52 13 13 0 0.00 0.0 0 11.1 18 150 M M 0 24 140
8 70 50 60 21 5 0 0.00 0.0 0 12.0 25 240 M M 3 43 250
9 72 47 60 20 5 0 0.00 0.0 0 7.5 22 250 M M 1 35 250
10 62 38 50 10 15 0 0.00 0.0 0 5.3 13 280 M M 1 21 250
11 45 31 38 -2 27 0 0.01 0.0 0 5.8 13 40 M M 5 18 20
12 40 33 37 -3 28 0 0.38 3.0 0 7.6 15 300 M M 8 128 24 320
13 61 30 46 6 19 0 0.00 0.0 0 4.8 12 250 M M 0 16 220
14 66 34 50 9 15 0 0.00 0.0 0 5.9 16 160 M M 0 22 150
15 65 44 55 14 10 0 0.00 0.0 0 6.9 17 250 M M 0 8 28 250
16 61 28 45 4 20 0 0.00 0.0 0 9.2 22 330 M M 9 1 34 340
17 36 23 30 -11 35 0 0.00 0.0 0 7.7 17 360 M M 3 28 340
18 52 23 38 -4 27 0 0.00 0.0 0 7.0 15 270 M M 0 24 270
19 59 25 42 0 23 0 0.00 0.0 0 6.4 18 170 M M 2 26 170
20 69 35 52 10 13 0 0.00 0.0 0 3.4 10 270 M M 0 15 290
21 76 46 61 19 4 0 0.00 0.0 0 8.7 16 140 M M 0 8 21 150
22 70 51 61 18 4 0 0.00 0.0 0 6.9 15 330 M M 6 3 23 220
23 64 43 54 11 11 0 0.00 0.0 0 8.8 20 300 M M 0 31 330
24 63 41 52 9 13 0 0.00 0.0 0 6.8 13 320 M M 0 20 330
25 79 44 62 19 3 0 0.00 0.0 0 8.2 18 240 M M 0 31 240
26 79 46 63 19 2 0 0.00 0.0 0 9.2 21 160 M M 0 32 180
27 84 48 66 22 0 1 T 0.0 0 14.1 29 240 M M 0 46 240
28 48 26 37 -7 28 0 T 0.0 0 9.4 23 330 M M 2 36 330
29 54 22 38 -6 27 0 0.06 T 0 6.8 17 160 M M 2 4 24 150
================================================================================
SM 1802 1085 436 1 1.61 3.0 222.2 M 63
================================================================================
AV 62.1 37.4 7.7 FASTST M M 2 MAX(MPH)
MISC ----> 29 240 46 240
================================================================================
NOTES:
# LAST OF SEVERAL OCCURRENCES
COLUMN 17 PEAK WIND IN M.P.H.
PRELIMINARY LOCAL CLIMATOLOGICAL DATA (WS FORM: F-6) , PAGE 2
STATION: HARRISON
MONTH: FEBRUARY
YEAR: 2024
LATITUDE: 36 15 N
LONGITUDE: 93 9 W
[TEMPERATURE DATA] [PRECIPITATION DATA] SYMBOLS USED IN COLUMN 16
AVERAGE MONTHLY: 49.8 TOTAL FOR MONTH: 1.61 1 = FOG OR MIST
DPTR FM NORMAL: 8.9 DPTR FM NORMAL: -0.81 2 = FOG REDUCING VISIBILITY
HIGHEST: 84 ON 27 GRTST 24HR 1.12 ON 3- 4 TO 1/4 MILE OR LESS
LOWEST: 22 ON 29 3 = THUNDER
SNOW, ICE PELLETS, HAIL 4 = ICE PELLETS
TOTAL MONTH: 3.0 INCHES 5 = HAIL
GRTST 24HR 3.0 ON 12-12 6 = FREEZING RAIN OR DRIZZLE
GRTST DEPTH: 0 7 = DUSTSTORM OR SANDSTORM:
VSBY 1/2 MILE OR LESS
8 = SMOKE OR HAZE
[NO. OF DAYS WITH] [WEATHER - DAYS WITH] 9 = BLOWING SNOW
X = TORNADO
MAX 32 OR BELOW: 0 0.01 INCH OR MORE: 5
MAX 90 OR ABOVE: 0 0.10 INCH OR MORE: 3
MIN 32 OR BELOW: 9 0.50 INCH OR MORE: 1
MIN 0 OR BELOW: 0 1.00 INCH OR MORE: 0
[HDD (BASE 65) ]
TOTAL THIS MO. 436 CLEAR (SCALE 0-3) 23
DPTR FM NORMAL -240 PTCLDY (SCALE 4-7) 4
TOTAL FM JUL 1 2707 CLOUDY (SCALE 8-10) 2
DPTR FM NORMAL -411
[CDD (BASE 65) ]
TOTAL THIS MO. 1
DPTR FM NORMAL 0 [PRESSURE DATA]
TOTAL FM JAN 1 1 HIGHEST SLP 30.49 ON 29
DPTR FM NORMAL 0 LOWEST SLP 29.39 ON 27
[REMARKS]
#FINAL-02-24#