000
CXUS54 KLZK 011410
CF6HRO
PRELIMINARY LOCAL CLIMATOLOGICAL DATA (WS FORM: F-6)
STATION: HARRISON
MONTH: JULY
YEAR: 2022
LATITUDE: 36 15 N
LONGITUDE: 93 9 W
TEMPERATURE IN F: :PCPN: SNOW: WIND :SUNSHINE: SKY :PK WND
================================================================================
1 2 3 4 5 6A 6B 7 8 9 10 11 12 13 14 15 16 17 18
12Z AVG MX 2MIN
DY MAX MIN AVG DEP HDD CDD WTR SNW DPTH SPD SPD DIR MIN PSBL S-S WX SPD DR
================================================================================
1 94 68 81 4 0 16 0.00 0.0 0 4.4 15 170 M M 2 19 170
2 93 70 82 4 0 17 0.00 0.0 0 4.1 13 100 M M 3 16 30
3 92 71 82 4 0 17 0.00 0.0 0 4.2 14 130 M M 1 20 140
4 95 72 84 6 0 19 0.00 0.0 M 5.9 14 110 M M 2 38 17 110
5 98 74 86 8 0 21 0.00 0.0 M 5.9 15 160 M M 0 21 170
6 100 73 87 9 0 22 0.00 0.0 0 4.3 12 260 M M 0 15 250
7 99 75 87 9 0 22 0.00 0.0 0 4.7 13 160 M M 1 18 150
8 100 73 87 9 0 22 0.41 0.0 0 4.5 14 290 M M 2 138 20 260
9 90 72 81 3 0 16 0.00 0.0 0 6.7 15 20 M M 5 21 10
10 91 66 79 1 0 14 0.00 0.0 0 4.3 15 120 M M 2 1 22 130
11 97 67 82 4 0 17 0.00 0.0 0 2.5 9 140 M M 0 14 270
12 89 73 81 3 0 16 T 0.0 0 4.6 14 10 M M 2 19 10
13 94 65 80 2 0 15 0.00 0.0 0 3.7 12 10 M M 1 15 20
14 98 66 82 4 0 17 0.00 0.0 M 6.1 16 140 M M 1 19 140
15 96 70 83 4 0 18 0.00 0.0 0 6.8 16 140 M M 0 26 150
16 100 75 88 9 0 23 T 0.0 0 5.3 13 260 M M 1 19 250
17 98 72 85 6 0 20 0.47 0.0 0 5.3 30 280 M M 1 38 42 270
18 90 70 80 1 0 15 0.00 0.0 0 4.7 12 120 M M 4 12 19 180
19 100 71 86 7 0 21 0.00 0.0 0 5.3 12 170 M M 1 15 150
20 102 78 90 11 0 25 0.00 0.0 0 6.7 17 320 M M 0 25 320
21 101 66 84 5 0 19 T 0.0 0 4.9 15 240 M M 0 22 240
22 101 66 84 5 0 19 0.00 0.0 0 3.6 14 170 M M 0 19 140
23 99 66 83 4 0 18 0.00 0.0 0 5.7 15 170 M M 0 22 140
24 102 74 88 9 0 23 0.00 0.0 0 4.9 15 260 M M 1 3 21 250
25 96 74 85 6 0 20 0.00 0.0 0 5.7 16 220 M M 1 8 24 200
26 102 79 91 12 0 26 0.00 0.0 0 6.7 15 250 M M 1 21 240
27 97 74 86 7 0 21 0.00 0.0 0 6.8 24 300 M M 3 13 34 290
28 87 73 80 1 0 15 0.49 0.0 0 4.6 12 160 M M 5 138 14 150
29 85 70 78 -1 0 13 1.01 0.0 M 4.3 13 10 M M 5 13 18 230
30 78 69 74 -5 0 9 0.73 0.0 0 6.6 13 120 M M 9 13 16 100
31 82 69 76 -3 0 11 0.00 0.0 M 4.6 14 160 M M 6 1238 17 260
================================================================================
SM 2946 2201 0 567 3.11 0.0 158.4 M 60
================================================================================
AV 95.0 71.0 5.1 FASTST M M 2 MAX(MPH)
MISC ----> 30 280 42 270
================================================================================
NOTES:
# LAST OF SEVERAL OCCURRENCES
COLUMN 17 PEAK WIND IN M.P.H.
PRELIMINARY LOCAL CLIMATOLOGICAL DATA (WS FORM: F-6) , PAGE 2
STATION: HARRISON
MONTH: JULY
YEAR: 2022
LATITUDE: 36 15 N
LONGITUDE: 93 9 W
[TEMPERATURE DATA] [PRECIPITATION DATA] SYMBOLS USED IN COLUMN 16
AVERAGE MONTHLY: 83.0 TOTAL FOR MONTH: 3.11 1 = FOG OR MIST
DPTR FM NORMAL: 4.5 DPTR FM NORMAL: -0.56 2 = FOG REDUCING VISIBILITY
HIGHEST: 102 ON 24,20 GRTST 24HR 1.01 ON 29-29 TO 1/4 MILE OR LESS
LOWEST: 65 ON 13 3 = THUNDER
SNOW, ICE PELLETS, HAIL 4 = ICE PELLETS
TOTAL MONTH: 0.0 INCH 5 = HAIL
GRTST 24HR 0.0 6 = FREEZING RAIN OR DRIZZLE
GRTST DEPTH: 0 7 = DUSTSTORM OR SANDSTORM:
VSBY 1/2 MILE OR LESS
8 = SMOKE OR HAZE
[NO. OF DAYS WITH] [WEATHER - DAYS WITH] 9 = BLOWING SNOW
X = TORNADO
MAX 32 OR BELOW: 0 0.01 INCH OR MORE: 5
MAX 90 OR ABOVE: 26 0.10 INCH OR MORE: 5
MIN 32 OR BELOW: 0 0.50 INCH OR MORE: 2
MIN 0 OR BELOW: 0 1.00 INCH OR MORE: 1
[HDD (BASE 65) ]
TOTAL THIS MO. 0 CLEAR (SCALE 0-3) 24
DPTR FM NORMAL 0 PTCLDY (SCALE 4-7) 6
TOTAL FM JUL 1 0 CLOUDY (SCALE 8-10) 1
DPTR FM NORMAL 0
[CDD (BASE 65) ]
TOTAL THIS MO. 567
DPTR FM NORMAL 149 [PRESSURE DATA]
TOTAL FM JAN 1 1082 HIGHEST SLP 30.18 ON 30
DPTR FM NORMAL 226 LOWEST SLP 29.73 ON 20
[REMARKS]
#FINAL-07-22#