000
CXUS54 KLZK 011130
CF6HRO
PRELIMINARY LOCAL CLIMATOLOGICAL DATA (WS FORM: F-6)
STATION: HARRISON
MONTH: OCTOBER
YEAR: 2021
LATITUDE: 36 15 N
LONGITUDE: 93 9 W
TEMPERATURE IN F: :PCPN: SNOW: WIND :SUNSHINE: SKY :PK WND
================================================================================
1 2 3 4 5 6A 6B 7 8 9 10 11 12 13 14 15 16 17 18
12Z AVG MX 2MIN
DY MAX MIN AVG DEP HDD CDD WTR SNW DPTH SPD SPD DIR MIN PSBL S-S WX SPD DR
================================================================================
1 82 66 74 9 0 9 0.63 0.0 0 5.6 21 180 M M 8 128 26 180
2 80 63 72 8 0 7 0.01 0.0 0 3.9 15 340 M M 6 1 21 330
3 74 58 66 2 0 1 T 0.0 0 5.2 13 320 M M 5 19 330
4 80 55 68 4 0 3 0.00 0.0 0 4.6 12 340 M M 1 8 17 320
5 78 50 64 1 1 0 T 0.0 0 4.0 12 20 M M 1 14 40
6 86 60 73 10 0 8 0.41 0.0 0 1.9 8 280 M M 9 1 10 290
7 79 58 69 7 0 4 0.00 0.0 0 2.8 9 320 M M 5 1 13 330
8 87 57 72 10 0 7 0.00 0.0 M 5.7 16 180 M M 2 1 23 160
9 88 65 77 15 0 12 0.00 0.0 0 6.7 17 180 M M 0 27 180
10 83 69 76 14 0 11 0.00 0.0 0 12.5 24 160 M M 1 31 160
11 74 52 63 2 2 0 0.13 0.0 0 11.7 26 150 M M 4 1 39 240
12 78 47 63 2 2 0 0.00 0.0 0 6.8 16 140 M M 1 20 150
13 79 64 72 12 0 7 0.59 0.0 0 10.2 23 180 M M 7 13 33 170
14 69 62 66 6 0 1 1.22 0.0 0 3.8 12 140 M M 9 123 15 270
15 68 46 57 -3 8 0 0.88 0.0 0 5.9 20 320 M M 7 123 31 320
16 65 43 54 -5 11 0 0.00 0.0 M 6.7 17 310 M M 0 27 320
17 72 40 56 -3 9 0 0.00 0.0 0 2.2 9 270 M M 0 1 16 320
18 72 43 58 -1 7 0 0.00 0.0 M 4.1 14 160 M M 0 18 160
19 73 44 59 1 6 0 0.00 0.0 0 7.9 20 160 M M 0 23 160
20 78 53 66 8 0 1 0.00 0.0 0 6.6 14 180 M M 4 18 180
21 67 48 58 0 7 0 0.00 0.0 0 8.1 16 300 M M 0 22 310
22 73 41 57 0 8 0 0.00 0.0 0 3.8 12 150 M M 1 15 160
23 75 53 64 7 1 0 0.01 0.0 0 7.5 16 30 M M 5 23 180
24 80 59 70 13 0 5 0.14 0.0 0 10.4 25 180 M M 3 13 36 170
25 65 48 57 1 8 0 0.00 0.0 0 M M M M M 0 M M
26 67 47 57 1 8 0 0.00 0.0 0 13.3 21 130 M M 4 27 110
27 56 52 54 -2 11 0 1.12 0.0 0 9.0 21 110 M M 10 1 29 90
28 54 45 50 -5 15 0 0.27 0.0 0 7.7 17 320 M M 6 1 26 320
29 50 45 48 -7 17 0 0.06 0.0 0 12.1 18 340 M M 6 1 29 360
30 64 46 55 1 10 0 0.00 0.0 0 7.1 13 300 M M 5 19 270
31 62 41 52 -2 13 0 0.00 0.0 0 5.5 13 310 M M 0 19 280
================================================================================
SM 2258 1620 144 76 5.47 0.0 203.3 M 110
================================================================================
AV 72.8 52.3 6.8 FASTST M M 4 MAX(MPH)
MISC ----> 26 150 39 240
================================================================================
NOTES:
# LAST OF SEVERAL OCCURRENCES
COLUMN 17 PEAK WIND IN M.P.H.
PRELIMINARY LOCAL CLIMATOLOGICAL DATA (WS FORM: F-6) , PAGE 2
STATION: HARRISON
MONTH: OCTOBER
YEAR: 2021
LATITUDE: 36 15 N
LONGITUDE: 93 9 W
[TEMPERATURE DATA] [PRECIPITATION DATA] SYMBOLS USED IN COLUMN 16
AVERAGE MONTHLY: 62.5 TOTAL FOR MONTH: 5.47 1 = FOG OR MIST
DPTR FM NORMAL: 3.1 DPTR FM NORMAL: 1.66 2 = FOG REDUCING VISIBILITY
HIGHEST: 88 ON 9 GRTST 24HR 1.81 ON 13-14 TO 1/4 MILE OR LESS
LOWEST: 40 ON 17 3 = THUNDER
SNOW, ICE PELLETS, HAIL 4 = ICE PELLETS
TOTAL MONTH: 0.0 INCH 5 = HAIL
GRTST 24HR 0.0 6 = FREEZING RAIN OR DRIZZLE
GRTST DEPTH: 0 7 = DUSTSTORM OR SANDSTORM:
VSBY 1/2 MILE OR LESS
8 = SMOKE OR HAZE
[NO. OF DAYS WITH] [WEATHER - DAYS WITH] 9 = BLOWING SNOW
X = TORNADO
MAX 32 OR BELOW: 0 0.01 INCH OR MORE: 12
MAX 90 OR ABOVE: 0 0.10 INCH OR MORE: 9
MIN 32 OR BELOW: 0 0.50 INCH OR MORE: 5
MIN 0 OR BELOW: 0 1.00 INCH OR MORE: 2
[HDD (BASE 65) ]
TOTAL THIS MO. 144 CLEAR (SCALE 0-3) 14
DPTR FM NORMAL -70 PTCLDY (SCALE 4-7) 13
TOTAL FM JUL 1 154 CLOUDY (SCALE 8-10) 4
DPTR FM NORMAL -95
[CDD (BASE 65) ]
TOTAL THIS MO. 76
DPTR FM NORMAL 36 [PRESSURE DATA]
TOTAL FM JAN 1 1509 HIGHEST SLP 30.33 ON 17
DPTR FM NORMAL 40 LOWEST SLP 29.30 ON 28
[REMARKS]
#FINAL-10-21#