000
CXUS54 KLZK 011130
CF6HRO
PRELIMINARY LOCAL CLIMATOLOGICAL DATA (WS FORM: F-6)
STATION: HARRISON
MONTH: JULY
YEAR: 2021
LATITUDE: 36 15 N
LONGITUDE: 93 9 W
TEMPERATURE IN F: :PCPN: SNOW: WIND :SUNSHINE: SKY :PK WND
================================================================================
1 2 3 4 5 6A 6B 7 8 9 10 11 12 13 14 15 16 17 18
12Z AVG MX 2MIN
DY MAX MIN AVG DEP HDD CDD WTR SNW DPTH SPD SPD DIR MIN PSBL S-S WX SPD DR
================================================================================
1 83 70 77 0 0 12 0.40 0.0 0 4.9 16 10 M M 7 13 24 20
2 82 61 72 -6 0 7 0.00 0.0 0 6.2 17 50 M M 4 1 21 60
3 83 59 71 -7 0 6 0.00 0.0 0 2.8 9 80 M M 1 1 13 40
4 84 60 72 -6 0 7 0.00 0.0 0 4.7 10 130 M M 0 18 13 100
5 84 58 71 -7 0 6 0.00 0.0 0 3.8 12 90 M M 1 18 15 140
6 87 62 75 -3 0 10 0.00 0.0 0 2.6 13 120 M M 2 1 16 150
7 89 67 78 0 0 13 0.00 0.0 0 3.5 13 230 M M 2 19 280
8 90 67 79 1 0 14 0.00 0.0 0 4.5 13 320 M M 2 16 310
9 91 69 80 2 0 15 0.00 0.0 0 4.1 12 240 M M 1 1 18 240
10 85 69 77 -1 0 12 0.08 0.0 0 7.3 15 250 M M 5 24 190
11 79 65 72 -6 0 7 0.03 0.0 0 6.3 13 310 M M 5 1 18 330
12 77 64 71 -7 0 6 0.00 0.0 0 5.5 12 260 M M 8 16 250
13 87 61 74 -4 0 9 0.00 0.0 0 2.4 10 260 M M 1 1 15 320
14 90 65 78 0 0 13 0.00 0.0 0 6.5 15 250 M M 1 21 220
15 89 70 80 1 0 15 0.00 0.0 0 7.5 16 180 M M 1 20 170
16 83 67 75 -4 0 10 1.15 0.0 0 4.5 14 340 M M 4 123 21 330
17 87 68 78 -1 0 13 0.04 0.0 0 5.2 15 150 M M 5 13 20 170
18 87 67 77 -2 0 12 0.00 0.0 0 3.5 13 30 M M 4 1 17 40
19 85 67 76 -3 0 11 T 0.0 0 5.3 14 90 M M 5 12 18 60
20 84 63 74 -5 0 9 0.00 0.0 0 5.1 16 80 M M 1 1 22 30
21 86 62 74 -5 0 9 0.00 0.0 0 3.8 10 70 M M 1 18 14 100
22 88 64 76 -3 0 11 0.00 0.0 0 4.1 14 160 M M 2 18 16 160
23 91 69 80 1 0 15 0.00 0.0 0 3.7 10 260 M M 1 1 14 280
24 93 72 83 4 0 18 0.00 0.0 0 4.4 12 250 M M 0 17 240
25 88 71 80 1 0 15 0.00 0.0 0 4.3 13 260 M M 2 3 19 240
26 93 69 81 2 0 16 0.00 0.0 0 2.1 9 60 M M 1 1 14 10
27 95 73 84 5 0 19 0.00 0.0 0 4.3 10 30 M M 3 18 14 40
28 95 72 84 5 0 19 0.00 0.0 0 2.9 10 160 M M 0 1 13 230
29 95 70 83 4 0 18 0.00 0.0 0 3.5 9 240 M M 0 1 13 270
30 95 72 84 5 0 19 0.00 0.0 0 4.6 10 300 M M 0 15 320
31 96 69 83 4 0 18 0.00 0.0 0 6.0 14 250 M M 0 20 270
================================================================================
SM 2721 2062 0 384 1.70 0.0 139.9 M 70
================================================================================
AV 87.8 66.5 4.5 FASTST M M 2 MAX(MPH)
MISC ----> 17 50 # 24 190
================================================================================
NOTES:
# LAST OF SEVERAL OCCURRENCES
COLUMN 17 PEAK WIND IN M.P.H.
PRELIMINARY LOCAL CLIMATOLOGICAL DATA (WS FORM: F-6) , PAGE 2
STATION: HARRISON
MONTH: JULY
YEAR: 2021
LATITUDE: 36 15 N
LONGITUDE: 93 9 W
[TEMPERATURE DATA] [PRECIPITATION DATA] SYMBOLS USED IN COLUMN 16
AVERAGE MONTHLY: 77.1 TOTAL FOR MONTH: 1.70 1 = FOG OR MIST
DPTR FM NORMAL: -1.4 DPTR FM NORMAL: -1.97 2 = FOG REDUCING VISIBILITY
HIGHEST: 96 ON 31 GRTST 24HR 1.15 ON 16-16 TO 1/4 MILE OR LESS
LOWEST: 58 ON 5 3 = THUNDER
SNOW, ICE PELLETS, HAIL 4 = ICE PELLETS
TOTAL MONTH: 0.0 INCH 5 = HAIL
GRTST 24HR 0.0 6 = FREEZING RAIN OR DRIZZLE
GRTST DEPTH: 0 7 = DUSTSTORM OR SANDSTORM:
VSBY 1/2 MILE OR LESS
8 = SMOKE OR HAZE
[NO. OF DAYS WITH] [WEATHER - DAYS WITH] 9 = BLOWING SNOW
X = TORNADO
MAX 32 OR BELOW: 0 0.01 INCH OR MORE: 5
MAX 90 OR ABOVE: 11 0.10 INCH OR MORE: 2
MIN 32 OR BELOW: 0 0.50 INCH OR MORE: 1
MIN 0 OR BELOW: 0 1.00 INCH OR MORE: 1
[HDD (BASE 65) ]
TOTAL THIS MO. 0 CLEAR (SCALE 0-3) 22
DPTR FM NORMAL 0 PTCLDY (SCALE 4-7) 9
TOTAL FM JUL 1 0 CLOUDY (SCALE 8-10) 0
DPTR FM NORMAL 0
[CDD (BASE 65) ]
TOTAL THIS MO. 384
DPTR FM NORMAL -34 [PRESSURE DATA]
TOTAL FM JAN 1 769 HIGHEST SLP 30.17 ON 22
DPTR FM NORMAL -87 LOWEST SLP 29.78 ON 10
[REMARKS]
#FINAL-07-21#