201
CXUS54 KHUN 042047
CF6HSV
PRELIMINARY LOCAL CLIMATOLOGICAL DATA (WS FORM: F-6)
STATION: HUNTSVILLE
MONTH: APRIL
YEAR: 2020
LATITUDE: 34 39 N
LONGITUDE: 86 46 W
TEMPERATURE IN F: :PCPN: SNOW: WIND :SUNSHINE: SKY :PK WND
================================================================================
1 2 3 4 5 6A 6B 7 8 9 10 11 12 13 14 15 16 17 18
12Z AVG MX 2MIN
DY MAX MIN AVG DEP HDD CDD WTR SNW DPTH SPD SPD DIR MIN PSBL S-S WX SPD DR
================================================================================
1 62 39 51 -7 14 0 0.00 0.0 0 7.4 14 330 M M 3 18 330
2 70 38 54 -4 11 0 0.00 0.0 0 3.6 10 40 M M 1 17 30
3 75 42 59 1 6 0 0.00 0.0 0 2.1 9 260 M M 5 13 360
4 78 54 66 7 0 1 0.00 0.0 0 4.8 13 10 M M 9 21 350
5 81 54 68 9 0 3 0.00 0.0 0 4.6 10 330 M M 2 17 10
6 83 52 68 9 0 3 0.00 0.0 0 4.0 13 240 M M 6 17 260
7 74 62 68 9 0 3 0.00 0.0 0 6.0 17 200 M M 9 31 210
8 80 63 72 12 0 7 0.24 0.0 0 6.0 15 330 M M 8 13 20 330
9 71 57 64 4 1 0 0.32 0.0 0 9.2 23 10 M M 6 13 33 10
10 60 40 50 -10 15 0 0.00 0.0 0 9.3 24 10 M M 0 31 20
11 71 37 54 -6 11 0 0.00 0.0 0 4.7 16 150 M M 4 19 150
12 66 54 60 -1 5 0 3.02 0.0 0 11.7 23 120 M M 9 13 35 130
13 66 42 54 -7 11 0 T 0.0 0 11.3 33 260 M M 7 48 250
14 59 39 49 -12 16 0 0.00 0.0 0 10.8 22 20 M M 2 26 10
15 61 34 48 -14 17 0 0.00 0.0 0 6.2 20 360 M M 1 27 350
16 69 36 53 -9 12 0 0.00 0.0 0 2.4 8 80 M M 0 12 30
17 76 45 61 -1 4 0 0.07 0.0 0 10.2 22 220 M M 5 1 28 220
18 62 45 54 -8 11 0 0.21 0.0 0 7.0 22 330 M M 6 13 27 330
19 63 46 55 -8 10 0 1.41 0.0 0 6.9 15 150 M M 8 1 17 130
20 72 51 62 -1 3 0 0.11 0.0 0 7.5 21 340 M M 3 1 27 330
21 76 50 63 0 2 0 0.00 0.0 0 8.1 20 320 M M 3 27 320
22 68 42 55 -9 10 0 0.29 0.0 0 6.4 36 140 M M 8 1 40 140
23 70 54 62 -2 3 0 0.92 0.0 0 13.0 29 150 M M 10 13 39 160
24 73 56 65 1 0 0 0.01 0.0 0 5.4 13 320 M M 8 1 14 320
25 74 53 64 0 1 0 0.21 0.0 0 10.5 29 240 M M 9 1 38 250
26 61 41 51 -14 14 0 0.00 0.0 0 11.3 22 340 M M 7 31 360
27 72 38 55 -10 10 0 0.00 0.0 0 2.4 10 250 M M 3 12 13 230
28 77 53 65 0 0 0 T 0.0 0 7.9 16 160 M M 7 20 170
29 72 53 63 -3 2 0 0.13 0.0 0 11.2 32 160 M M 8 1 43 160
30 71 48 60 -6 5 0 T 0.0 0 9.5 20 300 M M 6 30 270
================================================================================
SM 2113 1418 194 17 6.94 0.0 221.4 M 163
================================================================================
AV 70.4 47.3 7.4 FASTST M M 5 MAX(MPH)
MISC ----> 36 140 48 250
================================================================================
NOTES:
# LAST OF SEVERAL OCCURRENCES
COLUMN 17 PEAK WIND IN M.P.H.
PRELIMINARY LOCAL CLIMATOLOGICAL DATA (WS FORM: F-6) , PAGE 2
STATION: HUNTSVILLE
MONTH: APRIL
YEAR: 2020
LATITUDE: 34 39 N
LONGITUDE: 86 46 W
[TEMPERATURE DATA] [PRECIPITATION DATA] SYMBOLS USED IN COLUMN 16
AVERAGE MONTHLY: 58.9 TOTAL FOR MONTH: 6.94 1 = FOG OR MIST
DPTR FM NORMAL: -3.0 DPTR FM NORMAL: 2.62 2 = FOG REDUCING VISIBILITY
HIGHEST: 83 ON 6 GRTST 24HR 3.02 ON 12-12 TO 1/4 MILE OR LESS
LOWEST: 34 ON 15 3 = THUNDER
SNOW, ICE PELLETS, HAIL 4 = ICE PELLETS
TOTAL MONTH: 0.0 INCH 5 = HAIL
GRTST 24HR 0.0 6 = FREEZING RAIN OR DRIZZLE
GRTST DEPTH: 0 7 = DUSTSTORM OR SANDSTORM:
VSBY 1/2 MILE OR LESS
8 = SMOKE OR HAZE
[NO. OF DAYS WITH] [WEATHER - DAYS WITH] 9 = BLOWING SNOW
X = TORNADO
MAX 32 OR BELOW: 0 0.01 INCH OR MORE: 12
MAX 90 OR ABOVE: 0 0.10 INCH OR MORE: 10
MIN 32 OR BELOW: 0 0.50 INCH OR MORE: 3
MIN 0 OR BELOW: 0 1.00 INCH OR MORE: 2
[HDD (BASE 65) ]
TOTAL THIS MO. 194 CLEAR (SCALE 0-3) 8
DPTR FM NORMAL 40 PTCLDY (SCALE 4-7) 16
TOTAL FM JUL 1 2578 CLOUDY (SCALE 8-10) 6
DPTR FM NORMAL -396
[CDD (BASE 65) ]
TOTAL THIS MO. 17
DPTR FM NORMAL -41 [PRESSURE DATA]
TOTAL FM JAN 1 46 HIGHEST SLP 30.33 ON 16
DPTR FM NORMAL -26 LOWEST SLP 29.47 ON 12
[REMARKS]
#FINAL-04-20#