000
CXUS51 KRLX 011143
CF6HTS
PRELIMINARY LOCAL CLIMATOLOGICAL DATA (WS FORM: F-6)
STATION: HUNTINGTON WV
MONTH: OCTOBER
YEAR: 2022
LATITUDE: 38 22 N
LONGITUDE: 82 33 W
TEMPERATURE IN F: :PCPN: SNOW: WIND :SUNSHINE: SKY :PK WND
================================================================================
1 2 3 4 5 6A 6B 7 8 9 10 11 12 13 14 15 16 17 18
12Z AVG MX 2MIN
DY MAX MIN AVG DEP HDD CDD WTR SNW DPTH SPD SPD DIR MIN PSBL S-S WX SPD DR
================================================================================
1 55 50 53 -10 12 0 0.65 0.0 0 9.2 14 10 M M 9 1 23 360
2 60 53 57 -6 8 0 0.09 0.0 0 7.1 15 20 M M 10 1 23 20
3 65 43 54 -8 11 0 0.00 0.0 0 3.7 10 20 M M 4 1 15 40
4 69 38 54 -8 11 0 0.00 0.0 0 2.8 12 340 M M 3 12 15 330
5 73 39 56 -6 9 0 0.00 0.0 0 1.3 7 50 M M 0 1 10 40
6 74 43 59 -2 6 0 0.00 0.0 0 2.8 9 200 M M 2 13 240
7 64 45 55 -6 10 0 0.00 0.0 0 6.4 13 340 M M 4 17 350
8 60 37 49 -11 16 0 0.00 0.0 0 2.6 13 340 M M 1 16 350
9 64 32 48 -12 17 0 0.00 0.0 0 2.9 12 190 M M 0 14 180
10 70 35 53 -7 12 0 0.00 0.0 0 2.2 10 180 M M 0 13 180
11 73 39 56 -3 9 0 0.00 0.0 0 3.6 10 170 M M 0 1 16 220
12 79 47 63 4 2 0 T 0.0 0 5.0 16 200 M M 4 3 24 210
13 65 46 56 -2 9 0 T 0.0 0 6.9 17 330 M M 5 22 280
14 67 37 52 -6 13 0 0.00 0.0 0 6.3 21 240 M M 0 32 220
15 74 49 62 4 3 0 0.00 0.0 0 7.8 18 250 M M 0 27 230
16 68 40 54 -3 11 0 0.02 0.0 0 3.7 9 180 M M 3 1 12 190
17 57 37 47 -10 18 0 0.00 0.0 0 7.6 17 280 M M 6 1 30 300
18 46 37 42 -15 23 0 T 0.0 0 8.7 15 250 M M 10 22 280
19 55 39 47 -9 18 0 0.00 0.0 0 7.9 17 240 M M 6 23 240
20 59 33 46 -10 19 0 0.00 0.0 0 6.2 20 230 M M 2 27 230
21 68 32 50 -6 15 0 0.00 0.0 0 3.5 14 190 M M 0 19 190
22 78 39 59 4 6 0 0.00 0.0 0 4.7 12 190 M M 0 15 180
23 78 45 62 7 3 0 0.00 0.0 0 2.9 8 160 M M 0 8 11 110
24 78 42 60 6 5 0 0.00 0.0 0 2.3 9 190 M M 0 13 240
25 78 42 60 6 5 0 0.02 0.0 0 3.9 12 160 M M 1 18 160
26 61 48 55 1 10 0 0.02 0.0 0 7.6 18 240 M M 10 18 27 230
27 57 46 52 -1 13 0 0.00 0.0 0 6.9 14 80 M M 6 19 70
28 67 42 55 2 10 0 0.00 0.0 0 4.3 10 10 M M 0 8 14 50
29 71 36 54 1 11 0 0.00 0.0 0 3.2 10 60 M M 0 15 80
30 76 43 60 8 5 0 0.13 0.0 0 3.4 10 250 M M 4 1 16 200
31 68 59 64 12 1 0 0.25 0.0 0 4.2 16 230 M M 10 1 21 210
================================================================================
SM 2077 1293 321 0 1.18 0.0 151.6 M 100
================================================================================
AV 67.0 41.7 4.9 FASTST M M 3 MAX(MPH)
MISC ----> 21 240 32 220
================================================================================
NOTES:
# LAST OF SEVERAL OCCURRENCES
COLUMN 17 PEAK WIND IN M.P.H.
PRELIMINARY LOCAL CLIMATOLOGICAL DATA (WS FORM: F-6) , PAGE 2
STATION: HUNTINGTON WV
MONTH: OCTOBER
YEAR: 2022
LATITUDE: 38 22 N
LONGITUDE: 82 33 W
[TEMPERATURE DATA] [PRECIPITATION DATA] SYMBOLS USED IN COLUMN 16
AVERAGE MONTHLY: 54.4 TOTAL FOR MONTH: 1.18 1 = FOG OR MIST
DPTR FM NORMAL: -3.0 DPTR FM NORMAL: -1.84 2 = FOG REDUCING VISIBILITY
HIGHEST: 79 ON 12 GRTST 24HR 0.69 ON 1- 2 TO 1/4 MILE OR LESS
LOWEST: 32 ON 21, 9 3 = THUNDER
SNOW, ICE PELLETS, HAIL 4 = ICE PELLETS
TOTAL MONTH: 0.0 INCH 5 = HAIL
GRTST 24HR 0.0 6 = FREEZING RAIN OR DRIZZLE
GRTST DEPTH: 0 7 = DUSTSTORM OR SANDSTORM:
VSBY 1/2 MILE OR LESS
8 = SMOKE OR HAZE
[NO. OF DAYS WITH] [WEATHER - DAYS WITH] 9 = BLOWING SNOW
X = TORNADO
MAX 32 OR BELOW: 0 0.01 INCH OR MORE: 7
MAX 90 OR ABOVE: 0 0.10 INCH OR MORE: 3
MIN 32 OR BELOW: 2 0.50 INCH OR MORE: 1
MIN 0 OR BELOW: 0 1.00 INCH OR MORE: 0
[HDD (BASE 65) ]
TOTAL THIS MO. 321 CLEAR (SCALE 0-3) 17
DPTR FM NORMAL 58 PTCLDY (SCALE 4-7) 9
TOTAL FM JUL 1 375 CLOUDY (SCALE 8-10) 5
DPTR FM NORMAL 68
[CDD (BASE 65) ]
TOTAL THIS MO. 0
DPTR FM NORMAL -26 [PRESSURE DATA]
TOTAL FM JAN 1 1266 HIGHEST SLP 30.40 ON 8
DPTR FM NORMAL 34 LOWEST SLP 29.69 ON 26
[REMARKS]
#FINAL-10-22#