000
CXUS51 KRLX 020420
CF6HTS
PRELIMINARY LOCAL CLIMATOLOGICAL DATA (WS FORM: F-6)
STATION: HUNTINGTON WV
MONTH: AUGUST
YEAR: 2022
LATITUDE: 38 22 N
LONGITUDE: 82 33 W
TEMPERATURE IN F: :PCPN: SNOW: WIND :SUNSHINE: SKY :PK WND
================================================================================
1 2 3 4 5 6A 6B 7 8 9 10 11 12 13 14 15 16 17 18
12Z AVG MX 2MIN
DY MAX MIN AVG DEP HDD CDD WTR SNW DPTH SPD SPD DIR MIN PSBL S-S WX SPD DR
================================================================================
1 86 68 77 1 0 12 0.04 0.0 0 5.7 16 240 M M 7 13 22 220
2 87 73 80 4 0 15 0.00 0.0 0 5.2 13 330 M M 5 1 17 330
3 90 68 79 3 0 14 0.00 0.0 0 3.6 13 220 M M 1 12 16 220
4 89 71 80 4 0 15 0.06 0.0 0 4.5 20 260 M M 1 13 28 250
5 81 71 76 0 0 11 T 0.0 0 2.7 12 240 M M 4 3 16 230
6 83 71 77 1 0 12 0.69 0.0 0 4.1 12 190 M M 5 13 17 210
7 87 70 79 3 0 14 T 0.0 0 4.5 13 290 M M 1 18 300
8 89 70 80 4 0 15 0.00 0.0 0 5.2 12 220 M M 1 18 180
9 91 74 83 7 0 18 0.00 0.0 0 5.7 14 210 M M 2 17 250
10 85 70 78 2 0 13 0.92 0.0 0 3.9 18 190 M M 7 138 25 220
11 84 69 77 1 0 12 1.01 0.0 0 4.7 13 40 M M 5 1 19 50
12 79 63 71 -5 0 6 0.00 0.0 0 5.1 13 340 M M 3 17 360
13 82 57 70 -6 0 5 0.00 0.0 0 3.3 10 70 M M 1 12 12 70
14 76 64 70 -6 0 5 0.14 0.0 0 4.0 13 90 M M 7 13 17 90
15 80 65 73 -3 0 8 T 0.0 0 4.3 10 20 M M 8 12 15 20
16 80 63 72 -3 0 7 0.00 0.0 0 3.2 10 60 M M 4 12 14 350
17 81 63 72 -3 0 7 0.00 0.0 0 2.4 7 10 M M 6 12 9 320
18 83 61 72 -3 0 7 0.00 0.0 0 1.0 7 50 M M 4 12 11 20
19 87 59 73 -2 0 8 0.00 0.0 0 2.1 8 180 M M 2 12 10 170
20 86 65 76 1 0 11 0.00 0.0 0 4.0 13 170 M M 3 1 16 220
21 83 69 76 1 0 11 0.05 0.0 0 4.7 14 190 M M 5 13 21 240
22 82 66 74 -1 0 9 0.00 0.0 0 4.8 14 340 M M 6 17 320
23 85 61 73 -2 0 8 0.00 0.0 0 1.9 8 230 M M 5 12 12 230
24 86 62 74 0 0 9 0.00 0.0 0 1.5 8 60 M M 4 128 12 50
25 88 63 76 2 0 11 0.00 0.0 0 2.5 10 190 M M 3 12 15 190
26 89 64 77 3 0 12 0.20 0.0 0 3.6 17 360 M M 3 13 26 10
27 85 63 74 0 0 9 0.00 0.0 0 2.4 7 10 M M 5 128 12 80
28 91 63 77 3 0 12 0.00 0.0 0 3.0 10 180 M M 1 12 13 170
29 91 69 80 6 0 15 0.23 0.0 0 5.3 15 170 M M 1 138 25 160
30 82 67 75 1 0 10 0.46 0.0 0 5.0 14 270 M M 5 13 20 260
31 81 61 71 -2 0 6 0.00 0.0 0 2.7 10 340 M M 1 1 14 330
================================================================================
SM 2629 2043 0 327 3.80 0.0 116.6 M 116
================================================================================
AV 84.8 65.9 3.8 FASTST M M 4 MAX(MPH)
MISC ----> 20 260 28 250
================================================================================
NOTES:
# LAST OF SEVERAL OCCURRENCES
COLUMN 17 PEAK WIND IN M.P.H.
PRELIMINARY LOCAL CLIMATOLOGICAL DATA (WS FORM: F-6) , PAGE 2
STATION: HUNTINGTON WV
MONTH: AUGUST
YEAR: 2022
LATITUDE: 38 22 N
LONGITUDE: 82 33 W
[TEMPERATURE DATA] [PRECIPITATION DATA] SYMBOLS USED IN COLUMN 16
AVERAGE MONTHLY: 75.4 TOTAL FOR MONTH: 3.80 1 = FOG OR MIST
DPTR FM NORMAL: 0.2 DPTR FM NORMAL: -0.15 2 = FOG REDUCING VISIBILITY
HIGHEST: 91 ON 29,28 GRTST 24HR 1.91 ON 10-11 TO 1/4 MILE OR LESS
LOWEST: 57 ON 13 3 = THUNDER
SNOW, ICE PELLETS, HAIL 4 = ICE PELLETS
TOTAL MONTH: 0.0 INCH 5 = HAIL
GRTST 24HR 0.0 6 = FREEZING RAIN OR DRIZZLE
GRTST DEPTH: 0 7 = DUSTSTORM OR SANDSTORM:
VSBY 1/2 MILE OR LESS
8 = SMOKE OR HAZE
[NO. OF DAYS WITH] [WEATHER - DAYS WITH] 9 = BLOWING SNOW
X = TORNADO
MAX 32 OR BELOW: 0 0.01 INCH OR MORE: 10
MAX 90 OR ABOVE: 4 0.10 INCH OR MORE: 7
MIN 32 OR BELOW: 0 0.50 INCH OR MORE: 3
MIN 0 OR BELOW: 0 1.00 INCH OR MORE: 1
[HDD (BASE 65) ]
TOTAL THIS MO. 0 CLEAR (SCALE 0-3) 13
DPTR FM NORMAL -1 PTCLDY (SCALE 4-7) 18
TOTAL FM JUL 1 0 CLOUDY (SCALE 8-10) 0
DPTR FM NORMAL 0
[CDD (BASE 65) ]
TOTAL THIS MO. 327
DPTR FM NORMAL 11 [PRESSURE DATA]
TOTAL FM JAN 1 1125 HIGHEST SLP 30.21 ON 6
DPTR FM NORMAL 71 LOWEST SLP 29.86 ON 15
[REMARKS]
#FINAL-08-22#