000
CXUS51 KCAR 010700
CF6HUL
PRELIMINARY LOCAL CLIMATOLOGICAL DATA (WS FORM: F-6)
STATION: HOULTON ME
MONTH: FEBRUARY
YEAR: 2024
LATITUDE: 46 7 N
LONGITUDE: 67 48 W
TEMPERATURE IN F: :PCPN: SNOW: WIND :SUNSHINE: SKY :PK WND
================================================================================
1 2 3 4 5 6A 6B 7 8 9 10 11 12 13 14 15 16 17 18
12Z AVG MX 2MIN
DY MAX MIN AVG DEP HDD CDD WTR SNW DPTH SPD SPD DIR MIN PSBL S-S WX SPD DR
================================================================================
1 32 25 29 17 36 0 0.16 M M 5.8 9 130 M M 10 18 16 190
2 32 22 27 15 38 0 0.03 M M 8.4 17 10 M M 10 18 25 10
3 23 10 17 5 48 0 T M M 12.7 22 360 M M 4 29 350
4 26 3 15 3 50 0 0.00 M M 13.6 23 360 M M 0 34 350
5 27 15 21 9 44 0 T M M 15.3 23 360 M M 8 32 350
6 32 10 21 9 44 0 T M M 7.5 17 360 M M 6 23 360
7 34 4 19 7 46 0 0.00 M M 0.6 6 20 M M 2 12 8 10
8 38 2 20 7 45 0 0.00 M M 0.7 8 20 M M 0 8 10 20
9 39 2 21 8 44 0 0.00 M M 3.7 9 160 M M 3 18 170
10 42 32 37 24 28 0 T M M 5.7 14 200 M M 9 1 23 190
11 43 27 35 22 30 0 T M M 6.8 17 270 M M 6 1 26 260
12 36 22 29 15 36 0 0.00 M M 6.5 15 260 M M 8 22 250
13 28 8 18 4 47 0 0.00 M M 6.0 16 360 M M 0 24 350
14 19 13 16 2 49 0 0.00 M M 11.0 20 300 M M 8 31 300
15 30 4 17 3 48 0 0.00 M M 8.5 20 350 M M 3 31 310
16 26 2 14 -1 51 0 0.00 M M 6.1 18 10 M M 5 26 360
17 24 -1 12 -3 53 0 0.02 M M 4.9 15 280 M M 4 128 26 280
18 23 2 13 -3 52 0 0.00 M M 8.2 18 220 M M 3 26 270
19 23 9 16 0 49 0 0.00 M M 10.2 22 260 M M 4 42 250
20 19 -9 5 -11 60 0 0.00 M M 5.3 14 260 M M 0 21 290
21 30 -12 9 -7 56 0 0.00 M M 5.2 14 220 M M 0 22 170
22 34 20 27 10 38 0 T M M 6.2 13 210 M M 6 23 160
23 35 28 32 15 33 0 0.06 M M 4.1 10 200 M M 10 1 16 180
24 33 8 21 3 44 0 0.00 M M 11.1 21 350 M M 4 1 33 340
25 27 -7 10 -8 55 0 0.00 M M 5.5 13 220 M M 0 19 230
26 36 20 28 10 37 0 T M M 7.0 15 230 M M 6 25 210
27 51 10 31 12 34 0 0.00 M M 7.4 21 200 M M 2 1 31 210
28 50 39 45 26 20 0 0.71 M M 13.2 21 180 M M 10 1 39 180
29 49 4 27 8 38 0 0.22 M M 17.2 30 250 M M 8 189 47 260
================================================================================
SM 941 312 1253 0 1.20 M 224.4 M 139
================================================================================
AV 32.4 10.8 7.7 FASTST M M 5 MAX(MPH)
MISC ----> 30 250 47 260
================================================================================
NOTES:
# LAST OF SEVERAL OCCURRENCES
COLUMN 17 PEAK WIND IN M.P.H.
PRELIMINARY LOCAL CLIMATOLOGICAL DATA (WS FORM: F-6) , PAGE 2
STATION: HOULTON ME
MONTH: FEBRUARY
YEAR: 2024
LATITUDE: 46 7 N
LONGITUDE: 67 48 W
[TEMPERATURE DATA] [PRECIPITATION DATA] SYMBOLS USED IN COLUMN 16
AVERAGE MONTHLY: 21.6 TOTAL FOR MONTH: 1.20 1 = FOG OR MIST
DPTR FM NORMAL: 6.8 DPTR FM NORMAL: -0.75 2 = FOG REDUCING VISIBILITY
HIGHEST: 51 ON 27 GRTST 24HR 0.92 ON 28-29 TO 1/4 MILE OR LESS
LOWEST: -12 ON 21 3 = THUNDER
SNOW, ICE PELLETS, HAIL 4 = ICE PELLETS
TOTAL MONTH: M 5 = HAIL
GRTST 24HR M ON M 6 = FREEZING RAIN OR DRIZZLE
GRTST DEPTH: M ON M 7 = DUSTSTORM OR SANDSTORM:
VSBY 1/2 MILE OR LESS
8 = SMOKE OR HAZE
[NO. OF DAYS WITH] [WEATHER - DAYS WITH] 9 = BLOWING SNOW
X = TORNADO
MAX 32 OR BELOW: 16 0.01 INCH OR MORE: 6
MAX 90 OR ABOVE: 0 0.10 INCH OR MORE: 3
MIN 32 OR BELOW: 28 0.50 INCH OR MORE: 1
MIN 0 OR BELOW: 4 1.00 INCH OR MORE: 0
[HDD (BASE 65) ]
TOTAL THIS MO. 1253 CLEAR (SCALE 0-3) 9
DPTR FM NORMAL -154 PTCLDY (SCALE 4-7) 13
TOTAL FM JUL 1 5600 CLOUDY (SCALE 8-10) 7
DPTR FM NORMAL -901
[CDD (BASE 65) ]
TOTAL THIS MO. 0
DPTR FM NORMAL 0 [PRESSURE DATA]
TOTAL FM JAN 1 0 HIGHEST SLP 30.62 ON 21
DPTR FM NORMAL 0 LOWEST SLP 29.22 ON 29
[REMARKS]
#FINAL-02-24#