000
CXUS51 KCAR 010700
CF6HUL
PRELIMINARY LOCAL CLIMATOLOGICAL DATA (WS FORM: F-6)
STATION: HOULTON ME
MONTH: APRIL
YEAR: 2022
LATITUDE: 46 7 N
LONGITUDE: 67 48 W
TEMPERATURE IN F: :PCPN: SNOW: WIND :SUNSHINE: SKY :PK WND
================================================================================
1 2 3 4 5 6A 6B 7 8 9 10 11 12 13 14 15 16 17 18
12Z AVG MX 2MIN
DY MAX MIN AVG DEP HDD CDD WTR SNW DPTH SPD SPD DIR MIN PSBL S-S WX SPD DR
================================================================================
1 53 36 45 13 20 0 0.40 M M 3.9 15 290 M M 9 12 23 300
2 43 31 37 5 28 0 0.01 M M 12.7 24 310 M M 6 1 37 300
3 46 24 35 2 30 0 0.00 M M 4.7 10 360 M M 2 14 320
4 46 25 36 3 29 0 0.00 M M 10.9 25 360 M M 5 35 360
5 50 20 35 1 30 0 0.00 M M 4.6 16 320 M M 0 23 320
6 52 18 35 1 30 0 0.00 M M 2.5 13 20 M M 0 15 50
7 51 20 36 2 29 0 0.08 M M 5.8 15 140 M M 3 1 20 140
8 41 34 38 3 27 0 0.54 M M 6.4 16 90 M M 10 12 27 100
9 58 29 44 8 21 0 0.12 M M 2.7 14 180 M M 5 12 23 190
10 43 37 40 4 25 0 0.12 M M 4.6 12 320 M M 10 1 18 330
11 55 31 43 7 22 0 0.00 M M 6.5 18 340 M M 4 26 350
12 53 29 41 4 24 0 0.07 M M 2.0 25 300 M M 7 1 36 310
13 57 26 42 5 23 0 0.00 M M 4.3 16 270 M M 3 22 280
14 48 37 43 5 22 0 0.22 M M 3.6 10 100 M M 10 1 14 160
15 57 32 45 7 20 0 0.06 M M 3.6 13 240 M M 8 1 17 210
16 47 33 40 1 25 0 0.32 M M 5.5 15 220 M M 9 1 20 210
17 44 33 39 0 26 0 0.03 M M 6.5 18 280 M M 8 1 26 270
18 53 32 43 3 22 0 0.00 M M 7.7 18 340 M M 1 26 350
19 46 34 40 0 25 0 0.47 M M 10.7 24 110 M M 7 1 36 120
20 45 33 39 -2 26 0 T M M 12.0 28 260 M M 8 38 250
21 52 25 39 -2 26 0 0.05 M M 8.0 18 170 M M 3 28 210
22 52 35 44 2 21 0 T M M 10.5 20 330 M M 8 27 350
23 48 29 39 -3 26 0 0.00 M M 12.2 21 360 M M 1 28 10
24 53 28 41 -2 24 0 0.00 M M 10.3 24 360 M M 0 30 10
25 60 26 43 0 22 0 0.00 M M 4.6 14 100 M M 0 18 90
26 55 41 48 4 17 0 T M M 8.4 16 200 M M 7 24 220
27 51 41 46 2 19 0 0.87 M M 7.6 20 360 M M 10 18 28 360
28 41 32 37 -7 28 0 0.20 M M 16.1 26 360 M M 10 36 340
29 39 33 36 -9 29 0 0.07 M M 14.5 25 360 M M 10 1 32 10
30 49 34 42 -3 23 0 0.01 M M 11.9 24 360 M M 10 1 31 360
================================================================================
SM 1488 918 739 0 3.64 M 225.3 M 174
================================================================================
AV 49.6 30.6 7.5 FASTST M M 6 MAX(MPH)
MISC ----> 28 260 38 250
================================================================================
NOTES:
# LAST OF SEVERAL OCCURRENCES
COLUMN 17 PEAK WIND IN M.P.H.
PRELIMINARY LOCAL CLIMATOLOGICAL DATA (WS FORM: F-6) , PAGE 2
STATION: HOULTON ME
MONTH: APRIL
YEAR: 2022
LATITUDE: 46 7 N
LONGITUDE: 67 48 W
[TEMPERATURE DATA] [PRECIPITATION DATA] SYMBOLS USED IN COLUMN 16
AVERAGE MONTHLY: 40.1 TOTAL FOR MONTH: 3.64 1 = FOG OR MIST
DPTR FM NORMAL: 1.5 DPTR FM NORMAL: 0.70 2 = FOG REDUCING VISIBILITY
HIGHEST: 60 ON 25 GRTST 24HR 0.99 ON 27-28 TO 1/4 MILE OR LESS
LOWEST: 18 ON 6 3 = THUNDER
SNOW, ICE PELLETS, HAIL 4 = ICE PELLETS
TOTAL MONTH: M 5 = HAIL
GRTST 24HR M ON M 6 = FREEZING RAIN OR DRIZZLE
GRTST DEPTH: M ON M 7 = DUSTSTORM OR SANDSTORM:
VSBY 1/2 MILE OR LESS
8 = SMOKE OR HAZE
[NO. OF DAYS WITH] [WEATHER - DAYS WITH] 9 = BLOWING SNOW
X = TORNADO
MAX 32 OR BELOW: 0 0.01 INCH OR MORE: 17
MAX 90 OR ABOVE: 0 0.10 INCH OR MORE: 9
MIN 32 OR BELOW: 17 0.50 INCH OR MORE: 2
MIN 0 OR BELOW: 0 1.00 INCH OR MORE: 0
[HDD (BASE 65) ]
TOTAL THIS MO. 739 CLEAR (SCALE 0-3) 10
DPTR FM NORMAL -53 PTCLDY (SCALE 4-7) 11
TOTAL FM JUL 1 7924 CLOUDY (SCALE 8-10) 9
DPTR FM NORMAL -502
[CDD (BASE 65) ]
TOTAL THIS MO. 0
DPTR FM NORMAL 0 [PRESSURE DATA]
TOTAL FM JAN 1 0 HIGHEST SLP 30.56 ON 21
DPTR FM NORMAL 0 LOWEST SLP 29.27 ON 1
[REMARKS]
#FINAL-04-22#